INSERT INTO `prospects` (`id`, `company_name`, `first_name`, `last_name`, `title`, `address`, `address2`, `city`, `state`, `zip`, `country`, `phone`, `fax`, `email`, `email2`, `website`, `opt_out`) VALUES
(2109, 'Discover Network', 'Michael', 'Cornell', NULL, '2500 Lake Cook Rd', '', 'Riverwoods', 'IL', '60015', 'United States', '847-444-9178', NULL, 'michaelcornell@discover.com', NULL, NULL, 0),
(2110, 'Discover Network', 'Clare', 'Crotty', NULL, '2500 Lake Cook Road', '', 'Riverwoods', 'IL', '60015', 'United States', '847 388-3041', NULL, 'clarecrotty@discover.com', NULL, NULL, 0),
(2111, 'Discover Network', 'Camille', 'Decicco', NULL, '2500 Lake Cook Road', '', 'Riverwoods', 'IL', '60015', 'United States', '847-444-9138', NULL, 'camilledecicco@discover.com', NULL, NULL, 0),
(2112, 'Discover Network', 'Scott', 'DeLuga', NULL, '2500 Lake Cook Road', '', 'Riverwoods', 'IL', '60015', 'United States', '224.405.2018', NULL, 'scottdeluga@discover.com', NULL, NULL, 0),
(2113, 'Discover Network', 'Gigi', 'Fonteneaux', NULL, '2500 Lake Cook Road', '', 'Riverwoods', 'IL', '60015', 'United States', '224 405-5887', NULL, 'gigifonteneaux@discover.com', NULL, NULL, 0),
(2114, 'Discover Network', 'Sandy', 'Joyce', NULL, '2500 Lake Cook Road', '', 'Riverwoods', 'IL', '60015', 'United States', '224-405-4170', NULL, 'sandyjoyce@discover.com', NULL, NULL, 0),
(2115, 'Discover Network', 'Dan', 'Kniola', NULL, '2500 Lake Cook Road', '', 'Riverwoods', 'IL', '60015', 'United States', '224 405-3320', NULL, 'dankniola@discover.com', NULL, NULL, 0),
(2116, 'Discover Network', 'Tony', 'LaChappelle', NULL, '2500 Lake Cook Road', '', 'Riverwoods', 'IL', '60015', 'United States', '224 405-7161', NULL, 'tonylachappelle@discover.com', NULL, NULL, 0),
(2117, 'Discover Network', 'Mary', 'Meents', NULL, '2500 Lake Cook Road', '', 'Riverwoods', 'IL', '60015', 'United States', '224 405-3913', NULL, 'marymeents@discover.com', NULL, NULL, 0),
(2118, 'Discover Network', 'Angela', 'Norviel', NULL, '2500 Lake Cook Road', '', 'Riverwoods', 'IL', '60015', 'United States', '614 853-6166', NULL, 'angelanorviel@discover.com', NULL, NULL, 0),
(2119, 'Discover Network', 'Greg', 'Russ', NULL, '2500 Lake Cook Road', '', 'Riverwoods', 'IL', '60015', 'United States', '224 405-2997', NULL, 'gregruss@discover.com', NULL, NULL, 0),
(2120, 'Discover Network', 'Julie', 'Stull', NULL, '2500 Lake Cook Road', '', 'Riverwoods', 'IL', '60015', 'United States', '224 405-5886', NULL, 'juliestull@discover.com', NULL, NULL, 0),
(2121, 'Discover Network', 'Michael', 'Tieman', NULL, '7220 Sumption Dr', '', 'New Albany', 'OH', '43054', 'United States', '614-283-1288', NULL, 'miketieman@discover.com', NULL, NULL, 0),
(2122, 'Discover Network', 'Gerry', 'Wagner', NULL, '2500 Lake Cook Road', '', 'Riverwoods', 'IL', '60015', 'United States', '224 405-2955', NULL, 'gerrywagner@discover.com', NULL, NULL, 0),
(2123, 'Discoverr', 'Jim', 'Frankenberger', NULL, '2500 Lake Cook Road', 'Rw2 3b', 'Riverwoods', 'IL', '60015', 'United States', '224-405-0900', NULL, 'jimfrankenberger@discover.com', NULL, NULL, 0),
(2124, 'Discoverr', 'Mark', 'Mischke', NULL, '2500 Lake Cook Road', 'Rw2 3B', 'Riverwoods', 'IL', '60015', 'United States', '224-405-0900', NULL, 'markmischke@discover.com', NULL, NULL, 0),
(2125, 'Discoverr', 'Sue', 'Schlatholt', NULL, '2500 Lake Cook Road', 'Rw2 3b', 'Riverwoods', 'IL', '60015', 'United States', '224-405-0900', NULL, 'sueschlatholt@discover.com', NULL, NULL, 0),
(2126, 'Diversified Acquirers Group, LLC', 'Victor', 'Gerber', NULL, '1325 Satellite Blvd ', '1402', 'Suwanee', 'GA', '30024', 'United States', '770-623-4127', NULL, 'victor@diversifiedacquirersgroup.com', NULL, NULL, 0),
(2127, 'Diversified Acquirers Group, LLC', 'Ben', 'Gerber', NULL, '1325 Satellite Blvd ', '1402', 'Suwanee', 'GA', '30024', 'United States', '770-623-4127', NULL, 'ben@diversifiedacquirersgroup.com', NULL, NULL, 0),
(2128, 'Double Diamond Group', 'Todd', 'Ablowitz', NULL, '7741 S Glencoe Ct', '', 'Centennial', 'CO', '80122-3814', 'United States', '303-916-9997', NULL, 'todd@doublediamondgroup.com', NULL, NULL, 0),
(2129, 'Double Diamond Group', 'Coleen', 'Merritt', NULL, '1470 South Quebec Way', '177', 'Denver', 'CO', '80231', 'United States', '303-751-0642', NULL, 'coleen@doublediamondgroup.com', NULL, NULL, 0),
(2130, 'DS Business Resources', 'Deb', 'Laakso', NULL, '1359 Northlawn, Ne', '', 'Grand Rapids', 'MI', '49505', 'United States', '616-813-1756', NULL, 'deb@dsbusinessresources.com', NULL, NULL, 0),
(2131, 'EFX Corporation', 'Bonnie', 'Dalrymple', NULL, '601 Cleveland Street', 'Suite 950', 'Cleveland', 'FL', '33765', 'United States', '610-444-1976', NULL, 'bdalrymple@efxfinancialservices.com', NULL, NULL, 0),
(2132, 'Elavon', 'John ', 'Arango', NULL, '9575 W Higgins Rd', '', 'Rosemont', 'IL', '60018', 'United States', '847-698-5344', NULL, 'john.arango@elavon.com', NULL, NULL, 0),
(2133, 'Elavon', 'Jacqueline', 'Hammer', NULL, '7300 Chapman Hwy', '', 'Knoxville', 'TN', '37920', 'United States', '865-403-8190', NULL, 'jacqueline.hammer@elavon.com', NULL, NULL, 0),
(2134, 'Elavon', 'David ', 'McAlhaney', NULL, '9575 W Higgins Rd', '', 'Rosemont', 'IL', '60018', 'United States', '847-698-5350', NULL, 'david.mcalhaney@elavon.com', NULL, NULL, 0),
(2135, 'Elavon', 'Heidi', 'Rohde', NULL, '9359 E Nichols Ave', '', '9359 E Nichols Ave', 'CO', '80112', 'United States', '(303) 268-4673 ', NULL, 'heidi.rohde@elavon.com', NULL, NULL, 0),
(2136, 'Electronic Data Payment Systems', 'William', 'Treciak', NULL, '1013 Front Ave Sw', '', 'New Philadelphia', 'OH', '44663', 'United States', '3309340632', NULL, 'wtreciak@edpaymentsytems.com', NULL, NULL, 0),
(2137, 'Electronic Merchant Systems', 'Dan', 'Neistadt', NULL, '5005 Rockside Rd', 'Ph100', 'Independence', 'OH', '44131', 'United States', '800-726-2117', NULL, 'dneistadt@emscorporate.com', NULL, NULL, 0),
(2138, 'Electronic Merchant Systems', 'Craig', 'Peterson', NULL, '5005 Rockside Rd', 'Ph100', 'Independence', 'OH', '44131', 'United States', '800-726-2117', NULL, 'cpeterson@emscorporate.com', NULL, NULL, 0),
(2139, 'Electronic Merchant Systems', 'Matt', 'Shepard', NULL, '5005 Rockside Rd', 'Ph100', 'Independence', 'OH', '44131', 'United States', '800-726-2117', NULL, 'dcuster@emscorporate.com', NULL, NULL, 0),
(2140, 'Electronic Verification Systems', 'Jeff', 'Davis', NULL, '2500 Technology Dr', 'Ste 200', 'Louisville', 'KY', '40299', 'United States', '5028141018', NULL, 'jdavis@electronicverificationsystems.com', NULL, NULL, 0),
(2141, 'Electronic Verification Systems', 'Eric', 'Knapp', NULL, '2500 Technology Dr', 'Ste 200', 'Louisville', 'KY', '40299', 'United States', '502-814-1020', NULL, 'eknapp@electronicverificationsystems.com', NULL, NULL, 0),
(2142, 'Elite Merchant Solutions', 'Justin', 'Milmeister ', NULL, '16600 Sherman Way', '205', 'Van Nuys', 'CA', '91406', 'United States', '8185034545', NULL, 'justinm@elitedatacorp.com', NULL, NULL, 0),
(2143, 'EMerchantPay', 'Karl', 'Persaud', NULL, '2499 Glades Road', 'Suite 313', 'Boca Raton', 'FL', '34787', 'United States', '+ 1 888 833 2842', NULL, 'karl@emerchantpay.us', NULL, NULL, 0),
(2144, 'eProcessing Network, LLC', 'Kris', 'Brown', NULL, '1415 North Loop West', '1185', 'Houston', 'TX', '77008', 'United States', '800 296 4810', NULL, 'kbrown@eprocessingnetwork.com', NULL, NULL, 0),
(2145, 'eProcessing Network, LLC', 'Todd', 'Nestor', NULL, '1415 North Loop West', '1185', 'Houston', 'TX', '77008', 'United States', '800 296 4810', NULL, 'tnestor@eprocessingnetwork.com', NULL, NULL, 0),
(2146, 'eProcessing Network, LLC', 'Bruce', 'Shirey', NULL, '1415 North Loop West', '1185', 'Houston', 'TX', '77008', 'United States', '818 292 2088', NULL, 'bshirey@eprocessingnetwork.com', NULL, NULL, 0),
(2147, 'eProcessing Network, LLC', 'Steve', 'Sotis', NULL, '1415 North Loop West', '1185', 'Houston', 'TX', '77008', 'United States', '713 880 0327', NULL, 'ssotis@eprocessingnetwork.com', NULL, NULL, 0),
(2148, 'Equinox Payments', 'Stephanie', 'Deleve', NULL, '8901 E. Raintree Drive', 'Ste 400', 'Scottsdale', 'AZ', '85260', 'United States', '440-465-6886', NULL, 'sdeleve@equinoxpayments.com', NULL, NULL, 0),
(2149, 'Equinox Payments', 'Heather', 'Mlachnik', NULL, 'W192 S8762 Settlement Court', '', 'Muskego', 'WI', '53150', 'United States', '480-772-0372', NULL, 'hmlachnik@equinoxpayments.com', NULL, NULL, 0),
(2150, 'Eureka Payments', 'Ken', 'Musante', NULL, '537 G St, Suite 201', '', 'Eureka', 'CA', '95501', 'United States', '707 476 0573', NULL, 'kenm@eurekapayments.com', NULL, NULL, 0),
(2151, 'Euronet ', 'David', 'Bishop', NULL, '17300 Chenal Parkway', 'Suite 200', 'Little Rock', 'AR', '72223', 'United States', '802-258-2020', NULL, 'dmorgan@eeft.com', NULL, NULL, 0),
(2152, 'Euronet ', 'Tim ', 'Fanning', NULL, '17300 Chenal Parkway', 'Suite 200', 'Little Rock', 'AR', '72223', 'United States', '501-218-7300', NULL, 'tfanning@riafinancial.com', NULL, NULL, 0),
(2153, 'Exadigm', 'Maribel ', 'Davis', NULL, '2871 Pullman St.', '', 'Santa Ana', 'CA', '92705', 'United States', '214-544-9031', NULL, 'maribel@exadigm.com', NULL, NULL, 0),
(2154, 'ExecuTech Lease Group', 'Kyle', 'Moys', NULL, '9120 Ne Vancouver Mall Loop', '150', 'Vancouver', 'WA', '98662', 'United States', '888-574-9178', NULL, 'kylem@elgleasing.com', NULL, NULL, 0),
(2155, 'Ezic, Inc.', 'Kyle', 'Bond', NULL, '175 E. Hawthorn Parkway', '410', 'Vernon Hills', 'IL', '60061', 'United States', '847.327.9870', NULL, 'kyle.bond@ezic.com', NULL, NULL, 0),
(2156, 'Ezic, Inc.', 'Kevin', 'Keadle', NULL, '175 E. Hawthorn Parkway', '410', 'Vernon Hills', 'IL', '60061', 'United States', '847-327-9870', NULL, 'kevin.keadle@ezic.com', NULL, NULL, 0),
(2157, 'Ezic, Inc.', 'Adam', 'Lucas', NULL, '175 E. Hawthorn Parkway', '410', 'Vernon Hills', 'IL', '60061', 'United States', '847.327.9870', NULL, 'adam.lucas@ezic.com', NULL, NULL, 0),
(2158, 'Ezic, Inc.', 'Bridget ', 'Mazzio', NULL, '175 E. Hawthorn Parkway', '410', 'Vernon Hills', 'IL', '60061', 'United States', '847-327-9870', NULL, 'bridget.mazzio@ezic.com', NULL, NULL, 0),
(2159, 'Ezic, Inc.', 'Amy', 'Nolan', NULL, '175 E. Hawthorn Parkway', '410', 'Vernon Hills', 'IL', '60061', 'United States', '847.327.9870', NULL, 'amy.nolan@ezic.com', NULL, NULL, 0),
(2160, 'Ezic, Inc.', 'Lisa', 'Puchalski', NULL, '175 E. Hawthorn Parkway', '410', 'Vernon Hills', 'IL', '60061', 'United States', '847-327-9870', NULL, 'lisa.puchalski@ezic.com', NULL, NULL, 0),
(2161, 'Ezic, Inc.', 'Valerie', 'Salgado', NULL, '175 E. Hawthorn Parkway', '410', 'Vernon Hills', 'IL', '60061', 'United States', '847-327-9870', NULL, 'valerie.salgado@ezic.com', NULL, NULL, 0),
(2162, 'Federal Trade Commission', 'Maggie ', 'Lassack', NULL, '600 Pennsylvania Avenue, Nw', '', 'Washington', 'DC', '20580', 'United States', '202-326-3713', NULL, 'mlassack@ftc.gov', NULL, NULL, 0),
(2163, 'Field Guide Enterprises, LLC', 'Susan', 'Dunn', NULL, '7790 West Shore Drive', '', 'Hartland', 'WI', '53029', 'United States', '262-436-2118', NULL, 'susieb@gofieldguide.com', NULL, NULL, 0),
(2164, 'Field Guide Enterprises, LLC', 'Mark', 'Dunn', NULL, '7790 West Shore Drive', '', 'Hartland', 'WI', '53029', 'United States', '262-966-2215', NULL, 'mark@gofieldguide.com', NULL, NULL, 0),
(2165, 'Field Guide Enterprises, LLC', 'Jason', 'Granger', NULL, '7790 West Shore Drive', '', 'Hartland', 'WI', '53029', 'United States', '920-559-8609', NULL, 'mark@midwestacquirers.com', NULL, NULL, 0),
(2166, 'Financial Services', 'Marsha', 'Lee', NULL, '3524 Wheeler Ave', '', 'Louisville', 'KY', '40215', 'United States', '5029949539', NULL, 'marshamlee1@gmail.com', NULL, NULL, 0),
(2167, 'Financial Transaction Services', 'Doug ', 'Black ', NULL, '2989 Fruitville Road ', '', 'Sarasota ', 'FL ', '34237', 'United States', '9419613471', NULL, 'doug@fts-sales.com', NULL, NULL, 0),
(2168, 'Financial Transaction Services', 'Adam ', 'Palminteri', NULL, '34852 Aspen Lane Court ', '', 'Pine', 'CO', '80470', 'United States', '3039457525', NULL, 'apalm@fts-sales.com', NULL, NULL, 0),
(2169, 'First American Payment Systems', 'Jason', 'Putnam', NULL, '100 Throckmorton', 'Suite 1800', 'Ft Worth', 'TX', '76102', 'United States', '817-317-2605', NULL, 'jason.putnam@first-american.net', NULL, NULL, 0),
(2170, 'First American Payment Systems', 'Cody', 'Yanchak', NULL, '100 Throckmorton', 'Suite 1800', 'Ft Worth', 'TX', '76102', 'United States', '817-317-7213', NULL, 'cody.yanchak@first-american.net', NULL, NULL, 0),
(2171, 'First Data', 'John', 'Barrett', NULL, '2287 S Blue Island Ave', '', 'Chicago', 'IL', '60608', 'United States', '805-378-3931', NULL, 'john.barrett@firstdata.com', NULL, NULL, 0),
(2172, 'First Data', 'Jeffrey', 'Becher', NULL, '6902 Pine Street', '', 'Omaha', 'NE', '68106', 'United States', '402-222-4949', NULL, 'jeff.becher@firstdata.com', NULL, NULL, 0),
(2173, 'First Data', 'Lori', 'Carney', NULL, '6902 Pine Street', '', 'Omaha', 'NE ', '68102', 'United States', '402-650-2681', NULL, 'lori.carney@firstdata.com', NULL, NULL, 0),
(2174, 'First Data', 'Brian', 'Friedman', NULL, 'First Data', '', 'Omaha', 'NE', '12345', 'United States', '402-222-8322', NULL, 'brian.friedman@firstdata.com', NULL, NULL, 0),
(2175, 'First Data', 'Noel', 'Fundora', NULL, '5898 Condor Drive', '', 'Moorpark', 'CA', '93021', 'United States', '805-378-3937', NULL, 'noel.fundora@firstdata.com', NULL, NULL, 0),
(2176, 'First Data', 'Bob', 'Kilgore', NULL, '7000 Goodlett Farms Parkway', '', 'Cordova', 'TN', '38016', 'United States', '9013718148', NULL, 'robert.kilgore@firstdata.com', NULL, NULL, 0),
(2177, 'First Data', 'Brian', 'Kobler', NULL, '5898 Condor Drive', '', 'Moorpark', 'Ca', '93021', 'United States', '805-378-3937', NULL, 'brain.kobler@firstdata.com', NULL, NULL, 0),
(2178, 'First Data', 'Steven', 'Koller', NULL, '6902 Pine Street', 'Ps-11', 'Omaha', 'NE', '68106', 'United States', '402-222-6450', NULL, 'steven.g.koller@firstdata.com', NULL, NULL, 0),
(2179, 'First Data', 'Jim ', 'Maddox', NULL, '12679 Wesley House Cove', '', 'Arlington', 'TN', '38002', 'United States', '901.867.2467', NULL, 'jim.maddox@firstdata.com', NULL, NULL, 0),
(2180, 'First Data', 'Kristin', 'McWilliams', NULL, '8310 E Granada Rd', '', 'Scottsdale', 'AZ', '85257', 'United States', '480-383-9258', NULL, 'kristin.mcwilliams@firstdata.com', NULL, NULL, 0),
(2181, 'First Data', 'Steve', 'Moon', NULL, '5898 Condor Drive', '', 'Moorpark', 'Ca', '93021', 'United States', '805-378-3937', NULL, 'steve.moon@firstdata.com', NULL, NULL, 0),
(2182, 'First Data', 'Martin', 'Sass', NULL, '6902 Pine Street', '', 'Omaha', 'NE', '68106', 'United States', '402-222-7814', NULL, 'marty.sass@firstdata.com', NULL, NULL, 0),
(2183, 'First Data', 'Jeffrey', 'Wahlgren', NULL, '6902 Pine Street', '', 'Omaha', 'NE', '68106', 'United States', '402-222-5753', NULL, 'jeff.wahlgren@firstdata.com', NULL, NULL, 0),
(2184, 'First Data Canada', 'Cheryl-lynn', 'Kelly', NULL, '9 Forrestwood Cresc', '', 'Holland Landing', 'ONT', 'L9N1C7', 'Canada', '647-309-7726', NULL, 'cheryl-lynn.kelly@firstdata.com', NULL, NULL, 0),
(2185, 'First Data Corporation', 'Rick', 'Learch', NULL, '6902 Pine St., PS-11', '', 'Omaha', 'NE', '68106', 'United States', '402-222-7943', NULL, 'rick.learch@firstdata.com', NULL, NULL, 0),
(2186, 'First Data Global Leasing', 'Meredith', 'Lopez-Merlos', NULL, '1307 Walt Whitman Rd', '', 'Melville', 'NY', '11768', 'United States', '631-683-7027', NULL, 'meredith.lopez-merlos@firstdata.com', NULL, NULL, 0),
(2187, 'First Data Global Leasing', 'Dominique ', 'Price', NULL, '1307 Walt Whitman Rd', '', 'Melville', 'NY', '11768', 'United States', '631-683-7027', NULL, 'dominique.price@firstdata.com', NULL, NULL, 0),
(2188, 'First Data Global Leasing', 'Claudia', 'Susinno', NULL, '1307 Walt Whitman Rd', '', 'Melville', 'NY', '60608', 'United States', '631-683-7027', NULL, 'claudia.susinno@firstdata.com', NULL, NULL, 0),
(2189, 'First Merchant Card Services', 'William', 'Sutton', NULL, '3755 E. Main St ', '115', 'St Charles ', 'IL', '60174', 'United States', '866-673-3099', NULL, 'bsutton@firstmcs.com', NULL, NULL, 0),
(2190, 'First Midwest Bank', 'Elizabeth', 'Myers', NULL, '5271 Westview Lane', '', 'Lisle', 'IL', '60532', 'United States', '630-271-9665', NULL, 'liz.myers@firstmidwest.com', NULL, NULL, 0),
(2191, 'First Midwest Bank', 'Debbie', 'Slucki', NULL, '3800 Rock Creek Blvde', '', 'Joliet', 'IL', '60431', 'United States', '8159273167', NULL, 'debbie.slucki@firstmidwest.com', NULL, NULL, 0),
(2192, 'First National Technology Solutions', 'Blaine', 'Ross', NULL, '1620 Dodge Street', '', 'Omaha', 'NE', '51503', 'United States', '402-602-2476', NULL, 'bross@fnts.com', NULL, NULL, 0),
(2193, 'First Pay Capital', 'Vincent', 'Ko', NULL, '1336 70th Street', '', 'Brooklyn', 'NY', '10005', 'United States', '646-739-3635', NULL, 'vincentko@gofirstpay.com', NULL, NULL, 0),
(2194, 'First Pay Capital ', 'Xiuqin', 'Liu', NULL, '50 broad st ', '1701', 'new york', 'NY', '10004', 'United States', '9177752077', NULL, 'joeis_liu@msn.com', NULL, NULL, 0),
(2195, 'Firstpay Capital', 'Susan', 'WANG', NULL, '50 broad st', '1701', 'new york', 'NY', '10004', 'United States', '9178221618', NULL, 'SUSANWANG@GOFIRSTPAY.COM', NULL, NULL, 0),
(2196, 'FrontStream Payments', 'Carlee', 'Hudachko', NULL, '6877 Vista Grande Dr', '', 'Cottonwood Heights', 'UT', '84121', 'United States', '801-455-0887', NULL, 'chudachko@msn.com', NULL, NULL, 0),
(2197, 'FrontStream Payments', 'Shawn', 'Lowry', NULL, '673 Woodland Square Loop', 'Ste. 410', 'Lacey', 'WA', '98503', 'United States', '727-748-1570', NULL, 'shawn.lowry@frontstreampayments.com', NULL, NULL, 0),
(2198, 'FrontStream Payments', 'Michael', 'Micciche', NULL, '673 Woodland Square Loop', 'Ste. 410', 'Lacey', 'WA', '98503', 'United States', '813-235-3811', NULL, 'michael.micciche@frontstreampayments.com', NULL, NULL, 0),
(2199, 'G2 Web Services, LLC', 'Will', 'Arora', NULL, '1750 112th Avenue Ne', 'C101', 'Bellevue', 'WA', '98004', 'United States', '425-749-4040', NULL, 'warora@g2llc.com', NULL, NULL, 0),
(2200, 'GCA', 'Steven', 'O''Connor', NULL, '400 Skokie Blvd', '375', 'Northbrook', 'IL', '60062', 'United States', '2243741510', NULL, 'steve@centerboardusa.com', NULL, NULL, 0),
(2201, 'GCF ', 'Brian', 'Friedrichsen', NULL, '3595 Rider Trail South', '', 'Earth City', 'MO', '63045', 'United States', '928-680-7524', NULL, 'bkfred@aol.com', NULL, NULL, 0),
(2202, 'GCF, Incorporated', 'Sherry', 'Friedrichsen', NULL, '3595 Rider Trail South', '', 'Earth City', 'MO', '63045', 'United States', '314-216-8600', NULL, 'sfriedrichsen@gcfinc.com', NULL, NULL, 0),
(2203, 'GCF, Incorporated', 'John', 'McCormick', NULL, '3595 Rider Trail South', '', 'Earth City', 'MO', '63045', 'United States', '314-216-8600', NULL, 'jmccormick@gcfinc.com', NULL, NULL, 0),
(2204, 'GCF, Incorporated', 'Jim', 'McCormick', NULL, '3595 Rider Trail South', '', 'Earth City', 'MO', '63045', 'United States', '314-602-9832', NULL, 'jimmccormick@gcfinc.com', NULL, NULL, 0),
(2205, 'GCF, Incorporated', 'Gary', 'Payne', NULL, '3595 Rider Trail South', '', 'Earth City', 'MO', '63045', 'United States', '303 253 5201', NULL, 'gpayne@southseasdata.com', NULL, NULL, 0),
(2206, 'GKIC / DanKennedy.com', 'Will', 'Harovas', NULL, '14 Maritone Lane', '', 'Deep River', 'CT', '06417', 'United States', '8605754606', NULL, 'willh@dankennedy.com', NULL, NULL, 0),
(2207, 'Global Electronic Technology', 'Scott', 'Bryson', NULL, '7600 B Capital Of TX Hwy Suite', '', 'Austin', 'TX', '78731', 'United States', '512-730-3030', NULL, 'landre@gettrx.com', NULL, NULL, 0),
(2208, 'Global Electronic Technology', 'Brian', 'Iinuma', NULL, '970 w 190th st', '890', 'torrance', 'Calif', '90502', 'United States', '5127303030', NULL, 'landre@gettrx.com', NULL, NULL, 0),
(2209, 'Global Electronic Technology', 'Alex', 'Tune', NULL, '7600 B Capital Of Tx Hwy Suite', '', 'Austin', 'TX', '78731', 'United States', '512-730-3030', NULL, 'landre@gettrx.com', NULL, NULL, 0),
(2210, 'Global ETelecom Inc.', 'Chris ', 'Brundage', NULL, '73 Eglin Pkwy Ne', '301', 'Fort Walton Beach', 'FL', '32548', 'United States', '850-344-4500', NULL, 'chris@globaletelecom.com', NULL, NULL, 0),
(2211, 'Global ETelecom Inc.', 'Jeff', 'Bryson', NULL, '73 Eglin Pkwy Ne ', '301', 'Fort Walton Beach', 'FL', '32548', 'United States', '850-344-4332', NULL, 'jbryson@globaletelecom.com', NULL, NULL, 0),
(2212, 'Global ETelecom Inc.', 'Hal', 'Hanna', NULL, '73 Eglin Pkwy Ne ', '301', 'Fort Walton Beach', 'FL', '32548', 'United States', '850-344-4500', NULL, 'hhanna@globaletelecom.com', NULL, NULL, 0),
(2213, 'Global ETelecom Inc.', 'Chris ', 'Smith', NULL, '73 Eglin Pkwy Ne ', '301', 'Fort Walton Beach', 'FL', '32548', 'United States', '850-344-4500', NULL, 'csmith@globaletelecom.com', NULL, NULL, 0),
(2214, 'Global Payments', 'Sue ', 'Bargy', NULL, '10 Glenlake Parkway Ne', 'North Tower', 'Atlanta', 'GA', '30328', 'United States', '770-479-4303', NULL, 'sue.bargy@globalpay.com', NULL, NULL, 0),
(2215, 'Global Payments', 'Mike', 'Hord', NULL, '10 Glenlake Parkway Ne', 'North Tower', 'Atlanta', 'GA', '30328', 'United States', '502-429-4512', NULL, 'michael.hord@globalpay.com', NULL, NULL, 0),
(2216, 'Graphite Payments', 'Shawna', 'Carlisi', NULL, '32070 South River Road', '', 'Harrison Township', 'MI', '48045', 'United States', '888-228-1011', NULL, 'shawna@graphitepayments.com', NULL, NULL, 0),
(2217, 'Graphite Payments', 'Sherry', 'Lia', NULL, '32070 South River Road', '', 'Harrison Township', 'MI', '48045', 'United States', '888-228-1011', NULL, 'sherry@graphitepayments.com', NULL, NULL, 0),
(2218, 'Gravity Payments', 'James ', 'Diel', NULL, '325 N. Kirkwood Rd.', '300', 'St. Louis', 'MO', '63122', 'United States', '314-966-8000', NULL, 'jdiel@gravitypayments.com', NULL, NULL, 0),
(2219, 'Gravity Payments', 'Andrew ', 'Snell', NULL, '325 N. Kirkwood Rd.', '300', 'St. Louis', 'MO', '63122', 'United States', '314-966-8000', NULL, 'asnell@gravitypayments.com', NULL, NULL, 0),
(2220, 'Gray Consulting', 'Cliff', 'Gray', NULL, '6527 N Glenwood Ave', '#2', 'Chicago', 'IL', '60626', 'United States', '773-318-0818', NULL, 'cliff.gray@grayconsulting.com', NULL, NULL, 0),
(2221, 'Groupon', 'Sean', 'Harper', NULL, '1240 W Monroe #1', '', 'Chicago', 'IL', '60607', 'United States', '3122183412', NULL, 'sharper@groupon.com', NULL, NULL, 0),
(2222, 'Halock', 'Matt', 'Decker', NULL, '1834 Walden Office Square', 'Suite 200', 'Schaumburg ', 'IL', '60173', 'United States', '847.221.0200', NULL, 'mdecker@halock.com ', NULL, NULL, 0),
(2223, 'Halock', 'Sean', 'Radke ', NULL, '1834 Walden Office Square', 'Suite 200', 'Schaumburg ', 'IL', '60173', 'United States', '847.221.0200', NULL, 'sradke@halock.com ', NULL, NULL, 0),
(2224, 'Harbortouch', 'Brian', 'Fitzgerald', NULL, '2202 N. Irving Street', '', 'Allentown', 'PA', '18109', 'United States', '800.201.0461', NULL, 'bfitzgerald@harbortouch.com', NULL, NULL, 0),
(2225, 'Harley Financial', 'Kirk', 'Nellis', NULL, '3220 E. 67', '', 'Tulsa', 'OK', '74136', 'United States', '877-295-6789', NULL, 'kirk@harleyfinancial.com', NULL, NULL, 0),
(2226, 'Heartland Payment Systems', 'Bob', 'Carr', NULL, 'Heartland Payment System', '', 'Princeton', 'NJ', '10167', 'United States', '609-683-3831', NULL, 'bob.carr@e-hps.com', NULL, NULL, 0),
(2227, 'Heinrich', 'Jeff', 'Davis', NULL, '2228 Blake St. ', '200', 'Denver', 'CO', '80205', 'United States', '303-239-5250', NULL, 'jdavis@heinrich.com', NULL, NULL, 0),
(2228, 'Houlihan Lokey', 'Bruce', 'Urbanek', NULL, '245 Park Avenue', '', 'New York', 'NY', '10167', 'United States', '212-497-7826', NULL, 'burbanek@hl.com', NULL, NULL, 0),
(2229, 'Hybrid POS', 'Donald', 'Baillio', NULL, '2530 Lovetree', '', 'San Antonio', 'TX', '78232', 'United States', '(210) 393-5118', NULL, 'bbaillio@satx.rr.com', NULL, NULL, 0),
(2230, 'Ibc', 'David', 'Press', NULL, '1807 S. Washington Street', '110', 'Naperville', 'IL', '60565', 'United States', '630-721-4100', NULL, 'dhpress1@gmail.com', NULL, NULL, 0),
(2231, 'ICC Solutions Limited', 'Derek', 'Ross', NULL, 'St. James Business Centre', '', 'Warrington', '', 'WA4 6PS', 'United Kingdom', '-630882', NULL, 'info@iccsolutions.com', NULL, NULL, 1),
(2232, 'ICG ', 'Gus', 'Mata', NULL, '4112 Aurora St', '', 'Coral Gables', 'FL', '33146', 'United States', '305-933-9100', NULL, 'info@icgsoftware.us', NULL, NULL, 0),
(2233, 'ICG / HIOPOS', 'Manny', 'Garcia', NULL, '4112 Aurora St', '', 'Coral Gables', 'FL', '33146', 'United States', '305-933-9100', NULL, 'info@icgsoftware.us', NULL, NULL, 0),
(2234, 'ICG / HIOPOS', 'Frank', 'Grabowski', NULL, '4112 Aurora St', '', 'Coral Gables', 'FL', '33146', 'United States', '305-933-9100', NULL, 'fernando@icgsoftware.us', NULL, NULL, 0),
(2235, 'ID TECH', 'Peter', 'Charland', NULL, '5516 Solomans Seal Ct', '', 'Holly Springs', 'NC', '27540', 'United States', '919-208-9126', NULL, 'peterc@idtechproducts.com', NULL, NULL, 0),
(2236, 'Illinicardgirl@yahoo.com', 'Hope', 'Eastin', NULL, '4008 Farmington Dr Unit A', '', 'Champaign', 'IL', '61822', 'United States', '217-369-8484', NULL, 'illinicardgirl@yahoo.com', NULL, NULL, 0),
(2237, 'Impact Payments Recruiting', 'JT', 'Driscoll', NULL, '18325 N. Allied Way ', 'Suite 210', 'Phoenix', 'AZ', '85054', 'United States', '480.609.7444', NULL, 'jt@go-impact.com', NULL, NULL, 0),
(2238, 'Impact Payments Recruiting', 'Marc', 'Keller', NULL, '3348 Canyon Valley Trail ', ' ', 'Plano', 'TX', '75023', 'United States', '214.705.1175', NULL, 'marc@go-impact.com', NULL, NULL, 0),
(2239, 'Impact PaySystem', 'Dee', 'Karawadra', NULL, '1164 Vickery Lane', '200', 'Cordova', 'TN', '38016', 'United States', '901-601-0032', NULL, 'dee@impactpaysystem.com', NULL, NULL, 0),
(2240, 'Impact PaySystem', 'Tommy ', 'Prest', NULL, '1164 Vickery Lane', '200', 'Cordova', 'TN', '38016', 'United States', '901-601-0032', NULL, 'tprest@impactpaysystem.com', NULL, NULL, 0),
(2241, 'IMPS Group', 'Michael', 'Foy', NULL, '806 E 12 Th Ave', '', 'New Smyrna Beach', 'FL.', '32169', 'United States', '9544711475', NULL, 'mikeefoy@aol.com', NULL, NULL, 0),
(2242, 'Ind Agent', 'Joe', 'Zahaitis', NULL, '27w723 Elm Drive', '', 'Northwoods', 'IL', '60185', 'United States', '630-562-9606', NULL, 'joe@uruonline.org', NULL, NULL, 0),
(2243, 'Independant Consultant', 'Eileen', 'Davis', NULL, '3012 Cherry St.', '', 'Stevens Point', 'WI', '54481', 'United States', '715-340-4958', NULL, 'eryan102@msn.com', NULL, NULL, 0),
(2244, 'Industry Consultant', 'Thomas', 'Sheridan', NULL, '14753 Stanford Ct', '', 'Dallas', 'TX', '75254', 'United States', '678-358-8922', NULL, 'tom.sheridan@gmail.com', NULL, NULL, 0),
(2245, 'Ingenico', 'Angie', 'Burnett', NULL, '6195 Shiloh Rd', 'Suite D', 'Alpharetta', 'GA', '30005', 'United States', '678-287-9412', NULL, 'angie.burnett@ingenico.com', NULL, NULL, 0),
(2246, 'Ingenico', 'Pelwasha', 'Faquiryan', NULL, '4800 Westlake Parkway', ' #1709', 'Sacramento', 'CA', '95835', 'United States', '916-833-7809', NULL, 'pelwasha.faquiryan@ingenico.com', NULL, NULL, 0),
(2247, 'Ingenico', 'Alan', 'Forgione', NULL, '6195 Shiloh Road,', ' Suite D', 'Alpharetta', 'GA', '30005', 'United States', '603-490-2729', NULL, 'alan@northeastacquirers.com', NULL, NULL, 0),
(2248, 'Ingenico', 'Judy', 'Foster', NULL, '61a Dune Breeze Lane', '', 'Santa Rosa Beach', 'FL', '32459', 'United States', '770-670-1284', NULL, 'judy.foster@ingenico.com', NULL, NULL, 0),
(2249, 'Ingenico', 'Bernie', 'Frey', NULL, '6195 Shiloh Rd', 'Suite D', 'Alpharetta', 'GA', '30005', 'United States', '978-764-6880', NULL, 'bernie.frey@ingenico.com', NULL, NULL, 0),
(2250, 'Ingenico', 'Rick', 'Giannini', NULL, '77 Strathallan Blvd', '', 'Toronto', 'ONT', 'M5N 1S8', 'Canada', '416-245-6700', NULL, 'richard.giannini@ingenico.com', NULL, NULL, 0),
(2251, 'Ingenico', 'Rod', 'Hometh', NULL, '6195 Shiloh Rd', 'Suite D', 'Alpharetta', 'GA', '30005', 'United States', '678-456-1349', NULL, 'rod.hometh@ingenico.com', NULL, NULL, 0),
(2252, 'Integrity Payment Systems', 'Bill', 'Buchanan', NULL, '1700 Higgins Rd', 'Ste 690', 'Des Plaines', 'IL', '60018', 'United States', '847-720-1116', NULL, 'bbuchanan@integritypaymentsystems.com', NULL, NULL, 0),
(2253, 'Integrity Payment Systems', 'Mike', 'Deleonardis', NULL, '1700 Higgins Rd', 'Suite 690', 'Desplaines', 'IL', '60018', 'United States', '847-627-4840', NULL, 'medleonardis@integritypays.com', NULL, NULL, 0),
(2254, 'Integrity Payment Systems', 'Brandon', 'Geweke', NULL, '1700 Higgins Rd', 'Suite 690', 'Des PLaines', 'IL', '60018', 'United States', '847-720-1100', NULL, 'brandongeweke@gmail.com', NULL, NULL, 0),
(2255, 'Integrity Payment Systems', 'Heidi', 'Gosen', NULL, '1700 Higgins Rd', 'Ste 690', 'Des Plaines', 'IL', '60018', 'United States', '847-720-1146', NULL, 'hgosen@integritypaymentsystems.com', NULL, NULL, 0),
(2256, 'Integrity Payment Systems', 'Tony', 'Morrison', NULL, '1700 Higgins Rd', 'Ste 690', 'Des Plaines', 'IL', '60018', 'United States', '847-720-1102', NULL, 'tmorrison@integritypaymentsystems.com', NULL, NULL, 0),
(2257, 'Integrity Payment Systems', 'Greg', 'Osgood', NULL, '1700 Higgins Rd', 'Ste 690', 'Des Plaines', 'IL', '60018', 'United States', '847-720-1108', NULL, 'gosgood@integritypaymentsystems.com', NULL, NULL, 0),
(2258, 'Integrity Payment Systems', 'Matt', 'Pohl', NULL, '1700 Higgins Rd', 'Ste 690', 'Des Plaines', 'IL', '60018', 'United States', '847-720-1129', NULL, 'mpohl@integritypaymentsystems.com', NULL, NULL, 0),
(2259, 'Integrity Payment Systems', 'Mike ', 'Ponder', NULL, '1700 Higgins Rd', 'Ste 690', 'Des Plaines', 'IL', '60018', 'United States', '847-720-1101', NULL, 'mponder@integritypaymentsystems.com', NULL, NULL, 0),
(2260, 'Integrity Payment Systems', 'Carolyn', 'Ponder', NULL, '1700 Higgins Rd', 'Ste 690', 'Des Plaines', 'IL', '60018', 'United States', '847-720-1103', NULL, 'cponder@integritypaymentsytems.com', NULL, NULL, 0),
(2261, 'Internet Retailer', 'Kevin', 'Woodward', NULL, '125 S. Wacker Drive', 'Suite 2900', 'Chicago', 'IL', '60606', 'United States', '312-362-0075', NULL, 'kevin@verticalwebmedia.com', NULL, NULL, 0),
(2262, 'IRIS', 'Dimitri', 'Akhrin', NULL, '2 Gold Street', '', 'New York', 'NY', '10038', 'United States', '(888) 870-9978', NULL, 'dimitri@transactionreporting.com', NULL, NULL, 0),
(2263, 'IRIS', 'Anthony', 'Robb', NULL, '2 Gold Street', '', 'New York', 'NY', '10038', 'United States', '9173253058', NULL, 'arobb@transactionreporting.com', NULL, NULL, 0),
(2264, 'IRIS', 'Thomas', 'Waters', NULL, '2 Gold Street', '', 'New York', 'NY', '10038', 'United States', '(888) 870-9978', NULL, 'tom@transactionreporting.com', NULL, NULL, 0),
(2265, 'Isis', 'Tony', 'Abruzzio', NULL, '118 Kensington Circle', '', 'Guyton', 'GA', '31312', 'United States', '912.441.7009', NULL, 'tony.abruzzio@paywithisis.com', NULL, NULL, 0),
(2266, 'Isis', 'Mark', 'McKinney', NULL, '10867 Bossier Drive', '', 'Alpharetta', 'GA', '30022', 'United States', '404-915-2789', NULL, 'mark@paywithisis.com', NULL, NULL, 0),
(2267, 'ISO & AGENT', 'Ed ', 'Mckinley', NULL, '550 W. Van Buren St.', 'Ste. 1110', 'Chicago', 'IL', '60607', 'United States', '312-777-1380', NULL, 'edward,mckinley@sourcemedia.com', NULL, NULL, 0),
(2268, 'ISO &Agent Magazine', 'Hope', 'Lerman', NULL, '550 W Van Buren Street', '1110', 'Chicago', 'IL', '60607', 'United States', '312-475-0649', NULL, 'hope.lerman@sourcemedia.com', NULL, NULL, 0),
(2269, 'Jaffe Raitt Heuer & Weiss, PC', 'Holli', 'Targan', NULL, '27777 Franklin Rd.', '2500', 'Southfield', 'MI', '48034', 'United States', '248-351-3000', NULL, 'htargan@jaffelaw.com', NULL, NULL, 0),
(2270, 'JCB International Credit Card', 'Linda', 'Horwath', NULL, '700 S. Flower Street', 'Suite 1000', 'Los Angeles', 'CA', '90017', 'United States', '262-269-6081', NULL, 'linda.horwath@jcbusa.com', NULL, NULL, 0),
(2271, 'JCB International Credit Card', 'Dan', 'Skaling', NULL, '700 S. Flower Street', 'Suite 1000', 'Los Angeles', 'CA', '90017', 'United States', '262-269-6081', NULL, 'linda.horwath@jcbusa.com', NULL, NULL, 0),
(2272, 'JDS PCI Compliance', 'Susie', 'Maxwell', NULL, '2776 S Arlington Mill Drive #238', '238', 'Arlington', 'VA', '22206', 'United States', '7035653400', NULL, 'partners@jdscompliance.com', NULL, NULL, 0),
(2273, 'JDS PCI Compliance', 'Greg', 'Parrott', NULL, '2776 S Arlington Mill Drive #238', '238', 'Arlington', 'VA', '22206', 'United States', '8007469201', NULL, 'itservices@jdscompliance.com', NULL, NULL, 0),
(2274, 'Kabbage, Inc', 'Pete', 'Steger', NULL, '730 Peachtree St.', '350', 'Atlanta', 'GA - ', '30308', 'United States', '8474214343', NULL, 'psteger@kabbage.com', NULL, NULL, 1),
(2275, 'Keep In Touch Systems, Inc.', 'Gahl', 'Oren', NULL, '19c Trolley Square', '', 'Wilmington', 'DE', '19806', 'United States', '510-868-8088', NULL, 'gahl@galoreinc.com', NULL, NULL, 0),
(2276, 'LEPS', 'Ernie ', 'Crews', NULL, '328 Maryland St ', '', 'El Segundo ', 'CA ', '90245', 'United States', '310-322-2164', NULL, 'leps@sbcglobal.net', NULL, NULL, 0),
(2277, 'LEPS', 'Mari', 'Crews', NULL, '328 Maryland St', '', 'El Segundo', 'CA', '90245', 'United States', '310-322-2164', NULL, 'leps@adelphia.net', NULL, NULL, 0),
(2278, 'Linda S Perry Consulting', 'Linda', 'Perry', NULL, '623 Gloucester Lane', '', 'Lansing', 'MI', '12345', 'United States', '510-794-1400', NULL, 'lsperry98@sbcglobal.net', NULL, NULL, 0),
(2279, 'Mariah Technology', 'Bud', 'Willis', NULL, '72 Birch Street', '', 'Park Forest', 'IL', '60466', 'United States', '708.983.9287', NULL, 'bud@mariahtechinc.com', NULL, NULL, 0),
(2280, 'MasterCard Worldwide', 'Oliver', 'Manahan', NULL, '2 Bloor Street West', 'Suite 1400', 'Toronto', 'ON', 'M4W3E2', 'Canada', '416-365-5587', NULL, 'oliver_manahan@mastercard.com', NULL, NULL, 0),
(2281, 'Matrix Payment Systems', 'Mary', 'Ahart', NULL, '2500 West Higgins', '1105', 'Hoffman Estates', 'IL', '60169', 'United States', '847-310-0455', NULL, 'mahart@matrix-ps.com', NULL, NULL, 0),
(2282, 'Matrix Payment Systems', 'Bob', 'Dahlem', NULL, '2500 West Higgins', '1105', 'Hoffman Estates', 'IL', '60169', 'United States', '847-310-0455', NULL, 'rdahlem@matrix-ps.com', NULL, NULL, 0),
(2283, 'Matrix Payment Systems', 'Dean', 'George', NULL, '2500 West Higgins', '1105', 'Hoffman Estates', 'IL', '60169', 'United States', '847-310-0455', NULL, 'dgeorge@matrix-ps.com', NULL, NULL, 0),
(2284, 'Matrix Payment Systems', 'Glenn', 'Hughes', NULL, '2500 West Higgins', '1105', 'Hoffman Estates', 'IL', '60169', 'United States', '847-310-0455', NULL, 'ghughes@matrix-ps.com', NULL, NULL, 0),
(2285, 'Matrix Payment Systems', 'Shara', 'Maxwell', NULL, '2500 West Higgins', '1105', 'Hoffman Estates', 'IL', '60169', 'United States', '847-310-0455', NULL, 'lavenderspell@gmail.com', NULL, NULL, 0),
(2286, 'Matrix Payment Systems', 'Phil ', 'Sabado', NULL, '2500 West Higgins', '1105', 'Hoffman Estates', 'IL', '60169', 'United States', '847-310-0455', NULL, 'PSABADO@MATRIX-PS.COM', NULL, NULL, 0),
(2287, 'Matrix Payment Systems', 'Marlena', 'Vitel', NULL, '2500 West Higgins', '1105', 'Hoffman Estates', 'IL', '60169', 'United States', '847-310-0455', NULL, 'mvitel@matrix-ps.com', NULL, NULL, 0),
(2288, 'Matrix Payment Systems', 'Mike', 'Vogel', NULL, '2500 West Higgins', '1105', 'Hoffman Estates', 'IL', '60169', 'United States', '847-310-0455', NULL, 'mvogel@matrix-ps.com', NULL, NULL, 0),
(2289, 'Max Advance', 'Eric', 'Cavalli', NULL, '3811 Ditmars Blvd', '368', 'Long Island City', 'NY', '11105', 'United States', '347-955-7900', NULL, 'ecavalli@maxadvance.com', NULL, NULL, 0),
(2290, 'Max Advance', 'Ivan', 'Quezada', NULL, '318 West 49th Street', '5re', 'New York', 'NY', '10019', 'United States', '917-816-8757', NULL, 'ivan@maxadvance.com', NULL, NULL, 0),
(2291, 'MB Financial Bank', 'Jeremy', 'Epstein', NULL, '455 W Wellington Avenue', '253', 'Chicago', 'IL', '606587', 'United States', '847-987-0410', NULL, 'jepstein@mbfinancial.com', NULL, NULL, 0),
(2292, 'MBSI', 'John', 'Daniels', NULL, '8 North Washington', 'A', 'Valparaiso', 'IN.', '46383', 'United States', '219-916-1482', NULL, 'jack@mbsi.biz', NULL, NULL, 0),
(2293, 'Me', 'David', 'Oyler', NULL, '274 B 138th St', '', 'Belle Harbor', 'NY', '11694', 'United States', '3022201180', NULL, 'dmo72@hotmail.com', NULL, NULL, 0),
(2294, 'Megaplan IT, LLC', 'Matthew', 'Metoyer', NULL, '12900 Heiden Circle', '#4404', 'Lake Bluff', 'IL', '60044', 'United States', '800-891-1634', NULL, 'mmetoyer@megaplanit.com', NULL, NULL, 0),
(2295, 'Megaplan-IT', 'Justin', 'Sulhoff', NULL, '12900 Heiden Cirlce', '4404', 'Lake Bluff', 'IL', '60044', 'United States', '480-495-3226', NULL, 'fnudo@megaplanit.com', NULL, NULL, 0),
(2296, 'Merchant Advocate', 'Frank', 'Renzo', NULL, '2201 Normandy Rd', '', 'Schererville', 'IN', '46375', 'United States', '2193223020', NULL, 'ozner555@gmail.com', NULL, NULL, 0),
(2297, 'Merchant Cash & Capital', 'Seth', 'Broman', NULL, '450 Park Avenue South ', '11th Floor', 'New York', 'NY', '10016', 'United States', '212-545-3180x 3132', NULL, 'abbyf@merchantcashandcapital.com', NULL, NULL, 0),
(2298, 'Merchant Cash & Capital', 'Michael', 'Caronna', NULL, '450 Park Avenue South ', '11th Floor', 'New York', 'NY', '10016', 'United States', '212-545-3180', NULL, 'abbyf@merchantcashandcapital.com', NULL, NULL, 0),
(2299, 'Merchant Cash Advance', 'Oliver', 'Mupas', NULL, '1921 Northwood', '', 'Troy', 'MI', '48084', 'United States', '(248) 633-1200', NULL, 'omupas@retailcloud.com', NULL, NULL, 0),
(2300, 'Merchant Cash Advance', 'Erik', 'Stamell', NULL, '1921 Northwood', '', 'Troy', 'MI', '48084', 'United States', '(248) 633-1200', NULL, 'estamell@retailcapital.com', NULL, NULL, 0),
(2301, 'Merchant Cash Group', 'Andrew ', 'Roberts', NULL, '5745 SW 75th St', 'Ste 110', 'Gainseville', 'Fl', '32608', 'United States', '866-610-6569', NULL, 'Andrew@merchantcashgroup.com', NULL, NULL, 0),
(2302, 'Merchant Cash Group', 'Jeff', 'Rucker', NULL, '5745 Sw 75th ', 'Ste 110', 'Gainesville', 'Fl', '32608', 'United States', '866-610-6569', NULL, 'jeff@merchantcashgroup.com', NULL, NULL, 0),
(2303, 'Merchant Data Systems', 'Drew', 'Freeman', NULL, '1688 Meridian Avenue', '802', 'Miami Beach', 'FL', '33139', 'United States', '305 538 5050', NULL, 'drew@merchantdatasystems.com', NULL, NULL, 0),
(2304, 'Merchant Enterprises', 'Dan ', 'McGarry', NULL, '3259 N Leavitt St ', '1b', 'Chicago', 'IL', '60618', 'United States', '773-296-0500', NULL, 'dan@merchantenterprises.com', NULL, NULL, 0),
(2305, 'Merchant Enterprises', 'James', 'McGarry', NULL, '3259 N Leavitt St ', '1b', 'Chicago', 'IL', '60618', 'United States', '773-296-0500', NULL, 'jim@merchantenterprises.com', NULL, NULL, 0),
(2306, 'Merchant Enterprises Inc', 'Dan', 'Mcgarry', NULL, '3259 N Leavitt St. 1b', '', 'Chicago', 'IL', '60618', 'United States', '7737447270', NULL, 'dan@merchantenterprises.com', NULL, NULL, 0),
(2307, 'Merchant Enterprises Inc', 'Jim', 'McGarry', NULL, '3259 N Leavitt St. 1b', '', 'Chicago', 'IL', '60618', 'United States', '7732948901', NULL, 'jim@merchantenterprises.com', NULL, NULL, 0),
(2308, 'Merchant Payment Solutions Group', 'Steve', 'Thompson', NULL, '130 Woodview Ct', '', 'Glen Ellyn', 'IL ', '60137', 'United States', '630.926.3313', NULL, 'steve.thompson@mpsgus.com', NULL, NULL, 0),
(2309, 'Merchant Solutions International,Inc', 'Dennis', 'Buxbaum', NULL, '328 E. Lincoln Hwy.', '2b', 'New Lenox', 'IL', '60451', 'United States', '800-485-2630', NULL, 'dennisb@merchantsolution.com', NULL, NULL, 0),
(2310, 'Merchant Solutions International,Inc', 'Peter', 'Concannon', NULL, '3120 Sovereign Dr', '', 'Lansing', 'MI', '48911', 'United States', '517-882-2121', NULL, 'petec@merchantsolution.com', NULL, NULL, 0),
(2311, 'Merchant Tree', 'Shawn', 'Namou', NULL, '690 E. Maple Rd', '250', 'Birmingham', 'MI', '48009', 'United States', '248-388-0997', NULL, 'snamou@merchanttree.com', NULL, NULL, 0),
(2312, 'Merchant Warehouse', 'May', 'Harnpukdipatima', NULL, '1 Federal Street', 'Fl 2', 'Boston', 'MA', '02110', 'United States', '8009416557', NULL, 'mharnpukdipatima@merchantwarehouse.com', NULL, NULL, 0),
(2313, 'MERCHANT WAREHOUSE', 'Henry', 'Helgeson', NULL, '1 Federal St', 'Fl 2', 'Boston', 'MA', '02110', 'United States', '6179393407', NULL, 'mayh@merchantwarehouse.com', NULL, NULL, 0),
(2314, 'MERCHANT WAREHOUSE', 'Zach', 'Sadek', NULL, '1 Federal St', 'Fl 2', 'Boston', 'MA', '02110', 'United States', '6179393407', NULL, 'mayh@merchantwarehouse.com', NULL, NULL, 0),
(2315, 'Merchant Warehouse', 'Doug', 'Small', NULL, '1 Federal Street', 'Fl 2', 'Boston', 'MA', '02110', 'United States', '8009416557', NULL, 'dsmall@merchantwarehouse.com', NULL, NULL, 0),
(2316, 'Merchants Capital Access , LLC', 'John', 'Wiegand', NULL, '525 Broadhollow Rd', '200', 'Melville', 'NY', '11747', 'United States', '631-773-8070', NULL, 'jwiegand@merchantscap.com', NULL, NULL, 0),
(2317, 'Merchants'' Choice Payment Solutions', 'Larry ', 'Jones', NULL, '25231 Grogan?s Mill Road', '6th Floor', 'The Woodlands', 'TX', '77380', 'United States', '281-895-5924', NULL, 'ljones@mcpscorp.com', NULL, NULL, 0),
(2318, 'Merchants'' Choice Payment Solutions', 'Larry ', 'Jones', NULL, '25231 Grogan?s Mill Rd', '6th Floor', 'Woodlands', 'TX', '77380', 'United States', '281.895.5924 ', NULL, 'ljones@mcpscorp.com', NULL, NULL, 0),
(2319, 'Merchants'' Choice Payment Solutions', 'Todd', 'Linden', NULL, '25231 Grogan?s Mill Road', '6th Floor', 'The Woodlands', 'TX', '77380', 'United States', '281-583-4474', NULL, 'tlinden@mcpscorp.com', NULL, NULL, 0),
(2320, 'Merchants'' Choice Payment Solutions', 'Todd', 'Linden', NULL, '25231 Grogan?s Mill Rd', '6th Floor', 'Woodlands', 'TX', '77380', 'United States', '281-583-4442', NULL, 'tlinden@mcpscorp.com', NULL, NULL, 0),
(2321, 'Mercury Payments', 'Eric', 'Askew', NULL, '10 Burnett Court', 'Suite 300', 'Durango', 'CO', '81301', 'United States', '800.846.4472', NULL, 'easkew@mercurypay.com', NULL, NULL, 0),
(2322, 'Mercury Payments', 'Greg', 'Castro', NULL, '10 Burnett Court', 'Suite 300', 'Durango', 'CO', '81301', 'United States', '800-846-4472', NULL, 'gcastro@mercurypay.com', NULL, NULL, 0),
(2323, 'Mercury Payments', 'Katie', 'Fischer', NULL, '10 Burnett Court', 'Suite 300', 'Durango', 'CO', '81301', 'United States', '970-385-3171', NULL, 'kfischer@mercurypay.com', NULL, NULL, 0),
(2324, 'Mercury Payments', 'Elmo', 'Hughes', NULL, '10 Burnett Court', 'Suite 300', 'Durango', 'CO', '81301', 'United States', '800-846-4472', NULL, 'ehughes@mercurypay.com', NULL, NULL, 0),
(2325, 'MeritCard Solutions', 'Claudia', 'Zane', NULL, '311 Cesar Chavez', '', 'Dallas', 'TX', '75201', 'United States', '614-777-1358', NULL, 'claudia@meritcard.com', NULL, NULL, 0),
(2326, 'Merrick Bank', 'Deborah', 'Camm', NULL, '135 Crossways Dr. North', 'Ste A', 'Woodbury', 'NY', '11797', 'United States', '800-267-2256 ex. 2138', NULL, 'deborah.camm@merrickbank.com', NULL, NULL, 0),
(2327, 'Merrick Bank', 'Lisa', 'Kenney', NULL, '135 Crossways Dr. North', 'Ste A', 'Woodbury', 'NY', '11797', 'United States', '800-267-2256 ex. 2132', NULL, 'brian.smith@merrickbank.com', NULL, NULL, 0),
(2328, 'Midax Inc.', 'Scott', 'Abraham', NULL, '1280 Holly Point Road', '', 'Virginia Beach', 'VA', '23454', 'United States', '715-891-2113', NULL, 'scott.a@midax.com', NULL, NULL, 0),
(2329, 'Midland States Bank', 'Stacy', 'Hejdak', NULL, '1201 Network Centre Dr', '', 'Effingham', 'IL', '62401', 'United States', '515-988-4924', NULL, 'shejdak@enablepay.com', NULL, NULL, 0),
(2330, 'Midland States Bank', 'Kyle', 'Johnson', NULL, '1201 Network Centre Dr', '', 'Effingham', 'IL', '62401', 'United States', '217-540-1716', NULL, 'kjohnson@midlandstatesbank.com', NULL, NULL, 0),
(2331, 'Midland States Bank', 'Patrick', 'O''Donnell', NULL, '1120 Forest Ave', '', 'Pacific Grove', 'CA', '93950', 'United States', '831-236-5931', NULL, 'odonnell.pxod@gmail.com', NULL, NULL, 0),
(2332, 'MLS Advocate', 'Phil', 'Hinke', NULL, '6739 W Tonto Dr', '', 'Glendale', 'AZ', '85308', 'United States', '623-340-4596', NULL, 'phil@mlsadvocate.com', NULL, NULL, 0),
(2333, 'MLS Direct Network', 'Bill', 'Knudsen', NULL, '5415 N. Sheridan Road', '#802', 'Chicago', 'IL', '60640', 'United States', '630-918-4704', NULL, 'billwknudsen@gmail.com', NULL, NULL, 0),
(2334, 'MLS Direct Network', 'Mary Kay ', 'Knudsen', NULL, 'Box 124', '', 'Sycamore', 'IL', '60178', 'United States', '630-301-0994', NULL, 'mkayknudsen@yahoo.com', NULL, NULL, 0),
(2335, 'MLS Direct Network, Inc.', 'Andy', 'Pitts', NULL, '1112 Edenton Street', '', 'Birmingham', 'AL', '35242', 'United States', '205-972-0700', NULL, 'andy@mlsdirectnetwork.com', NULL, NULL, 0),
(2336, 'MLS Direct Network, Inc.', 'Gola', 'Pitts', NULL, '1112 Edenton Street', '', 'Birmingham', 'AL', '35242', 'United States', '205-972-0700', NULL, 'gola@mlsdirectnetwork.com', NULL, NULL, 0),
(2337, 'MLSDirect-Orlando', 'Daniel', 'Sherron', NULL, 'PO Box 915017', '', 'Longwood', 'FL', '32791-5017', 'United States', '407-832-2222', NULL, 'daniel@mlsdirect-orlando.com', NULL, NULL, 0),
(2338, 'Moneris', 'Chris', 'Lee', NULL, '150 N, Martingale Rd', 'Ste. 900', 'Schaumburg', 'IL', '60173', 'United States', '847-240-6623', NULL, 'chris.lee@moneris.com', NULL, NULL, 0),
(2339, 'Moneris Solutions', 'Janet', 'Sainbury', NULL, '150 N. Martingale Rd.', '900', 'Schaumburg', 'IL', '60173', 'United States', '847-240-7502', NULL, 'janet.sainsbury@moneris.com', NULL, NULL, 0),
(2340, 'MoneyMaster', 'Teresa', 'Henning', NULL, 'PO Box A3276', '', 'Chicago', 'IL', '60690', 'United States', '773-359-1394', NULL, 'socialprincessnow@gmail.com', NULL, NULL, 0),
(2341, 'MPO Inc', 'John', 'O''malley', NULL, '12416 Anand Brook', '', 'Orland Park', 'IL', '60467', 'United States', '312-259-4176', NULL, 'john@mpoinc.com', NULL, NULL, 0),
(2342, 'MSG Payment Systems', 'Lacey', 'Hanchak', NULL, '13526 Arborview Circle', '', 'Plainfield', 'IL', '60585', 'United States', '6304705263', NULL, 'lacey.hanchak@gmail.com', NULL, NULL, 0),
(2343, 'MSG Payment Systems', 'Paul', 'Huntley', NULL, '3211 162nd Street', '', 'Urbandale', 'IA', '50322', 'United States', '515-556-7460', NULL, 'paulhuntley@membergroup.com', NULL, NULL, 0),
(2344, 'Multos International', 'Michel', 'Chalifoux', NULL, '77 Strathallan Blvd', '', 'Toronto', 'ON', 'M5N1S8', 'Canada', '416-218-8861', NULL, 'mchalifoux@multosinternational.com', NULL, NULL, 0),
(2345, 'MWAA', 'Linda K.', 'White', NULL, '11610 Wetherby Avenue', '', 'Louisville', 'KY', '40243', 'United States', '502-708-2227', NULL, 'lkwhite@insightbb.com', NULL, NULL, 0),
(2346, 'My Clear Reports', 'Josh', 'Allen', NULL, '800 Shames Drive', '', 'Westbury', 'NY', '11590', 'United States', '818-483-6423', NULL, 'josha@myclearreports.com', NULL, NULL, 0),
(2347, 'My Clear Reports', 'David', 'Allen', NULL, '800 Shames Drive', '', 'Westbury', 'NY', '11590', 'United States', '818-483-6422', NULL, 'davida@myclearreports.com', NULL, NULL, 0),
(2348, 'My Clear Reports', 'Jacques', 'Breton', NULL, '800 Shames Drive', '', 'Westbury', 'NY', '11590', 'United States', '855-438-6271', NULL, 'jacques@myclearreports.com', NULL, NULL, 0),
(2349, 'My Clear Reports', 'James', 'Marchese', NULL, '800 Shames Drive', '', 'Westbury', 'NY', '11590', 'United States', '855-438-6271', NULL, 'jim@myclearreports.com', NULL, NULL, 0),
(2350, 'NAMA', 'Carla', 'Balakgie', NULL, '20 North Wacker Street', '3500', 'Chicago', 'IL', '60606', 'United States', '312-346-0370', NULL, 'cbalakgie@vending.org', NULL, NULL, 0),
(2351, 'National Processing Solutions, LLC', 'Lacie', 'Sims', NULL, '333 Oakwood Ave ', '3e', 'Dayton', 'OH', '45409', 'United States', '9374168503', NULL, 'lacie.sims@gonps.com', NULL, NULL, 0),
(2352, 'Nationwide Payment Solutions', 'Natasa', 'Cvijanovic', NULL, '400 Technology Way', '', 'Scarborough', 'ME', '4074', 'United States', '877-290-1975', NULL, 'kledoux@getnationwide.com', NULL, NULL, 0),
(2353, 'Nationwide Payment Solutions', 'Natalia', 'Tango', NULL, '400 Technology Way', '', 'Scarborough', 'ME', '4074', 'United States', '8772901975', NULL, 'kledoux@getnationwide.com', NULL, NULL, 0),
(2354, 'NCMIC', 'Ahmed', 'Ibrahim', NULL, '14001 University Ave', '', 'Clive', 'IA', '50325', 'United States', '515-313-4672', NULL, 'aibrahim@ncmic.com', NULL, NULL, 0),
(2355, 'NCMIC', 'Tracy', 'Schmidt', NULL, '14001 University Ave', '', 'Clive', 'IA', '50325', 'United States', '515-313-4668', NULL, 'tschmidt@ncmic.com', NULL, NULL, 0),
(2356, 'NDC Payment Solutions', 'Niles', 'Crum', NULL, '1121 Game Trail South', '', 'Bourbonnais', 'IL', '60914', 'United States', '630-935-7416', NULL, 'nilescrum@comcast.net', NULL, NULL, 0),
(2357, 'Network Merchants, Inc.', 'Nick', 'Starai', NULL, '201 Main St.', '', 'Roselle', 'IL', '60172', 'United States', '847-352-4850', NULL, 'nick@nmi.com', NULL, NULL, 0),
(2358, 'Network Merchants, Inc.', 'Rich', 'Swiderski', NULL, '201 Main St.', '', 'Roselle', 'IL', '60172', 'United States', '847-352-4850', NULL, 'rich@nmi.com', NULL, NULL, 0),
(2359, 'New Image Point Of Sale', 'Paul', 'Ganci', NULL, '4370 Oakes Road', 'Suite 726', 'Davie', 'FL', '33314', 'United States', '9545816200', NULL, 'paul@newimagepos.com', NULL, NULL, 0),
(2360, 'New Image Point Of Sale', 'Greg', 'Lay', NULL, '207 West Manor Drive', '', 'Chesterfield', 'MO', '63017', 'United States', '314-469-6326', NULL, 'greg@newimagepos.com', NULL, NULL, 0),
(2361, 'Newtek The Small Business Authority', 'Debbie', 'Dominski', NULL, '744 North 4th Street', '500', 'Milwaukee', 'WI', '53203', 'United States', '8002221111', NULL, 'info@info.com', NULL, NULL, 0),
(2362, 'Newtek, The Small Business Authority', 'Derek', 'Depuydt', NULL, '6737 West Washington Street', '3105', 'West Allis', 'WI', '53214', 'United States', '414-831-3944', NULL, 'ddepuydt@thesba.com', NULL, NULL, 0),
(2363, 'Newtek,The Small Business Authority', 'Steve', 'Hauler', NULL, '744 North 4th Street', '500', 'Milwaukee', 'WI', '53203', 'United States', '414-831-3938', NULL, 'shauler@thesba.com', NULL, NULL, 0),
(2364, 'Newtek,The Small Business Authority', 'Peter', 'Kruesel', NULL, '744 North 4th Street', '500', 'Milwaukee', 'WI', '53203', 'United States', '(414) 831-3938', NULL, 'pkruesel@thesba.com', NULL, NULL, 0),
(2365, 'Next Wave Enterprises', 'Tom', 'Nix', NULL, '4500 Biscayne Blvd', '310', 'Miami', 'FL', '33137', 'United States', '786-369-1258', NULL, 'tnix@nextwavehq.com', NULL, NULL, 0),
(2366, 'Next Wave Enterprises', 'Brian', 'Stulman', NULL, '4500 Biscayne Blvd', '310', 'Miami', 'FL', '33137', 'United States', '786-369-1258', NULL, 'bstulman@nextwavehq,com', NULL, NULL, 0);
INSERT INTO `prospects` (`id`, `company_name`, `first_name`, `last_name`, `title`, `address`, `address2`, `city`, `state`, `zip`, `country`, `phone`, `fax`, `email`, `email2`, `website`, `opt_out`) VALUES
(2367, 'North American Bancard', 'Bryan', 'Baby', NULL, '250 Stephenson Hwy', '', 'Troy', 'MI', '48083', 'United States', '248-269-6000', NULL, 'bbaby@nabancard.com', NULL, NULL, 0),
(2368, 'North American Bancard', 'Rita', 'Feldman', NULL, '250 Stephenson Hwy', '', 'Troy', 'MI', '48083', 'United States', '248-269-6000', NULL, 'rfeldman@nabancard.com', NULL, NULL, 0),
(2369, 'Northern Leasing Systems, Inc.', 'Ronald', 'Allen', NULL, '132 W 31st Street', '14th Floor', 'New York', 'NY', '10001', 'United States', '212-239-3500', NULL, 'ronald.allen@northernleasing.com', NULL, NULL, 0),
(2370, 'Northern Leasing Systems, Inc.', 'Richard', 'Hahn', NULL, '132 W 31st Street', '14th Floor', 'New York', 'NY', '10001', 'United States', '212-239-3500-X8500', NULL, 'richard.hahn@northernleasing.com', NULL, NULL, 0),
(2371, 'NPC', 'Dave', 'Berry', NULL, '5100 Interchange Way', '', 'Louisvilled', 'KY', '40229', 'United States', '502-648-1869', NULL, 'dberry@npc.net', NULL, NULL, 0),
(2372, 'NPC', 'JT', 'Dominick', NULL, '5100 Interchange Way', '', 'Louisvilled', 'KY', '40229', 'United States', '615-5430-1554', NULL, 'jdominick@npc.net', NULL, NULL, 0),
(2373, 'NPC', 'Regina', 'Dumas', NULL, '5100 Interchange Way', '', 'Louisville', 'KY', '40229', 'United States', '502-407-8624', NULL, 'regina.dumas@vantiv.com', NULL, NULL, 0),
(2374, 'NPC', 'Kathryn', 'Kaporis', NULL, '8500 Governor''s Hill Drive ', '', 'Cincinnati', 'OH', '45249', 'United States', '(847) 636-9640 ', NULL, 'kathryn.kaporis@vantiv.com', NULL, NULL, 0),
(2375, 'NPC', 'Bryan', 'Wine', NULL, '5100 Interchange Way', '', 'Louisvilled', 'KY', '40229', 'United States', '502-961-5200', NULL, 'bwine@npc.net', NULL, NULL, 0),
(2376, 'OMEGA Processing Solutions', 'Scott ', 'Anderson', NULL, '1538 W. Alexandria Pike', '12', 'Fort Thomas', 'KY', '41075', 'United States', '859-442-8100', NULL, 'scotta@omegap.com', NULL, NULL, 0),
(2377, 'OMEGA Processing Solutions', 'Jeff', 'Campion', NULL, '1543 W. Montana St. ', '3', 'Chicago', 'IL', '60614', 'United States', '773-687-8231', NULL, 'jeffc@omegap.com', NULL, NULL, 0),
(2378, 'OMEGA Processing Solutions', 'Tony ', 'Damico', NULL, '1538 Alexandria Pike', '12', 'Fort Thomas', 'KY', '41075', 'United States', '859-442-8100', NULL, 'tony@omegap.com', NULL, NULL, 0),
(2379, 'OMEGA Processing Solutions', 'Eric', 'Gearding', NULL, '1538 Alexandria Pike ', '12', 'Fort Thomas', 'KY', '41075', 'United States', '859-442-8100', NULL, 'ericg@omegap.com', NULL, NULL, 0),
(2380, 'OMEGA Processing Solutions', 'Ashley', 'Sheeran', NULL, '1543 W. Montana St. ', '3', 'Chicago', 'IL', '60614', 'United States', '773-687-8231', NULL, 'jeffc@omegap.com', NULL, NULL, 0),
(2381, 'OMEGA Processing Solutions, LLC', 'Daena ', 'Sprafka', NULL, '1538 Alexandria Pike', '12', 'Fort Thomas', 'KY', '41075', 'United States', '8594428100', NULL, 'daena@omegap.com', NULL, NULL, 0),
(2382, 'On Deck Capital', 'Jeff', 'Dorfman', NULL, '155 East 56th St', '2nd Floor', 'New York', 'NY', '10022', 'United States', '888-269-4246', NULL, 'jdorfman@ondeckcapital.com', NULL, NULL, 0),
(2383, 'On Deck Capital', 'Evan', 'Rabinowitz', NULL, '155 East 56th Street', '2nd Floor', 'New York', 'NY', '10022', 'United States', '646-405-5944', NULL, 'evan@ondeckcapital.com', NULL, NULL, 0),
(2384, 'One World Solutions', 'Sherry', 'Shipley', NULL, '4281 Honeysuckle Lane', '', 'Zionsville ', 'IN', '46077', 'United States', '3177694106', NULL, 's.ship@tds.net', NULL, NULL, 0),
(2385, 'One World Solutions, Inc', 'Alice', 'Kong', NULL, '3100 Martingale Dr', '', 'Danville', 'CA', '94506', 'United States', '770-335-3409', NULL, 'akong@oneworldsolutions.com', NULL, NULL, 0),
(2386, 'Panoptic Security', 'Spencer', 'Arntsen', NULL, '800 S 400 W', '', 'Salt Lake City', 'UT', '84020', 'United States', '801-208-1105', NULL, 'spencer.artnsen@panopticsecurity.com', NULL, NULL, 0),
(2387, 'Panoptic Security', 'Ky', 'Okerlund', NULL, '800 S 400 W', '', 'Salt Lake City', 'UT', '84020', 'United States', '801-664-3290', NULL, 'ky.okerlund@panopticsecurity.com', NULL, NULL, 0),
(2388, 'Paramount Merchant Funding', 'Gina', 'Mackenzie', NULL, '242 W 36th Street', '', 'New York', 'NY', '10018', 'United States', '646-918-8502', NULL, 'gina.mackenzie@paramountmerchantfunding.com', NULL, NULL, 0),
(2389, 'Pax Technology Inc.', 'Heather', 'Hatch', NULL, '4901 Belfort Road', '130', 'Jacksonville', 'FL', '32256', 'United States', '6312479663', NULL, 'heather.hatch@pax.us', NULL, NULL, 0),
(2390, 'Pax Technology Inc.', 'Dave', 'Rogers', NULL, '4901 Belfort Road', '130', 'Jacksonville', 'FL', '32256', 'United States', '6312479660', NULL, 'dave.rogers@pax.us', NULL, NULL, 0),
(2391, 'Payair US', 'Joseph', 'Candito', NULL, '2626 E Tamiami Tr. ', '2', 'Naples', 'FL', '34112', 'United States', '239-398-8349', NULL, 'joseph.candito@payair.com', NULL, NULL, 0),
(2392, 'Payair US', 'Solon', 'Kandal', NULL, '2626 E Tamiami Tr. ', '2', 'Naples', 'FL', '34112', 'United States', '973-819-5353', NULL, 'solon.kandel@payair.com', NULL, NULL, 0),
(2393, 'PayKoncept Merchant Svcs', 'Abdul', 'Tharoo', NULL, '8108 St Andrew Cir ', '', 'Orlando', 'FL', '32835', 'United States', '407-468-1035', NULL, 'tharooa@gmail.com', NULL, NULL, 0),
(2394, 'PayKoncept Merchant Svcs', 'Ali', 'Tharoo', NULL, '8108 St Andrew Cir ', '', 'Orlando', 'FL', '32835', 'United States', '407-733-3758', NULL, 'tharooa@gmail.com', NULL, NULL, 0),
(2395, 'PayKoncept Merchant Svcs', 'Abdullah', 'Tharoo', NULL, '8108 St Andrew Cir ', '', 'Orlando', 'FL', '32835', 'United States', '407-468-1035', NULL, 'tharooa@gmail.com', NULL, NULL, 0),
(2396, 'PayLeap Payment Gateway', 'Daryn', 'Barney', NULL, '455 W 250 N', '', 'Warsaw', 'IN', '46582', 'United States', '877-472-9532 x107', NULL, 'dbarney@payleap.com', NULL, NULL, 0),
(2397, 'PayLeap Payment Gateway', 'Keith', 'Bernauer', NULL, '455 W 250 N', '', 'Warsaw', 'IN', '46582', 'United States', '872-472-9532  x234', NULL, 'kbernauer@payleap.com', NULL, NULL, 0),
(2398, 'PayLeap Payment Gateway', 'George', 'Fattal', NULL, '455 W 250 N', '', 'Warsaw', 'IN', '46582', 'United States', '877-472-9532 x107', NULL, 'gfattal@payleap.com', NULL, NULL, 0),
(2399, 'PayLeap Payment Gateway', 'Rod', 'Katzfey', NULL, '13004 Ridgemoor Drive', '', 'Prospect', 'KY', '40059', 'United States', '7703307141', NULL, 'rkatzfey@payleap.com', NULL, NULL, 0),
(2400, 'PayLeap Payment Gateway', 'Aaron', 'Mcclone', NULL, '455 W 250 N', '', 'Warsaw', 'IN', '46582', 'United States', '877-472-9532 x108', NULL, 'amcclone@payleap.com', NULL, NULL, 0),
(2401, 'PayLeap Payment Gateway', 'Scott', 'Miller', NULL, '455 W 250 N', '', 'Warsaw', 'IN', '46582', 'United States', '877-472-9532', NULL, 'smiller@payleap.com', NULL, NULL, 0),
(2402, 'PayLeap Payment Gateway', 'Tasia', 'Smith', NULL, '455 W 250 N', '', 'Warsaw', 'IN', '46582', 'United States', '877-472-9532 x113', NULL, 'tsmith@payleap.com', NULL, NULL, 0),
(2403, 'Payment Alliance International', 'Don ', 'Apgar', NULL, '6060 Dutchmans Lane', '320', 'Louisville', 'KY', '40205', 'United States', '866.371.2273', NULL, 'donap@gopai.com', NULL, NULL, 0),
(2404, 'Payment Alliance International', 'Donna', 'Embry', NULL, '6060 Dutchmans Lane', '320', 'Louisville', 'KY', '40205', 'United States', '502-212-4011', NULL, 'donnae@gopai.com', NULL, NULL, 0),
(2405, 'Payment Alliance International', 'John', 'Embry', NULL, '6060 Dutchmans Lane', '320', 'Louisville', 'KY', '40205', 'United States', '866.371.2273', NULL, 'donnae@gopai.com', NULL, NULL, 0),
(2406, 'Payment Revolution', 'Mike', 'Rosenbloom', NULL, '19 W 44th St', '', 'New York', 'NY', '60022', 'United States', '847-833-2521', NULL, 'mrosenbloom@paymentrevolution.com', NULL, NULL, 0),
(2407, 'Payments Law Group', 'Zahara', 'Alarakhia', NULL, '4447 N. Central Expressway', '110-216', 'Dallas', 'TX', '75205', 'United States', '2144603953', NULL, 'zahara@paymentslawgroup.com', NULL, NULL, 0),
(2408, 'PayPros', 'Jean', 'Boling', NULL, '8200 Central Ave', '', 'Newark', 'CA', '94545', 'United States', '510-795-3653', NULL, 'jboling@paypros.com', NULL, NULL, 0),
(2409, 'Payprotec', 'Doug', 'Miller', NULL, '929 E Center St', '', 'Warsaw', 'IN', '46580', 'United States', '800-360-2591', NULL, 'dmiller@payprotec.com', NULL, NULL, 0),
(2410, 'Payprotec', 'Rene', 'Roussel', NULL, '929 E. Center St.', '', 'Warsaw', 'N', '46580', 'United States', '800-360-2591', NULL, 'rcroussel@gmail.com', NULL, NULL, 0),
(2411, 'Payprotec', 'Keith', 'Sampson', NULL, '929 E Center St', '', 'Warsaw', 'IN', '46580', 'United States', '800-360-2591', NULL, 'dmiller@payprotec.com', NULL, NULL, 0),
(2412, 'Paytech Merchant Services', 'Ruth', 'Terenzio', NULL, '1440 W North Ave', '306', 'Melrose Park', 'IL', '60160', 'United States', '708-450-0204', NULL, 'globenetms@sbcglobal.net', NULL, NULL, 0),
(2413, 'Payvision', 'Ed', 'Kelley', NULL, '40 Walker St', '4th Floor', 'New York', 'NY', '10013', 'United States', '615-473-5451', NULL, 'e.kelley@payvision.com', NULL, NULL, 0),
(2414, 'Payvision', 'James ', 'Mouzakiotis', NULL, '264 Bingham Circle', '', 'Mundelein', 'IL', '60060', 'United States', '847-337-4709', NULL, 'j.mouzakiotis@payvision.com', NULL, NULL, 0),
(2415, 'PCI Compliance LLC', 'Brandon', 'Bronson', NULL, '8547 E Arapahoe Rd', 'J 201', 'Greenwood Village', 'CO', '80112', 'United States', '303-228-7796', NULL, 'brandon@pcicompliancellc.com', NULL, NULL, 0),
(2416, 'PCI Compliance LLC', 'David', 'Zordan', NULL, '8547 E Arapahoe Rd', 'J 201', 'Greenwood Village', 'CO', '80112', 'United States', '303-228-7355', NULL, 'david@pcicompliancellc.com', NULL, NULL, 0),
(2417, 'PGG Merchant Svs.', 'Guy', 'Wesson', NULL, '6529 Highcroft Drive', '', 'Naples', 'FL', '34119', 'United States', '239-919-6908', NULL, 'glwphoenix@gmail.com', NULL, NULL, 0),
(2418, 'Planet Group Inc', 'Mary', 'Winingham', NULL, 'W6608 Rickey Lane', '', 'Greenville', 'WI', '54942', 'United States', '920.202.3028', NULL, 'mirrorconsulting@aol.com', NULL, NULL, 0),
(2419, 'Planet Group Inc.', 'Mike', 'Dooley', NULL, '407 North 117th St.', '', 'Omaha', 'NE', '68154', 'United States', '402-964-1991', NULL, 'mdooley@planetgroupinc.com', NULL, NULL, 0),
(2420, 'Planet Group Inc.', 'Trina', 'Hoyt-Laird', NULL, '407 North 117th St.', '', 'Omaha', 'NE', '68154', 'United States', '402-964-1935', NULL, 'thoyt@planetgroupinc.com', NULL, NULL, 0),
(2421, 'Planet Group Inc.', 'Mark', 'Spurgeon', NULL, '407 North 117th St.', '', 'Omaha', 'NE', '68154', 'United States', '402-964-1990', NULL, 'mspurgeon@planetgroupinc.com', NULL, NULL, 0),
(2422, 'Planet Payment', 'Melissa', 'Jones', NULL, '670 Long Beach Blvd.', '', 'Long Beach', 'NY', '11561', 'United States', '800-403-2964', NULL, 'mjones@planetpayment.com', NULL, NULL, 0),
(2423, 'Planet Payment', 'Derek', 'Vowels', NULL, '670 Long Beach Blvd.', '', 'Long Beach', 'NY', '11561', 'United States', '502-295-4551', NULL, 'dvowels@planetpayment.com', NULL, NULL, 0),
(2424, 'PNC Merchant Services', 'Michael', 'Stretti', NULL, '33950 Treeline Ct.', '', 'Grayslake', 'IL', '60030', 'United States', '847-445-7448', NULL, 'michael.stretti@pnc.com', NULL, NULL, 0),
(2425, 'POS Consultants', 'Carmen', 'Gates', NULL, '8943 Manchester Rd', '', 'Brentwood', 'MO', '63144', 'United States', '3147814700', NULL, 'npcstl@aol.com', NULL, NULL, 0),
(2426, 'POS Portal', 'Kevin', 'Kent', NULL, '180 Promenade Circle', 'Suite 215', 'Sacramento', 'CA', '95834', 'United States', '916-993-4280', NULL, 'kkent@posportal.com', NULL, NULL, 0),
(2427, 'POS Portal', 'Evan', 'Manning', NULL, '180 Promenade Circle', 'Suite 215', 'Sacramento', 'CA', '95834', 'United States', '916-993-4296', NULL, 'emanning@posportal.com', NULL, NULL, 0),
(2428, 'POS Portal', 'Ty', 'Perrault', NULL, '180 Promenade Circle', 'Suite 215', 'Sacramento', 'CA', '95834', 'United States', '', NULL, 'tperrault@posportal.com', NULL, NULL, 0),
(2429, 'POS Portal', 'Buzz', 'Stryker', NULL, '180 Promenade Circle', 'Suite 215', 'Sacramento', 'CA', '95834', 'United States', '916-993-4270', NULL, 'bstryker@posportal.com', NULL, NULL, 0),
(2430, 'POS Portal', 'Joe', 'Villamil', NULL, '180 Promenade Circle', 'Suite 215', 'Sacramento', 'CA', '95834', 'United States', '916-993-4205', NULL, 'jvillamil@posportal.com', NULL, NULL, 0),
(2431, 'POSitive Resources, LLC', 'Ken', 'Oros', NULL, '115 Deer Trail Road', 'At Fcr', 'Durango', 'CO', '81301', 'United States', '6034010281', NULL, 'posreskeno@comcast.net', NULL, NULL, 0),
(2432, 'PowerPay', 'Jeff ', 'Akeson', NULL, '320 Cumberland Avenue', '', 'Portland', 'ME', '04101', 'United States', '678-624-1612', NULL, 'jakeson@powerpay.biz', NULL, NULL, 0),
(2433, 'PowerPay', 'Karyn', 'Schumacher', NULL, '320 Cumberland Avenue', '', 'Portland', 'ME', '04101', 'United States', '877-877-3737 x 1696 ', NULL, 'kschumacher@powerpay.biz', NULL, NULL, 0),
(2434, 'Principis Capital', 'Nick', 'Del Deo', NULL, '132 W 31st Street', 'Suite 1304', 'New York', 'NY', '10001', 'United States', '212-560-6320', NULL, 'nick.deldeo@principiscapital.com', NULL, NULL, 0),
(2435, 'Priority Payment Systems', 'Ed ', 'Alba', NULL, '2001 Westside Parkway', 'Suite 155', 'Alpharetta', 'GA', '30004', 'United States', '404-952-2109', NULL, 'ed@pps.io', NULL, NULL, 0),
(2436, 'Priority Payment Systems', 'Monica', 'Garcia', NULL, '2001 Westside Parkway', 'Suite 155', 'Alpharetta', 'GA', '30004', 'United States', '404-952-2109', NULL, 'monica@pps.io', NULL, NULL, 0),
(2437, 'Priority Payment Systems', 'Duayne', 'Haskett', NULL, '2001 Westside Parkway', 'Suite 155', 'Alpharetta', 'GA', '30004', 'United States', '404-952-2109', NULL, 'duayne@pps.io', NULL, NULL, 0),
(2438, 'Processing.com. LLC', 'Jonathan', 'Avganim', NULL, '15303 Ventura Blvd. ', '1050', 'Sherman Oaks', 'CA', '91403', 'United States', '818-401-1888', NULL, 'jon@processing.com', NULL, NULL, 0),
(2439, 'Processing.com. LLC', 'Jonathan', 'Honig', NULL, '15303 Ventura Blvd. ', '1050', 'Sherman Oaks', 'CA', '91403', 'United States', '818-401-1888', NULL, 'j.honig@processing.com', NULL, NULL, 0),
(2440, 'ProMac ', 'Sam ', 'Greenwald', NULL, '115 Broadway ', '300', 'New York ', 'NY', '10006', 'United States', '212.624.6723', NULL, 'sgreenwald@promacfinancing.com', NULL, NULL, 0),
(2441, 'Pss', 'Jeffrey ', 'Swann', NULL, '2 Shaker Road F100', '', 'Shirley', 'MA', '01464', 'United States', '9784253003', NULL, 'sales@pssproducts.com', NULL, NULL, 0),
(2442, 'Pss', 'Joseph', 'Tucker', NULL, '2 Shaker Road F100', '', 'Shirley ', 'MA', '01464', 'United States', '9784253003', NULL, 'sales@pssproducts.com', NULL, NULL, 0),
(2443, 'PTS', 'Marc', 'Beauchamp', NULL, '31 Egan Lake Pl', '', 'The Woodlands', 'TX', '77382', 'United States', '832-642-1049', NULL, 'marcb@surviveandthrive.biz', NULL, NULL, 0),
(2444, 'Pueblo Bank & Trust', 'Elizabeth', 'Bohlen', NULL, '301 W. 5th Street', '', 'Pueblo', 'CO', '81003', 'United States', '719-585-2314', NULL, 'bbohlen@pbandt.com', NULL, NULL, 0),
(2445, 'Quantum', 'William', 'Berry', NULL, '4010 Dupont Circle', '482', 'Louisville', 'KY', '40207', 'United States', '502-296-8465', NULL, 'william@accessquantum.com', NULL, NULL, 0),
(2446, 'Quantum', 'Sundeep', 'Dronawat', NULL, '9709 White Blossom Blvd', '', 'Louisville', 'KY', '40241', 'United States', '502-716-6222', NULL, 'sunny@accessquantum.com', NULL, NULL, 0),
(2447, 'RapidAdvance', 'Timothy', 'Sitzler', NULL, '2200 Columbia Pike', '405', 'Arlington', 'VA', '22204', 'United States', '7034317237', NULL, 'tsitzler@rapidadvance.com', NULL, NULL, 0),
(2448, 'Real Local Page Partners', 'Brad', 'Daniel', NULL, '1700 Sw 53 Avenue', '', 'Plantation', 'FL', '33317', 'United States', '954-332-1790', NULL, 'brad@reallocalpages.com', NULL, NULL, 0),
(2449, 'Real Local Page Partners', 'Michelle', 'Daughtry', NULL, '8751 West Broward Blvd.', '307', 'Plantation', 'FL', '33324', 'United States', '614-264-8284', NULL, 'michelle@reallocalpages.com', NULL, NULL, 0),
(2450, 'Redfin Network', 'Bill', 'Paul', NULL, '1500 W Cypress Creek Rd', '411', 'Fort Lauderdale', 'Fl', '33309', 'United States', '9547691335', NULL, 'bpaul@redfinnet.com', NULL, NULL, 0),
(2451, 'Redfin Network', 'David', 'Rappa', NULL, '1500 W Cypress Creek Rd', '411', 'Fort Lauderdale', 'Fl', '33309', 'United States', '9547691335', NULL, 'drappa@redfinnet.com', NULL, NULL, 0),
(2452, 'Regal Payment Systems', 'Sam', 'Buchbinder', NULL, '1821 Walden Square', '220', 'Schaumburg', 'IL', '60173', 'United States', '847-480-8300', NULL, 'sbuchbinder@abancoinvestments.com', NULL, NULL, 0),
(2453, 'Regal Payment Systems', 'Karen ', 'Whiteley', NULL, '803 S. Garden St', '', 'Columbia', 'TN', '38401', 'United States', '931-560-1366', NULL, 'kwhiteley@regalpayments.com', NULL, NULL, 0),
(2454, 'Reliable Solutions', 'Rich', 'Donohue', NULL, '2601 Network Blvd', '200', 'Frisco', 'TX', '75034', 'United States', '469-252-4144', NULL, 'rich.donohue@centurypayments.com', NULL, NULL, 0),
(2455, 'Reliable Solutions', 'Jessica', 'Schwab', NULL, '2601 Network Blvd', '200', 'Frisco', 'TX', '75034', 'United States', '2149239164', NULL, 'jessica.schwab@centurypayments.com', NULL, NULL, 0),
(2456, 'ReliantPay, Inc', 'Denny', 'Kammer', NULL, '14280 Manchester Rd', '', 'St. Louis', 'MO', '63011', 'United States', '6362207255', NULL, 'dkammer@reliantpay.com', NULL, NULL, 0),
(2457, 'ReliantPay, Inc', 'Tom', 'Mansfield', NULL, '14280 Manchester Rd', '', 'St. Louis', 'MO', '63011', 'United States', '6362207255', NULL, 'TMansfield@ReliantPay.com', NULL, NULL, 0),
(2458, 'RetailCapital', 'Joshua', 'Mitchell', NULL, '1921 Northwood', '', 'Troy', 'MI', '48084', 'United States', '888-664-1444', NULL, 'jmitchell@retailcapital.com', NULL, NULL, 0),
(2459, 'RetailCapital', 'Ryan', 'Rosett', NULL, '1921 Northwood', '', 'Troy', 'MI', '48084', 'United States', '888-664-1444', NULL, 'ryan@retailcapital.com', NULL, NULL, 0),
(2460, 'Retailcloud', 'John', 'Biscevic', NULL, '2702 Clayton Rd.', '#200', 'Concord', 'CA', '94519', 'United States', '415-999-0654', NULL, 'johnb@retailcloud.com', NULL, NULL, 0),
(2461, 'RGS', 'Scott', 'Stangeland', NULL, '3310 West Big Beaver Road', 'Suite 104', 'Troy', 'MI', '48084', 'United States', '202-250-0169', NULL, 'stang@royalgroupservices.com', NULL, NULL, 0),
(2462, 'Rich Consulting', 'Deana', 'Rich', NULL, '16622 Gilmore St', '', 'Lake Balboa', 'CA', '91406', 'United States', '818-787-5837', NULL, 'deanarich@deanarich.com', NULL, NULL, 0),
(2463, 'RingCentral', 'Lisa ', 'Beltran', NULL, '1400 Fashion Island Blvd', '7th Floor', 'San Mateo', 'CA', '94404', 'United States', '650.318.5088', NULL, 'lisa.beltran@ringcentral.com', NULL, NULL, 0),
(2464, 'RingCentral', 'Adam', 'Bir', NULL, '1400 Fashion Island Blvd', '7th Floor ', 'San Mateo', 'CA', '94404', 'United States', '651-829-2944', NULL, 'Adam.Bir@ringcentral.com', NULL, NULL, 0),
(2465, 'RingCentral', 'Jodi', 'Gieg', NULL, '1400 Fashion Island Blvd', '7th Floor ', 'San Mateo', 'CA', '94404', 'United States', '619-308-6915 ', NULL, 'jodi.gieg@ringcentral.com', NULL, NULL, 0),
(2466, 'RLW Enterprises', 'Jim ', 'Sparks', NULL, '23048 Firenze Drive', '', 'Frankfort', 'IL', '60423', 'United States', '630-728-2300', NULL, 'jimsparks2@gmail.com', NULL, NULL, 0),
(2467, 'RLW Enterprises', 'Robert', 'Williams', NULL, '23048 Firenze Drive', '', 'Frankfort', 'IL', '60423', 'United States', '630-234-0302', NULL, 'robertlwilliams12@gmail.com', NULL, NULL, 0),
(2468, 'ROAM Data ', 'Stu', 'Fullerton', NULL, '280 Summer Street', '', 'Boston', 'MA', '2210', 'United States', '857-254-2389', NULL, 'sfullerton@roamdata.com', NULL, NULL, 0),
(2469, 'ROAM Data ', 'Jody', 'Latimer', NULL, '280 Summer Street', '', 'Boston', 'MA', '02210', 'United States', '857-254-2412', NULL, 'jlatimer@roamdata.com', NULL, NULL, 0),
(2470, 'RocketPay', 'Carrie', 'Hometh', NULL, '2 Tilton Street', '', 'Newburyport', 'MA', '01950', 'United States', '978-462-3459', NULL, 'chometh@rocket-pay.com', NULL, NULL, 0),
(2471, 'Sage Payment Solutions', 'Jackie', 'Burke', NULL, '1750 Old Meadow Road', 'Suite 300', 'Mclean', 'VA', '22102', 'United States', '720-379-4383', NULL, 'Jacklyn.Ostler@sage.com', NULL, NULL, 0),
(2472, 'Sage Payment Solutions', 'Sara', 'Egan', NULL, '1750 Old Meadow Road', 'Suite 300', 'Mclean', 'VA', '22102', 'United States', '562-412-5782', NULL, 'sara.egan@sage.com', NULL, NULL, 0),
(2473, 'Sage Payment Solutions', 'Scott ', 'Goldberg', NULL, '1750 Old Meadow Road', 'Suite 300', 'McLean', 'VA', '22102', 'United States', '703-269-9100', NULL, 'scott.Goldberg@sage.com', NULL, NULL, 0),
(2474, 'Sage Payment Solutions', 'Nick', 'Oettinger', NULL, '1750 Old Meadow Road', 'Suite 300', 'Mclean', 'VA', '22102', 'United States', '703-269-9192', NULL, 'nick.oettinger@sage.com', NULL, NULL, 0),
(2475, 'Sage Payment Solutions', 'Steve', 'Palazzo', NULL, '1750 Old Meadow Road', 'Suite 300', 'Mclean', 'VA', '22102', 'United States', '770-337-2215', NULL, 'steve.palazzo@sage.com', NULL, NULL, 0),
(2476, 'Secure Bancard, LLC', 'Dinah', 'Suppes', NULL, '11770 Haynes Bridge Road', 'Ste. 205-279', 'Alpharetta', 'GA', '30009', 'United States', '678-261-8695', NULL, 'dinah.suppes@securebancard.com', NULL, NULL, 0),
(2477, 'Secure Bancard, LLC', 'Daniel ', 'Suppes', NULL, '11770 Haynes Bridge Road', 'Ste. 205-279', 'Alpharetta', 'GA', '30009', 'United States', '888-486-4143', NULL, 'daniel.suppes@securebancard.com', NULL, NULL, 0),
(2478, 'Secure Payment Systems, Inc. ', 'Steve', 'Eazell', NULL, '228 Windsor River Road', '125', 'Windsor', 'CA', '95492', 'United States', '707-836-1980', NULL, 'seazell@securepaymentsystems.com', NULL, NULL, 0),
(2479, 'Secure Payment Systems, Inc. ', 'Dave', 'Ninesling', NULL, '228 Windsor River Road', '125', 'Windsor', 'CA', '95492', 'United States', '7732306359', NULL, 'davenisling@gmail.com', NULL, NULL, 0),
(2480, 'SecureNet Payment Systems', 'Chas', 'Gannon', NULL, '1445 Research Blvd.', '', 'Rockville', 'MD', '20850', 'United States', '224-595-1892', NULL, 'chas.gannon@securenet.com', NULL, NULL, 0),
(2481, 'SecureNet Payment Systems', 'Chase', 'Oelkers', NULL, '1445 Research Blvd.', '', 'Rockville', 'MD', '20850', 'United States', '713-705-4889', NULL, 'chase.oelkers@securenet.com', NULL, NULL, 0),
(2482, 'SecurityMetrics', 'Randy', 'Blosil', NULL, '1275 W 1600 N', '', 'Orem', 'UT', '84057', 'United States', '801-724-9600', NULL, 'randyb@securitymetrics.com', NULL, NULL, 0),
(2483, 'SecurityMetrics', 'Sean', 'Fuery', NULL, '1275 W 1600 N', '', 'Orem', 'UT', '84057', 'United States', '801-724-9600', NULL, 'seanp@securitymetrics.com', NULL, NULL, 0),
(2484, 'SecurityMetrics', 'Peter', 'McChesney', NULL, '1275 W 1600 N', '', 'Orem', 'UT', '84057', 'United States', '801-724-9600', NULL, 'peterm@securitymetrics.com', NULL, NULL, 0),
(2485, 'Select Bankcard', 'Jon', 'Shipley', NULL, '170 S Interstate Plz', '230', 'Lehi', 'UT', '84043', 'United States', '801-331-8607', NULL, 'sales@selectbankcard.com', NULL, NULL, 0),
(2486, 'Signapay', 'Kevin', 'Jones', NULL, '105 Decker Court ', '650', 'Irving', 'TX', '75062', 'United States', '800-944-1399', NULL, 'kevinj@signapay.com', NULL, NULL, 0),
(2487, 'Signapay', 'Andy', 'Meadows', NULL, '105 Decker Court ', '650', 'Irving', 'TX', '75062', 'United States', '800-944-1399', NULL, 'andym@signapay.com', NULL, NULL, 0),
(2488, 'Signature Card Services', 'Aaron', 'Slominski', NULL, '8360 Melrose Ave', 'Floor 3', 'Los Angeles', 'CA', '90069', 'United States', '323-966-0050', NULL, 'aslominski@signaturecard.com', NULL, NULL, 0),
(2489, 'SignMeUp', 'Joe', 'Garza', NULL, '600 Juli Ct ', '', 'Schaumburg ', 'IL ', '60193', 'United States', '7734999370', NULL, 'joe@signmeup.com', NULL, NULL, 0),
(2490, 'Solupay', 'Jayme', 'Moss', NULL, '1900 Enterprise Parkway', 'Suite B', 'Twinsburg', 'OH', '44087', 'United States', '317-287-0315', NULL, 'jmoss@solupay.com', NULL, NULL, 0),
(2491, 'Solupay', 'Joe ', 'Musitano', NULL, '1900 Enterprise Parkway', 'Suite B', 'Twinsburg', 'OH', '44087', 'United States', '2165359016', NULL, 'joe.musitano@solupay.com', NULL, NULL, 0),
(2492, 'Sparkbase', 'Doug', 'Hardman', NULL, 'Sparkbase', '', 'Columbus', 'OH', '12345', 'United States', '216-867-0877', NULL, 'doug@sparkbase.com', NULL, NULL, 0),
(2493, 'Stephens, Inc', 'Brett R.', 'Huff', NULL, '111 Center Street', '', 'Little Rock', 'AR', '72201', 'United States', '501-377-8068', NULL, 'brett.huff@stephens.com', NULL, NULL, 0),
(2494, 'Sterling Payment Technologies', 'Steve', 'Hall', NULL, '1111 N. Westshore Blvd.', 'Suite 500', 'Tampa', 'FL', '33607', 'United States', '813-371-8210', NULL, 'stephanie.scaglione@sterlingpayment.com', NULL, NULL, 0),
(2495, 'Sterling Payment Technologies', 'Kristen', 'Herrick', NULL, '1111 N. Westshore Blvd.', 'Suite 500', 'Tampa', 'FL', '33607', 'United States', '813-371-8294', NULL, 'stephanie.scaglione@sterlingpayment.com', NULL, NULL, 0),
(2496, 'Sterling Payment Technologies', 'Stephen', 'Kane', NULL, '1111 N. Westshore Blvd.', 'Suite 500', 'Tampa', 'FL', '33607', 'United States', '813-371-8205', NULL, 'stephanie.scaglione@sterlingpayment.com', NULL, NULL, 0),
(2497, 'Strategic Funding Source ', 'Jim ', 'D''alesandro ', NULL, '1501 Broadway ', '360', 'New York ', 'NY ', '10036', 'United States', '212-354-1399', NULL, 'dreyes@sfscapital.com', NULL, NULL, 0),
(2498, 'Strategic Funding Source ', 'Kenny', 'Schwartz', NULL, '1501 Broadway ', '360', 'New York ', 'NY ', '10022', 'United States', '212-354-1400', NULL, 'rdash@sfscapital.com', NULL, NULL, 0),
(2499, 'Stream Cash', 'John J.', 'Rice', NULL, '201 Towne Park Circle', 'B-01', 'Louisville', 'KY', '40243', 'United States', '502-716-7268', NULL, 'jrice@streamcashresiduals.com', NULL, NULL, 0),
(2500, 'Super G Funding, LLC', 'Jon', 'Engleking', NULL, '2721 E Coast Hwy', '107', 'Corona Del Mar', 'Ca', '92625', 'United States', '8006312423', NULL, 'jon@supergfunding.com', NULL, NULL, 0),
(2501, 'Super G Funding, LLC', 'Mike ', 'King', NULL, '2721 E Coast Hwy', '107', 'Corona Del Mar', 'CA', '92625', 'United States', '800-631-2423', NULL, 'mike@supergfunding.com', NULL, NULL, 0),
(2502, 'Susquehanna', 'James', 'Friedman', NULL, '140 Broadway', '48th Floor', 'New York', 'NY', '10005', 'United States', '212-514-4739', NULL, 'james.friedman@sig.com', NULL, NULL, 0),
(2503, 'Susquehanna', 'Meghna ', 'Ladha', NULL, '140 Broadway', '48th Floor', 'New York', 'NY', '10005', 'United States', '212-514-4713', NULL, 'meghna.ladha@sig.com', NULL, NULL, 0),
(2504, 'Susquehanna', 'Jay ', 'Warner', NULL, '875 East Wisconsin Avenue', '800', 'Milwaukee', 'MI', '53202', 'United States', '4143908206', NULL, 'jay.warner@artisanpartners.com', NULL, NULL, 0),
(2505, 'Swift Payment Inc.', 'Farzand', 'Ahmed', NULL, '330 Joseph-carrier', '100', 'Vaudreuil-dorion', 'QC', 'J7V5V5', 'Canada', '514-797-1426', NULL, 'farzand@frcsite.com', NULL, NULL, 0),
(2506, 'Swift Payment Inc.', 'Derek', 'Bolf', NULL, '330 Joseph-Carrier', '100', 'Vaudreuil-Dorion', 'QC', 'J7V5V5', 'Canada', '613-864-2633', NULL, 'deredbolf@gmail.com', NULL, NULL, 0),
(2507, 'Switch Commerce', 'Michelle', 'Latham', NULL, '5650 N. Macarthur Blvd ', '650', 'Irving', 'TX', '75038', 'United States', '9725508900', NULL, 'mlatham@switchcommerce.com', NULL, NULL, 0),
(2508, 'Switch Commerce', 'Paul', 'Willingham', NULL, '13370 Sorrento Drive', '', 'Frisco', 'TX', '75035', 'United States', '2143940947', NULL, 'pwillingham@switchcommerce.com', NULL, NULL, 0),
(2509, 'Sync Payments', 'Vance', 'Marshall', NULL, '2117 Mimi Court', '', 'Lexington', 'KY', '40505', 'United States', '502-272-9699', NULL, 'vmarshall@syncpayments.com', NULL, NULL, 0),
(2510, 'Sysnet Global Solutions', 'John', 'Kelleher', NULL, '400 Perimeter Center Terrace N', 'Suite 900', 'Atlanta', 'GA', '30346', 'United States', '1800 986 9350', NULL, 'sales@sysnetglobalsolutions.com', NULL, NULL, 0),
(2511, 'Sysnet Global Solutions', 'Greg', 'Leos', NULL, '400 Perimeter Center Terrace N', 'Suite 900', 'Atlanta', 'GA', '30346', 'United States', '1800 986 9350', NULL, 'sales@sysnetglobalsolutions.com', NULL, NULL, 0),
(2512, 'Sysnet Global Solutions', 'Gabriel', 'Moynagh', NULL, '400 Perimeter Center Terrace N', 'Suite 900', 'Atlanta', 'GA', '30346', 'United States', '1800 986 9350', NULL, 'sales@sysnetglobalsolutions.com', NULL, NULL, 0),
(2513, 'Sysnet Global Solutions', 'Matt ', 'Siegel', NULL, '400 Perimeter Center Terrace N', 'Suite 900', 'Atlanta', 'GA', '30346', 'United States', '1800 986 9350', NULL, 'sales@sysnetglobalsolutions.com', NULL, NULL, 0),
(2514, 'TASQ Technology', 'Vicky', 'Conlee', NULL, '8875 Washington Blvd', '', 'Roseville', 'CA', '95678', 'United States', '800-827-8297 x3003', NULL, 'vconlee@tasq.com', NULL, NULL, 0),
(2515, 'TASQ Technology', 'Dave', 'Cunningham', NULL, '1169 Canton Road', '', 'Marietta', 'GA', '30066', 'United States', '651-264-1220', NULL, 'david.cunningham@tasq.com', NULL, NULL, 0),
(2516, 'TASQ Technology', 'Dan', 'O''Connell', NULL, '1169 Canton Road', '', 'Marietta', 'GA', '30066', 'United States', '631-683-6352', NULL, 'daniel.oconnell@firstdata.com', NULL, NULL, 0),
(2517, 'TD Merchant Services', 'Robert', 'Hayhow', NULL, '77 Strathallan Blvd', '', 'Toronto', 'ONT', 'M5N 1S8', 'Canada', '416-308-3977', NULL, 'robert.hayhow@td.com', NULL, NULL, 0),
(2518, 'Tecmark, Inc.', 'Cathy', 'Harms', NULL, '444 Cedar Street, Suite 1000', '', 'Saint Paul', 'MN', '55101', 'United States', '6516834769', NULL, 'charms@tecmarkloyalty.com', NULL, NULL, 0),
(2519, 'Tecmark, Inc.', 'Erika', 'Stevens', NULL, '444 Cedar Street, Suite 1000', '', 'Saint Paul', 'MN', '55101', 'United States', '6519052842', NULL, 'estevens@tecmarkloyalty.com', NULL, NULL, 0),
(2520, 'TGATE Payments', 'Pat', 'Ward', NULL, '1821 Walden Square', '220', 'Schaumburg', 'IL', '60173', 'United States', '847-227-2323', NULL, 'pward@tgatepayments.com', NULL, NULL, 0),
(2521, 'The ACCEL/Exchange Network', 'David', 'Munno', NULL, '15395 SE 30th Place', 'Ste. 100', 'Bellevue', 'WA', '98007', 'United States', '425-868-7180', NULL, 'David.munno@fiserv.com', NULL, NULL, 0),
(2522, 'The ACCEL/Exchange Network', 'Mark', 'Sterne', NULL, '15395 Se 30th Place', 'Ste 100', 'Bellevue', 'WA', '98007', 'United States', '479-225-0529', NULL, 'mark.sterne@fiserv.com', NULL, NULL, 0),
(2523, 'The Bancorp Bank', 'Matt', 'Carberry', NULL, '409 Silverside Road', '', 'Wilmington', 'DE', '19807', 'United States', '302-385-5082', NULL, 'mcarberry@thebancorp.com', NULL, NULL, 0),
(2524, 'The Bancorp Bank', 'Charles', 'Crawford', NULL, '409 Silverside Road', '', 'Wilmington', 'DE', '19807', 'United States', '302-385-5082', NULL, 'ccrawford@thebancorp.com', NULL, NULL, 0),
(2525, 'The Brennes-Jones Group, Inc.', 'J. Larry', 'Daniels', NULL, '5316 Barkwood Dr', '', 'Lagrange', 'KY', '40031', 'United States', '502-515-3118', NULL, 'larry.daniels@brennes-jones.com', NULL, NULL, 0),
(2526, 'The Green Sheet, Inc.', 'Jim', 'Mccaffrey', NULL, '1160 N. Dutton Avenue', 'Ste. 200', 'Santa Rosa', 'CA', '95404', 'United States', '(707) 284-1693', NULL, 'jim@greensheet.com', NULL, NULL, 0),
(2527, 'The Green Sheet, Inc.', 'Danielle', 'Thorpe', NULL, '1160 N. Dutton Avenue', 'Ste. 200', 'Santa Rosa', 'CA', '95404', 'United States', '(707) 284-1686', NULL, 'danielle@greensheet.com', NULL, NULL, 0),
(2528, 'The Griffith Companies', 'Mark ', 'Griffith', NULL, '2900 Atchison Avenue', '', 'Lawrence', 'KS', '66047', 'United States', '785-979-4873', NULL, 'mark@griffithworld.com ', NULL, NULL, 0),
(2529, 'The Merchant Solutions', 'Armita', 'Amini', NULL, '22801 Ventura Blvd', '300', 'Woodland Hills', 'CA', '91364', 'United States', '888-707-2836', NULL, 'armita@themerchantsolutions.com', NULL, NULL, 0),
(2530, 'The Merchant Solutions', 'Naomi', 'Mastera', NULL, '22801 Ventura Blvd', '300', 'Woodland Hills', 'CA', '91364', 'United States', '888-707-2836', NULL, 'naomi@themerchantsolutions.com', NULL, NULL, 0),
(2531, 'The Phoenix Group', 'Liz', 'Caldwell', NULL, '6705 Keaton Corporate Parkway', '', 'Ofallon', 'MO', '63368', 'United States', '866-559-7627', NULL, 'lcaldwell@phoenixgrouppos.com', NULL, NULL, 0),
(2532, 'The Phoenix Group', 'Greg', 'Manley', NULL, '6705 Keaton Corporate Parkway', '', 'O''Fallon', 'MO', '63368', 'United States', '866-559-7627', NULL, 'wsebastian@phoenixgrouppos.com', NULL, NULL, 0),
(2533, 'The Phoenix Group', 'Wally', 'Sebastian', NULL, '6705 Keaton Corporate Parkway', '', 'Ofallon', 'MO', '63368', 'United States', '866-559-7627', NULL, 'wsebastian@phoenixgrouppos.com', NULL, NULL, 0),
(2534, 'Topcreditcardprocessors.com', 'Joshua', 'Moody', NULL, '101 N. Michigan Street', '', 'Plymouth', 'IN', '46563', 'United States', '(574) 540-2350', NULL, 'jmoody@topcreditcardprocessors.com', NULL, NULL, 0),
(2535, 'Topcreditcardprocessors.com', 'Jeev', 'Trika', NULL, '101 N. Michigan Street', '', 'Plymouth', 'IN', '46563', 'United States', '(574) 936-6380', NULL, 'jtrika@topcreditcardprocessors.com', NULL, NULL, 0),
(2536, 'Touch Networks', 'Denis', 'Calvert', NULL, 'Lvl 16, 380 La Trobe Street', '', 'Melbourne', 'VIC', '3000', 'Australia', '+61 438 260 748', NULL, 'denis.calvert@touchnetworks.com.au', NULL, NULL, 0),
(2537, 'Transaction Choices', 'Anthony ', 'Ribas', NULL, '2167 East Atlantic Blvd ', '#300', 'Pompano Beach', 'FL', '33062', 'United States', '8184834890', NULL, 'anthonyribas@yahoo.com', NULL, NULL, 0),
(2538, 'TranSEND IT, Inc.', 'Amit', 'Chhabra', NULL, '4 Wilderness Run Court', '', 'Mount Laurel', 'NJ', '08054', 'United States', '732-267-4726', NULL, 'asc@transendit.com', NULL, NULL, 0),
(2539, 'TransFirst', 'Brent', 'Barg', NULL, '13830 Wrayburn Rd', '', 'Elm Grove', 'WI', '53122', 'United States', '262-439-8627', NULL, 'bbarg@transfirst.com', NULL, NULL, 0),
(2540, 'TRANSFIRST', 'Susan', 'Fox', NULL, '870 S Kerry Court', '', 'Palatine', 'IL', '60067', 'United States', '8473591366', NULL, 'sfox2transfirst.com', NULL, NULL, 0),
(2541, 'TransFirst', 'Dennis', 'Hamilton', NULL, '12202 Airport Way', '100', 'Broomfield', 'CO', '80021', 'United States', '678-546-9978', NULL, 'dhamilton@transfirst.com', NULL, NULL, 0),
(2542, 'TransFirst', 'Marla', 'Knutson', NULL, '1355 N.E. 31st Street', '', 'Ankeny', 'IA', '50021', 'United States', '3035886739', NULL, 'tbalzano@transfirst.com', NULL, NULL, 0),
(2543, 'TransFirst', 'Dustin', 'Siner', NULL, '12202 Airport Way', 'Suite 100', 'Broomefield ', 'CO', '80021', 'United States', '972-835-3457', NULL, 'dsiner@transfirst.com', NULL, NULL, 0),
(2544, 'TransFirst, LLC', 'Esther', 'Pochron', NULL, '1085 Village Lane', '', 'Gurnee', 'IL', '60031', 'United States', '847-548-2301', NULL, 'epochron@transfirst.com', NULL, NULL, 0),
(2545, 'TransPay Merchant Svcs', 'Jaime', 'Goff', NULL, '484 E. Carmetl Drive', 'Ste 140', 'Carmel', 'IN', '46032', 'United States', '888-566-8826', NULL, 'jgoff@gotranspay.com', NULL, NULL, 0),
(2546, 'Travel Leaders', 'Bob', 'Giese', NULL, 'P.O. Box 425', '', 'Thiensville', 'WI', '53092', 'United States', '414-217-7090', NULL, 'bob@vikingtravel.net', NULL, NULL, 0),
(2547, 'Travel Leaders', 'Tina', 'Smith', NULL, '1229 Monterey St.', '', 'Pittsburgh', 'PA', '15212', 'United States', '412-628-6174', NULL, 'tina@vikingtravel.net', NULL, NULL, 1),
(2548, 'TriSource Solutions', 'Tom', 'Dunn', NULL, '13 Oakman Branch Road', '', 'Hilton Head Island', 'SC', '29928', 'United States', '843-785-9140', NULL, 'tdunn@trisourcesolutions.com', NULL, NULL, 0),
(2549, 'TriSource Solutions', 'Phil', 'Ludwig', NULL, '612 Wheelers Farms Rd', '', 'Milford', 'CT', '06461', 'United States', '877-353-2001 ext.215', NULL, 'pludwig@trisourcesolutions.com', NULL, NULL, 0),
(2550, 'Trustwave', 'Don', 'Bonflio', NULL, '70 West Madison Street', '1050', 'Chicago', 'IL', '60602', 'United States', '312-873-7293', NULL, 'dbonflio@trustwave.com', NULL, NULL, 0),
(2551, 'Trustwave', 'Jeremy', 'Coram', NULL, '70 West Madison Street', '1050', 'Chicago', 'IL', '60602', 'United States', '312-873-7267', NULL, 'jcoram@trustwave.com', NULL, NULL, 0),
(2552, 'Trustwave', 'Chris', 'Reed', NULL, '70 West Madison Street', '1050', 'Chicago', 'IL', '60602', 'United States', '312-288-4888', NULL, 'creed@trustwave.com', NULL, NULL, 0),
(2553, 'Trustwave', 'Derek', 'Schultz', NULL, '70 West Madison Street', '1050', 'Chicago', 'IL', '60602', 'United States', '3128737262', NULL, 'dschultz@trustwave.com', NULL, NULL, 0),
(2554, 'TSI Pay', 'Brian', 'Wasserman', NULL, '1155 S. Semoran Blvd.', '1111', 'Winter Park', 'FL', '32828', 'United States', '407-678-5886', NULL, 'brian.wasserman@tsipay.com', NULL, NULL, 0),
(2555, 'TSYS', 'Regan', 'Coppedge', NULL, 'One Tsys Way', '', 'Columbus', 'GA', '31902', 'United States', '7066441561', NULL, 'rcoppedge@tsys.com', NULL, NULL, 0),
(2556, 'TSYS', 'John', 'Findlater', NULL, 'One Tsys Way', '', 'Columbus', 'GA', '31902', 'United States', '7066495565', NULL, 'jfindlater@tsys.com', NULL, NULL, 0),
(2557, 'TSYS', 'Josh', 'Fochek', NULL, 'One Tsys Way', '', 'Columbus', 'GA', '31902', 'United States', '4025747417', NULL, 'jfochek@tsys.com', NULL, NULL, 0),
(2558, 'TSYS', 'Pat', 'Ford', NULL, 'One Tsys Way', '', 'Columbus', 'GA', '31902', 'United States', '', NULL, 'PatFord@tsys.com', NULL, NULL, 0),
(2559, 'TSYS', 'Bobby', 'Ufer', NULL, 'One Tsys Way', '', 'Columbus', 'GA', '31902', 'United States', '4803337618', NULL, 'rufer@tsys.com', NULL, NULL, 0),
(2560, 'TSYS', 'Jason ', 'Williams', NULL, 'One Tsys Way', '', 'Columbus', 'GA', '31902', 'United States', '7066446299', NULL, 'jawilliams@tsys.com', NULL, NULL, 0),
(2561, 'UnioPay', 'Richard', 'Gabai', NULL, '1 Evertrust Plaza', '302', 'Jersey City', 'NJ', '07302', 'United States', '9178602642', NULL, 'richardgabai@unionpay.com', NULL, NULL, 0),
(2562, 'United Merchant Services', 'Bryan', 'Daughtry', NULL, '255 Route 17 South', '', 'Hackensack ', 'NJ', '07647', 'United States', '201-568-7600', NULL, 'dbryan@upsolution.com', NULL, NULL, 0),
(2563, 'United Merchant Services', 'Bryan', 'Lee', NULL, '255 Route 17 South', '', 'Hackensack ', 'NJ', '076547', 'United States', '201-562-1744', NULL, 'lbryan@unitedmerchant.com', NULL, NULL, 0),
(2564, 'United Merchant Services', 'Valerie', 'Matusiak', NULL, '255 Route 17 South', '', 'Hackensack', 'NJ', '07647', 'United States', '2015687600', NULL, 'accounting@unitedmerchant.com', NULL, NULL, 0),
(2565, 'US Alliance Group', 'Mark', 'Davis', NULL, '27422 Portola Parkway', '110', 'Foothill Ranch', 'CA', '92610', 'United States', '949-888-4408', NULL, 'mark.davis@ecspayments.com', NULL, NULL, 0),
(2566, 'USAePay', 'Martin', 'Drake', NULL, '4929 Wilshire Blvd. ', 'Suite 800', 'Los Angeles', 'CA', '90010', 'United States', '8664900042', NULL, 'martin@usaepay.com', NULL, NULL, 0),
(2567, 'USAePay', 'Ben', 'Goretsky', NULL, '4929 Wilshire Blvd. ', 'Suite 800', 'Los Angeles', 'CA', '90010', 'United States', '3233706601', NULL, 'ben@usaepay.com', NULL, NULL, 0),
(2568, 'USAePay ', 'Angelina', 'Lopez', NULL, '7516 Bradwell Ave ', '', 'Whittier ', 'CA', '90606', 'United States', '8668723729', NULL, 'angelina@usaepay.com', NULL, NULL, 0),
(2569, 'USBusinessSolutions', 'Johnny', 'Chandler', NULL, '221 Lakewood Dr', '', 'Jackson', 'TN', '38305', 'United States', '731-217-3068', NULL, 'johnnychandler@live.coom', NULL, NULL, 0),
(2570, 'Valtegrity Business Solutions', 'Marcus', 'Andrews', NULL, '10106 Winton Park Drive', '', 'San Antonio ', 'TX', '78250', 'United States', '210-884-8944', NULL, 'admin@valueandintegrity.com', NULL, NULL, 0),
(2571, 'Valtegrity Business Solutions', 'Dahlia', 'Andrews', NULL, '10106 Winton Park Drive', '', 'San Antonio ', 'TX', '78250', 'United States', '210-884-8944', NULL, 'admin@valueandintegrity.com', NULL, NULL, 0),
(2572, 'Vantage Point Processing', 'Greg', 'Vanden Hout', NULL, '484 Marian Ave', '', 'Bradley', 'IL', '60915', 'United States', '815-304-6722', NULL, 'greg@vpprocessing.com', NULL, NULL, 0),
(2573, 'Velocity Merchant Services', 'Nancy', 'Jalajel', NULL, '3051 Oak Grove Rd', '', 'Downers Grove ', 'IL', '60515', 'United States', '888-902-6227', NULL, 'nancyj@getvms.com', NULL, NULL, 0),
(2574, 'Velocity Merchant Services', 'Danoush ', 'Khairkhah', NULL, '3051 Oak Grove Rd', '', 'Downers Grove ', 'IL', '60515', 'United States', '888-902-6227', NULL, 'danoushk@getvms.com', NULL, NULL, 0),
(2575, 'Vericheck Inc', 'Zac', 'Ebrams', NULL, '12 A Town Square', '', 'Blairsville', 'GA', '30512', 'United States', '404-872-4585', NULL, 'zace@vericheck.net', NULL, NULL, 0),
(2576, 'Vericheck Inc', 'Ashok', 'Shrestha', NULL, '12 A Town Square', '', 'Blairsville', 'GA', '30512', 'United States', '404-403-0747', NULL, 'ashok@vericheck.net', NULL, NULL, 0),
(2577, 'VeriFone', 'Nancy', 'Austin', NULL, '17 Partrick Lane', '', 'Westport', 'CT', '06880', 'United States', '203-226-1323', NULL, 'nancy_a3@verifone.com', NULL, NULL, 0),
(2578, 'Verifone', 'Lori', 'Breitzke', NULL, '11700 Great Oaks Way', '', 'Alpharetta', 'GA', '30022', 'United States', '678-333-3254', NULL, 'lori_breitzke@verifone.com', NULL, NULL, 0),
(2579, 'VeriFone', 'Rick', 'Caldarella', NULL, '11700 Great Oaks Way', 'Suite 210', 'Alpharetta', 'GA', '30022', 'United States', '770-313-0141', NULL, 'rick_c4@verifone.com', NULL, NULL, 0),
(2580, 'VeriFone', 'Robert', 'Campbell', NULL, '11700 Great Oaks Way', 'Suite 210', 'Alpharetta', 'GA', '30022', 'United States', '480-239-9813', NULL, 'rob_c3@verifone.com', NULL, NULL, 0),
(2581, 'VeriFone', 'Ken', 'Elderts', NULL, '11700 Great Oaks Way', 'Suite 210', 'Alpharetta', 'GA', '30022', 'United States', '951-775-9099', NULL, 'ken_e1@verifone.com', NULL, NULL, 0),
(2582, 'VeriFone', 'Chris ', 'Grantham', NULL, '11700 Greatoaks Way', 'Suite 210', 'Alpharetta', 'GA', '30022', 'United States', '6367512125', NULL, 'chrisg12@verifone.com', NULL, NULL, 0),
(2583, 'VeriFone', 'Tim', 'McWeeney', NULL, '2733 N Power Rd ', '102/ PMB 443', 'Mesa', 'AZ', '85215', 'United States', '6026844304', NULL, 'TimM9@verifone.com', NULL, NULL, 0),
(2584, 'VeriFone', 'Jeff', 'Park', NULL, '11700 Great Oaks Way', 'Suite 210', 'Alpharetta', 'GA', '30022', 'United States', '678-641-5343', NULL, 'jeff_p5@verifone.com', NULL, NULL, 0),
(2585, 'ViaForensics', 'Andrew', 'Hoog', NULL, '1000 Lake Street', 'Suite 203', 'Oak Park', 'IL', '60301', 'United States', '312-878-1100', NULL, 'ahoog@viaforensics.com', NULL, NULL, 0),
(2586, 'ViaForensics', 'Andy', 'Wolkstein', NULL, '1000 Lake Street', '203', 'Oak Park', 'IL', '60301', 'United States', '312-878-1100', NULL, 'awolkstein@viaforensics.com', NULL, NULL, 0),
(2587, 'Visa Canada', 'Shirley', 'Matthew', NULL, '40 King Street West', '', 'Toronto', 'ON', 'M5H 3Y2', 'Canada', '416-860-8846', NULL, 'shmatthe@visa.com', NULL, NULL, 0),
(2588, 'Vision Payment Solutions', 'Eric', 'Hannelius', NULL, '509 Forest Avenue', '', 'Portland', 'ME', '04101', 'United States', '617-877-4464', NULL, 'ehannelius@visionpayments.com', NULL, NULL, 0),
(2589, 'VPromos', 'Don', 'Kissock', NULL, '14540 E. Beltwood Parkway', 'Suite 200', 'Farmers Branch', 'TX', '75244', 'United States', '214-587-2613', NULL, 'dkissock@vpromos.com', NULL, NULL, 0),
(2590, 'Waller Lansden Dortch & Davis', 'Kevin', 'Kidd', NULL, '511 Union Street', '2700', 'Nashville', 'TN', '37927', 'United States', '615-850-8066', NULL, 'kevin.kidd@wallerlaw.com', NULL, NULL, 0),
(2591, 'Waller Lansden Dortch & Davis, LLP', 'Howard', 'Herndon', NULL, '1101 Park Ridge Drive', '', 'Nashville', 'TN', '37215', 'United States', '(615) 665-8610', NULL, 'hwherndon@me.com', NULL, NULL, 0),
(2592, 'Wells Fargo Advisors', 'Art', 'Petrarca', NULL, '7420 College Ave', '', 'Palos Heights', 'IL', '60463', 'United States', '30-244-5368', NULL, 'apet1@aol.com', NULL, NULL, 0),
(2593, 'Wells Fargo Securities', 'Tim', 'Willi', NULL, 'One North Jefferson', 'MAC H0005-08A', 'St. Louis', 'MO', '63103', 'United States', '314-875-2044', NULL, 'timothy.willi@wellsfargo.com', NULL, NULL, 0),
(2594, 'Whitestone Merchant Services', 'Adelso', 'Leonaldo', NULL, '5030 Broadway ', '610', 'New York', 'NY', '10034', 'United States', '3479089520', NULL, 'mts2004@gmail.com', NULL, NULL, 0),
(2595, 'Whitestone Merchant Services', 'Yesenia', 'Perez', NULL, '5030 Broadway ', '610', 'New York', 'NY', '10034', 'United States', '347-908-9520', NULL, 'mts2004@gmail.com', NULL, NULL, 0),
(2596, 'Wimsett & Co.', 'Donna', 'Ayers', NULL, '2815 Joan Ave', '', 'Louisville', 'KY', '40205', 'United States', '502-417-8162', NULL, 'dayers1@insightbb.com', NULL, NULL, 0),
(2597, 'Wind River Financial', 'Dan', 'DeBraal', NULL, '5305 Buttonwood', '', 'Madison', 'WI', '53718', 'United States', '608-442-4228', NULL, 'ddebraal@windriverfinancial.com', NULL, NULL, 0),
(2598, 'Wind River Financial', 'Vicki', 'Ytzen', NULL, '5305 Buttonwood', '', 'Madison', 'WI', '53718', 'United States', '608-441-6753', NULL, 'vytzen@windriverfinancial.com', NULL, NULL, 0),
(2599, 'Www.bccfund.com', 'Daniel', 'Kogan', NULL, '1998 Coney Island Ave', '2 Floor', 'Brooklyn', 'NY', '11223', 'United States', '3472740907', NULL, 'danny@bccfund.com', NULL, NULL, 0),
(2600, 'XCEL Payment Systems', 'Lorna', 'Alexander', NULL, '19785 W. 12 Mile Road', '431', 'Southfield', 'MI', '48076', 'United States', '248-952-8805', NULL, 'lornaalexander@xcelps.com', NULL, NULL, 0),
(2601, 'XCEL Payment Systems', 'Susan', 'Armitage', NULL, '19785 W. 12 Mile Road', '431', 'Southfield', 'MI', '48076', 'United States', '842-952-8805', NULL, 'sarmitage@xcelps.com', NULL, NULL, 0),
(2602, 'XCEL Payment Systems', 'Scott', 'Morley', NULL, '19785 W. 12 Mile Road', '431', 'Southfield', 'MI', '48076', 'United States', '248-952-8805', NULL, 'scott@xcelps.com', NULL, NULL, 0),
(2603, 'XCEL Payment Systems', 'Gary', 'Valentine', NULL, '19785 W. 12 Mile Road', '431', 'Southfield', 'MI', '48076', 'United States', '248-952-8805', NULL, 'gary@xcelps.com', NULL, NULL, 0),
(2604, 'Y2Payment Systems, Inc', 'Ronald', 'Viemont', NULL, '810 W Chalon Place', '', 'Peoria', 'IL', '61614', 'United States', '309-693-1850', NULL, 'rviemont@y2payments.com', NULL, NULL, 0);

-- --------------------------------------------------------

--
-- Table structure for table `quirks`
--

CREATE TABLE IF NOT EXISTS `quirks` (
  `campaign_id` int(8) NOT NULL,
  `body` text NOT NULL,
  `update_id` int(8) NOT NULL,
  `update_date` int(11) NOT NULL,
  PRIMARY KEY (`campaign_id`)
) ENGINE=MyISAM  DEFAULT CHARSET=latin1;

--
-- Dumping data for table `quirks`
--

INSERT INTO `quirks` (`campaign_id`, `body`, `update_id`, `update_date`) VALUES
(1, '', 3, 1335998630),
(2, 'No other ISO to appear before them', 3, 1335998613),
(28, 'White Mask Double Truck', 3, 1335998796),
(27, 'Full page ad to appear the page before the white mask doubletruck', 3, 1335998836),
(139, 'This Full page comes after the existing full page to make a double truck ad', 3, 1335999114),
(162, 'Appears in Selling Prepaid section', 3, 1337637533),
(164, 'Place as far forward as possible', 3, 1336002801),
(171, 'First ad in series', 3, 1336068155),
(172, 'second ad in series', 3, 1336068178),
(173, 'Third ad in series', 3, 1336068195),
(176, 'One off makegood', 3, 1336072273),
(190, 'Front Half of the Book', 3, 1336408342),
(30, 'Does not want to be in Resource Guide Section', 3, 1336597494),
(159, 'Complained about being in the back of the magazine', 3, 1336597540),
(151, 'Must be separate from TransGlobal Payment Systems', 3, 1336597601),
(166, 'Must be separated from MyPCI Network', 3, 1336597645),
(192, 'Front half of the book - Spectra Payments', 3, 1340209722),
(0, '', 29130, 1451347967),
(313, 'Canadian Processor - Do not place opposite Pivotal Payments', 3, 1337617975),
(189, 'Reliable Solutions', 3, 1337293247),
(316, 'Transparent Pay', 3, 1337293432),
(35, 'Guaranteed First Half of the Book', 3, 1337617302),
(150, 'Guaranteed Right Hand Read', 3, 1337617824),
(42, 'Front Half of the Book', 3, 1337618291),
(179, 'first half of book, right-hand read - NPC (a Vantiv Company)', 29130, 1343319260),
(170, 'first half of book, right-hand read', 3, 1337637188),
(297, 'first half of book, right-hand read', 3, 1337637263),
(298, 'First quarter page of three total consecutive right hand turns', 1746, 1339519996),
(299, 'Second quarter page of three total consecutive right hand reads', 1746, 1339519996),
(300, 'Three of three quarter pages consecutive right hand reads', 1746, 1339519996),
(40, 'cannot appear in Resource Guide', 3, 1337637389),
(59, 'White Mask', 29130, 1337704162),
(31, 'Reliable', 3, 1337795830),
(343, 'placement right hand read', 29130, 1340211033),
(426, 'Additional Full Page to be combined with current Full Page to make a Double Truck for only one issue 12:07:01', 29130, 1340041392),
(447, 'MyPCI Network Ad - Must be separated from TransGlobal Ad', 3, 1340056092),
(446, 'TransGlobal Ad - Must be separated from MyPCI Network Ad', 3, 1340055956),
(228, 'company''s ads can only face editorial', 29130, 1340132421),
(229, 'company''s ads can only face editorial', 29130, 1340132428),
(486, 'Place as far forward as possible', 3, 1344978201),
(544, 'This full page ad is added to current full page ad to create a double-truck', 3, 1343681875),
(548, '', 29130, 1373570561),
(549, 'No other ISO to appear before them', 3, 1343674254),
(550, 'Outside Back Cover', 1746, 1347662789),
(558, 'Inside Back Cover', 460, 1343843130),
(540, 'Custom Half Page', 29130, 1344528236),
(564, '', 29130, 1393960332),
(569, '', 29130, 1393960345),
(115, 'This is a custom half right hand read', 460, 1345570983),
(587, 'Appears in Selling Prepaid section', 9251, 1346164149),
(594, 'first half of book, right-hand read', 460, 1346268082),
(595, 'First quarter page of three total consecutive right hand turns', 460, 1346268271),
(596, 'Second quarter page of three total consecutive right hand reads', 460, 1346268271),
(597, 'Three of three quarter pages consecutive right hand reads', 460, 1346268271),
(600, 'first half of book, right-hand read', 460, 1346268137),
(601, 'First quarter page of three total consecutive right hand turns', 460, 1346268137),
(602, 'Second quarter page of three total consecutive right hand reads', 460, 1346268137),
(603, 'Three of three quarter pages consecutive right hand reads', 460, 1346268137),
(604, '', 460, 1346268137),
(214, 'Inside Front Cover', 1746, 1346954352),
(618, 'This is a make good from wrong placement that occured in Vol 15 No 2. this full page is to appear with VeriFone''s inside front cover to make a double truck in issue Vol 15 No 4', 460, 1347379920),
(689, 'This full page ad is added to current full page ad to create a double-truck', 460, 1351612782),
(693, 'Outside Back Cover', 460, 1351706384),
(697, 'No BRC will appear in publication will this agreement is in place. (Will send new ad files by Friday, Oct. 27th, 2013)', 29130, 1380040444),
(1159, 'Client wants their ad opposite the Thompson article', 460, 1375218503),
(716, 'Inside Back Cover', 1746, 1352400234),
(763, 'This is for Inside Front Cover (sent ad follow up)', 29130, 1380040124),
(773, 'This is for three consecutive quarter page ads', 460, 1355504272),
(774, 'The quarter pages are to be placed consecutively in the publication', 460, 1355504272),
(775, 'the quarter pages of this buy are to be placed consecutively', 460, 1355504272),
(814, 'Outside Back Cover', 1746, 1386102914),
(834, 'White Masque (exclusive for the duration of this agreement)', 460, 1358185241),
(842, 'Inside Back Cover', 460, 1358190742),
(850, 'This is a custom half right hand read', 460, 1358270612),
(861, 'Guaranteed Right Hand Read', 460, 1358807503),
(900, 'This is for three consecutive quarter page ads', 460, 1360257659),
(901, 'The quarter pages are to be placed consecutively in the publication', 460, 1360257659),
(902, 'the quarter pages of this buy are to be placed consecutively', 460, 1360257659),
(907, 'Parent Company.. Capital Access Network INC..', 9251, 1361297186),
(924, 'Please send invoice and bill Agent Peggy Olsen at Strategic Marketing', 9251, 1361938534),
(926, 'In the advertiser Index this needs to read as TouchSuite', 460, 1363040869),
(930, 'In the advertiser index this needs to read as American Capital Advance', 460, 1363040930),
(953, 'RHP far forward as possible.. opposite editorial', 460, 1363623788),
(954, 'RHP far forward as possible.. opposite editorial', 460, 1363623797),
(955, 'RHP far forward as possible.. opposite editorial', 460, 1363624374),
(956, 'RHP far forward as possible.. opposite editorial', 460, 1363624383),
(959, '', 29130, 1393960358),
(982, 'Inside Back Cover', 460, 1366138296),
(1039, 'placement right hand read', 9251, 1368485010),
(1073, 'Place as far forward as possible', 9251, 1369757756),
(1085, 'This is for three consecutive quarter page ads', 460, 1370379355),
(1086, 'The quarter pages are to be placed consecutively in the publication', 460, 1370379355),
(1087, 'the quarter pages of this buy are to be placed consecutively', 460, 1370379355),
(743, '', 29130, 1380300342),
(1089, '1/2 Page Vertical', 29130, 1371837098),
(813, '', 29130, 1372184422),
(1204, 'Inside Back Cover', 460, 1375307424),
(1132, 'In the advertiser index this needs to read as FinTech Partnerships', 29130, 1377299997),
(1282, 'Outside Back Cover', 460, 1377545631),
(1283, 'No other ISO to appear before them', 460, 1377536299),
(1284, 'Inside Front Cover', 460, 1377545631),
(668, 'In the advertiser Index this needs to read as Strategic Leadership Forum 2013', 29130, 1377638958),
(1203, ' In the advertiser Index this needs to read as ETA CPP', 29130, 1377639061),
(1318, 'Outside Back Cover', 1746, 1378328668),
(1319, 'No other ISO to appear before them', 1746, 1378327496),
(1320, 'Inside Front Cover', 1746, 1378328668),
(1471, '', 29130, 1393960272),
(2178, '', 460, 1402086253),
(1430, '', 29130, 1393889380),
(1426, 'Appears as Mozido in Advertiser Index', 29130, 1382381950),
(1406, '', 29130, 1382381674),
(1513, 'Inside Back Cover', 460, 1382476943),
(1248, '', 29130, 1393960300),
(1735, 'Capital for Merchants in Ad Index', 3, 1398283058),
(1638, 'Inside Front Cover', 460, 1384889547),
(570, '', 29130, 1393960319),
(2164, 'Client needs a right hand read for all issues - this is a white mask', 1746, 1402008493),
(2100, '3 custom half pages in moved to the 14:06:02 issue by the client', 460, 1400606872),
(2121, '', 460, 1400090586),
(2098, 'Client has moved the three ads to the 14:06:02 issue due to needing more time to put the campaign together', 460, 1400606872),
(1639, 'No other ISO to appear before them', 460, 1384193142),
(1640, 'Outside Back Cover', 460, 1384193142),
(1697, 'This is a custom half right hand read', 460, 1385054912),
(1728, 'Client is requesting Far forward right hand read', 1746, 1386025279),
(1729, 'Client is requesting far forward as possible right hand read', 460, 1386024343),
(1461, 'Advertiser Index: Total Payments Canada 2014', 29130, 1388166913),
(1902, '', 29130, 1394477609),
(2036, 'White Mask', 3, 1395852862),
(1905, '', 460, 1391632761),
(1942, '', 460, 1391813494),
(1957, 'Ad is a vertical 1/2 page', 29130, 1393008810),
(1245, 'NBPCA’s Power of Prepaid', 29130, 1393960412),
(1836, '', 29130, 1393960383),
(2205, 'This is a vertical half page', 460, 1403022470),
(2060, 'This ad is actually a vertical 1/2 page.', 29130, 1403642095),
(1946, '', 29130, 1403725174),
(2153, '', 29130, 1410471474),
(1399, '', 29130, 1405980528),
(2201, 'Right hand Read please', 460, 1406742408),
(2350, 'Right Hand read far front as possible', 460, 1410538670),
(2333, '', 460, 1408555305),
(2338, 'Will have ad materials by Aug. 27th, 2014', 29130, 1408652669),
(2356, 'Capital for Merchants in Ad Index', 460, 1410454091),
(2521, 'Dani''s House Ad', 3, 1415643011),
(2799, '', 460, 1417729921),
(2490, '', 29130, 1424725571),
(2450, 'Right hand Read please', 29130, 1424725618),
(2815, 'right hand read placement\r\n\r\n', 29130, 1445908387),
(2995, 'To appear at the end of Resource guide (It is a vertical 1/2 page)', 29130, 1444328512),
(2771, '', 29130, 1424217393),
(2969, '', 29130, 1424217406),
(2819, 'Please keep ad in the first half of the publication.', 29130, 1428436549),
(2428, '', 29130, 1424217380),
(3107, 'This is a vertical 1/2 page not just a standard.', 29130, 1428524263),
(3232, '', 29130, 1441761444),
(3236, 'Client is requesting his thought bubble for the live link say Email Me\r\nHis email address he wants to use darrin@supergfunding.com', 460, 1431988326),
(3249, '', 29130, 1436387158),
(2833, '', 3, 1440189912),
(3255, '', 29130, 1440021930),
(2998, '', 29130, 1439322275),
(3278, '', 29130, 1436387181),
(3328, '', 29130, 1439322257),
(3054, '', 29130, 1440021911),
(3507, 'Right hand Read please', 460, 1447709469),
(3526, 'This is a Happy Holidays from the Green Sheet an addition to our usual full page ad. ', 29130, 1448065726),
(3558, '', 460, 1449002088),
(3611, 'right hand read placement\r\n\r\n', 460, 1449767657),
(3022, 'This is actually a Custom half page ', 29130, 1451345229),
(3752, 'Please place opposite Street Smarts Article', 460, 1452623744),
(3713, 'Client is requesting these book ends be placed on different pages not facing each other also they request both ads be listed separate in the index Possible POS.', 29130, 1457148256),
(3714, 'Client is requesting these book ends be placed on different pages not facing each other also they request both ads be listed separate in the index Ace Merchant Processing.', 29130, 1457148294),
(3791, '', 29130, 1455141311),
(3438, 'Not going to be in this issue, doesn''t have the materials ready yet.', 29130, 1457130369),
(3907, 'To appear at the end of the Resource Guide Section.', 29130, 1462919812);

-- --------------------------------------------------------

--
-- Table structure for table `rate_card`
--

CREATE TABLE IF NOT EXISTS `rate_card` (
  `year` varchar(4) NOT NULL DEFAULT '',
  `type` varchar(10) NOT NULL DEFAULT 'print',
  `create_date` int(11) NOT NULL DEFAULT '0',
  `create_id` int(8) NOT NULL DEFAULT '0',
  `update_date` int(11) NOT NULL DEFAULT '0',
  `update_id` int(8) NOT NULL DEFAULT '0',
  `visible` tinyint(1) NOT NULL DEFAULT '0',
  PRIMARY KEY (`year`),
  KEY `type` (`type`)
) ENGINE=MyISAM DEFAULT CHARSET=latin1;

--
-- Dumping data for table `rate_card`
--

INSERT INTO `rate_card` (`year`, `type`, `create_date`, `create_id`, `update_date`, `update_id`, `visible`) VALUES
('2008', 'print', 1197266400, 3, 1450124361, 460, 1),
('2009', 'print', 1223569851, 1746, 1450124361, 460, 1),
('2010', 'print', 1257292710, 29130, 1450124361, 460, 1),
('2011', 'print', 1284490418, 29130, 1450124361, 460, 1),
('2012', 'print', 1317848076, 29130, 1450124361, 460, 1),
('2013', 'print', 1357149833, 3, 1450124361, 460, 1),
('2014', 'print', 1388534400, 3, 1450124361, 460, 1),
('2015', 'print', 1417719635, 460, 1450124361, 460, 1),
('2016', 'print', 1450123892, 460, 1450124361, 460, 1);

-- --------------------------------------------------------

--
-- Table structure for table `rate_card_data`
--

CREATE TABLE IF NOT EXISTS `rate_card_data` (
  `id` int(8) NOT NULL AUTO_INCREMENT,
  `year` int(4) NOT NULL DEFAULT '0',
  `magazine` varchar(25) NOT NULL DEFAULT '',
  `type` varchar(50) NOT NULL DEFAULT 'print',
  `name` varchar(50) NOT NULL,
  `price_1` int(8) NOT NULL DEFAULT '0',
  `price_2` int(8) DEFAULT NULL,
  `price_3` int(8) DEFAULT NULL,
  `price_4` int(8) DEFAULT NULL,
  `price_6` int(8) DEFAULT NULL,
  `price_12` int(8) DEFAULT NULL,
  `price_24` int(8) DEFAULT NULL,
  PRIMARY KEY (`id`),
  KEY `year` (`year`),
  KEY `magazine` (`magazine`),
  KEY `type` (`type`)
) ENGINE=MyISAM  DEFAULT CHARSET=latin1 AUTO_INCREMENT=501 ;

--
-- Dumping data for table `rate_card_data`
--

INSERT INTO `rate_card_data` (`id`, `year`, `magazine`, `type`, `name`, `price_1`, `price_2`, `price_3`, `price_4`, `price_6`, `price_12`, `price_24`) VALUES
(1, 2008, 'GS', 'Print', 'Quarter Page', 1080, 0, 1004, 0, 928, 821, 552),
(2, 2008, 'GS', 'Print', 'Half Page', 1586, NULL, 1496, NULL, 1406, 1266, 945),
(3, 2008, 'GS', 'Print', 'Full Page', 2307, 0, 2206, 0, 2109, 1883, 1569),
(4, 2008, 'GS', 'Print', 'Custom Quarter', 1242, 0, 1155, 0, 1067, 943, 634),
(5, 2008, 'GS', 'Print', 'Custom Third', 1533, 0, 1437, 0, 1342, 1199, 865),
(6, 2008, 'GS', 'Print', 'Custom Half', 1824, 0, 1720, 0, 1617, 1455, 1087),
(9, 2008, 'GS', 'Print', 'Double Truck', 4044, 0, 3888, 0, 3738, 3337, 2781),
(11, 2008, 'GSQ', 'Print', 'Quarter Page', 2642, 2381, 2275, 2169, 0, 0, 0),
(13, 2008, 'GSQ', 'Print', 'Custom Quarter', 3037, 2739, 2616, 2495, 0, 0, 0),
(15, 2008, 'GSQ', 'Print', 'Custom Third', 3800, 3422, 3284, 3146, 0, 0, 0),
(17, 2008, 'GSQ', 'Print', 'Half Page', 4562, 4106, 3952, 3798, 0, 0, 0),
(21, 2008, 'GSQ', 'Print', 'Custom Half', 5246, 4722, 4545, 4367, 0, 0, 0),
(22, 2008, 'GSQ', 'Print', 'Full Page', 6777, 6100, 5894, 5687, 0, 0, 0),
(24, 2008, 'GSQ', 'Print', 'Double Truck', 7455, 6709, 6484, 6180, 0, 0, 0),
(129, 2009, 'GSQ', 'Print', 'Custom Third', 3800, 3425, 3285, 3150, 0, 0, 0),
(128, 2009, 'GSQ', 'Print', 'Custom Quarter', 3040, 2740, 2620, 2495, 0, 0, 0),
(127, 2009, 'GSQ', 'Print', 'Quarter Page', 2645, 2385, 2275, 2170, 0, 0, 0),
(126, 2009, 'GS', 'Print', 'Double Truck', 4445, 0, 4200, 0, 3960, 3505, 2865),
(125, 2009, 'GS', 'Print', 'Custom Half', 2005, 0, 1860, 0, 1715, 1525, 1120),
(124, 2009, 'GS', 'Print', 'Custom Third', 1685, 0, 1550, 0, 1420, 1260, 890),
(123, 2009, 'GS', 'Print', 'Custom Quarter', 1365, 0, 1245, 0, 1130, 990, 655),
(122, 2009, 'GS', 'Print', 'Full Page', 2535, 0, 2385, 0, 2235, 1975, 1615),
(121, 2009, 'GS', 'Print', 'Half Page', 1745, 0, 1615, 0, 1490, 1330, 975),
(120, 2009, 'GS', 'Print', 'Quarter Page', 1185, 0, 1085, 0, 985, 860, 570),
(130, 2009, 'GSQ', 'Print', 'Half Page', 4565, 4110, 3955, 3800, 0, 0, 0),
(131, 2009, 'GSQ', 'Print', 'Custom Half', 5250, 4725, 4545, 4370, 0, 0, 0),
(132, 2009, 'GSQ', 'Print', 'Full Page', 6780, 6100, 5895, 5690, 0, 0, 0),
(133, 2009, 'GSQ', 'Print', 'Double Truck', 7455, 6710, 6485, 6180, 0, 0, 0),
(134, 2010, 'GSQ', 'Print', 'Custom Third', 3800, 3425, 3285, 3150, 0, 0, 0),
(135, 2010, 'GSQ', 'Print', 'Custom Quarter', 3040, 2740, 2620, 2495, 0, 0, 0),
(136, 2010, 'GSQ', 'Print', 'Quarter Page', 2645, 2385, 2275, 2170, 0, 0, 0),
(137, 2010, 'GS', 'Print', 'Double Truck', 4445, 0, 4200, 0, 3960, 3505, 2865),
(138, 2010, 'GS', 'Print', 'Custom Half', 2005, 0, 1860, 0, 1715, 1525, 1120),
(139, 2010, 'GS', 'Print', 'Custom Third', 1685, 0, 1550, 0, 1420, 1260, 890),
(140, 2010, 'GS', 'Print', 'Custom Quarter', 1365, 0, 1245, 0, 1130, 990, 655),
(141, 2010, 'GS', 'Print', 'Full Page', 2535, 0, 2385, 0, 2235, 1975, 1615),
(142, 2010, 'GS', 'Print', 'Half Page', 1745, 0, 1615, 0, 1490, 1330, 975),
(143, 2010, 'GS', 'Print', 'Quarter Page', 1185, 0, 1085, 0, 985, 860, 570),
(144, 2010, 'GSQ', 'Print', 'Half Page', 4565, 4110, 3955, 3800, 0, 0, 0),
(145, 2010, 'GSQ', 'Print', 'Custom Half', 5250, 4725, 4545, 4370, 0, 0, 0),
(146, 2010, 'GSQ', 'Print', 'Full Page', 6780, 6100, 5895, 5690, 0, 0, 0),
(147, 2010, 'GSQ', 'Print', 'Double Truck', 7455, 6710, 6485, 6180, 0, 0, 0),
(148, 2011, 'GSQ', 'Print', 'Custom Third', 3800, 3425, 3285, 3150, 0, 0, 0),
(149, 2011, 'GSQ', 'Print', 'Custom Quarter', 3040, 2740, 2620, 2495, 0, 0, 0),
(150, 2011, 'GSQ', 'Print', 'Quarter Page', 2645, 2385, 2275, 2170, 0, 0, 0),
(151, 2011, 'GS', 'Print', 'Double Truck', 4445, 0, 4200, 0, 3960, 3505, 2865),
(152, 2011, 'GS', 'Print', 'Custom Half', 2005, 0, 1860, 0, 1715, 1525, 1120),
(153, 2011, 'GS', 'Print', 'Custom Third', 1685, 0, 1550, 0, 1420, 1260, 890),
(154, 2011, 'GS', 'Print', 'Custom Quarter', 1365, 0, 1245, 0, 1130, 990, 655),
(155, 2011, 'GS', 'Print', 'Full Page', 2535, 0, 2385, 0, 2235, 1975, 1615),
(156, 2011, 'GS', 'Print', 'Half Page', 1745, 0, 1615, 0, 1490, 1330, 975),
(157, 2011, 'GS', 'Print', 'Quarter Page', 1185, 0, 1085, 0, 985, 860, 570),
(158, 2011, 'GSQ', 'Print', 'Half Page', 4565, 4110, 3955, 3800, 0, 0, 0),
(159, 2011, 'GSQ', 'Print', 'Custom Half', 5250, 4725, 4545, 4370, 0, 0, 0),
(160, 2011, 'GSQ', 'Print', 'Full Page', 6780, 6100, 5895, 5690, 0, 0, 0),
(161, 2011, 'GSQ', 'Print', 'Double Truck', 7455, 6710, 6485, 6180, 0, 0, 0),
(162, 2011, 'GSOnline', 'Online', 'SkyScraper', 650, NULL, NULL, NULL, NULL, NULL, NULL),
(163, 2011, 'GSOnline', 'Online', 'Banner', 500, NULL, NULL, NULL, NULL, NULL, NULL),
(164, 2011, 'Combo', 'Online', 'SkyScraper', 850, NULL, NULL, NULL, NULL, NULL, NULL),
(165, 2011, 'Combo', 'Online', 'Banner', 700, NULL, NULL, NULL, NULL, NULL, NULL),
(166, 2011, 'PrePaid', 'Online', 'SkyScraper', 425, NULL, NULL, NULL, NULL, NULL, NULL),
(167, 2011, 'PrePaid', 'Online', 'Banner', 350, NULL, NULL, NULL, NULL, NULL, NULL),
(168, 2012, 'GSQ', 'Print', 'Custom Third', 3800, 3425, 3285, 3150, 0, 0, 0),
(169, 2012, 'GSQ', 'Print', 'Custom Quarter', 3040, 2740, 2620, 2495, 0, 0, 0),
(170, 2012, 'GSQ', 'Print', 'Quarter Page', 2645, 2385, 2275, 2170, 0, 0, 0),
(171, 2012, 'GS', 'Print', 'Double Truck', 4445, 0, 4200, 0, 3960, 3505, 2865),
(172, 2012, 'GS', 'Print', 'Custom Half', 2005, 0, 1860, 0, 1715, 1525, 1120),
(173, 2012, 'GS', 'Print', 'Custom Third', 1685, 0, 1550, 0, 1420, 1260, 890),
(174, 2012, 'GS', 'Print', 'Custom Quarter', 1365, 0, 1245, 0, 1130, 990, 655),
(175, 2012, 'GS', 'Print', 'Full Page', 2535, 0, 2385, 0, 2235, 1975, 1615),
(176, 2012, 'GS', 'Print', 'Half Page', 1745, 0, 1615, 0, 1490, 1330, 975),
(177, 2012, 'GS', 'Print', 'Quarter Page', 1185, 0, 1085, 0, 985, 860, 570),
(178, 2012, 'GSQ', 'Print', 'Half Page', 4565, 4110, 3955, 3800, 0, 0, 0),
(179, 2012, 'GSQ', 'Print', 'Custom Half', 5250, 4725, 4545, 4370, 0, 0, 0),
(180, 2012, 'GSQ', 'Print', 'Full Page', 6780, 6100, 5895, 5690, 0, 0, 0),
(181, 2012, 'GSQ', 'Print', 'Double Truck', 7455, 6710, 6485, 6180, 0, 0, 0),
(182, 2012, 'www.greensheet.com', 'Online', 'SkyScraper', 650, 0, 0, 0, 0, 0, 0),
(183, 2012, 'www.greensheet.com', 'Online', 'Banner', 500, 0, 0, 0, 0, 0, 0),
(184, 2012, 'AllSites', 'Online', 'SkyScraper', 850, 0, 0, 0, 0, 0, 0),
(185, 2012, 'AllSites', 'Online', 'Banner', 700, 0, 0, 0, 0, 0, 0),
(186, 2012, 'www.sellingprepaid.com', 'Online', 'SkyScraper', 425, 0, 0, 0, 0, 0, 0),
(187, 2012, 'www.sellingprepaid.com', 'Online', 'Banner', 350, 0, 0, 0, 0, 0, 0),
(188, 2012, 'GS', 'ResourceGuide', 'Standard', 1045, NULL, NULL, NULL, NULL, NULL, NULL),
(189, 2012, 'GS', 'ResourceGuide', 'Bold', 1325, NULL, NULL, NULL, NULL, NULL, NULL),
(190, 2012, 'GS', 'ResourceGuide', 'Custom Box', 2100, NULL, NULL, NULL, NULL, NULL, NULL),
(191, 2012, 'GS', 'ResourceGuide', 'Large Custom Box', 3700, NULL, NULL, NULL, NULL, NULL, NULL),
(192, 2012, 'GS', 'ResourceGuide', 'RGXL Custom Box', 4000, NULL, NULL, NULL, NULL, NULL, NULL),
(193, 2012, 'GS', 'ResourceGuide', 'URL added', 100, NULL, NULL, NULL, NULL, NULL, NULL),
(194, 2012, 'GSQ', 'ResourceGuide', 'Standard', 725, NULL, NULL, NULL, NULL, NULL, NULL),
(195, 2012, 'GSQ', 'ResourceGuide', 'Bold', 875, NULL, NULL, NULL, NULL, NULL, NULL),
(196, 2012, 'GSQ', 'ResourceGuide', 'Custom Box', 525, NULL, NULL, NULL, NULL, NULL, NULL),
(197, 2012, 'GSQ', 'ResourceGuide', 'Large Custom Box', 900, NULL, NULL, NULL, NULL, NULL, NULL),
(198, 2012, 'GSQ', 'ResourceGuide', 'RGXL Custom Box', 1050, NULL, NULL, NULL, NULL, NULL, NULL),
(199, 2012, 'GSQ', 'ResourceGuide', 'URL added', 50, NULL, NULL, NULL, NULL, NULL, NULL),
(200, 2012, 'GS', 'Insert', '.30', 3000, NULL, NULL, NULL, NULL, NULL, NULL),
(201, 2012, 'GS', 'Insert', '.50', 4000, NULL, NULL, NULL, NULL, NULL, NULL),
(202, 2012, 'GSQ', 'Insert', '.30', 3000, NULL, NULL, NULL, NULL, NULL, NULL),
(203, 2012, 'GSQ', 'Insert', '.50', 4000, NULL, NULL, NULL, NULL, NULL, NULL),
(204, 2012, 'GSQ', 'BuyersGuide', 'Bronze', 150, NULL, NULL, NULL, NULL, NULL, NULL),
(205, 2012, 'GSQ', 'BuyersGuide', 'Silver', 200, NULL, NULL, NULL, NULL, NULL, NULL),
(206, 2012, 'GSQ', 'BuyersGuide', 'Gold', 250, NULL, NULL, NULL, NULL, NULL, NULL),
(207, 2012, 'GSQ', 'BuyersGuide', 'Platinum', 990, NULL, NULL, NULL, NULL, NULL, NULL),
(208, 2012, 'www.greensheet.com', 'Online', 'Combo', 1000, NULL, NULL, NULL, NULL, NULL, NULL),
(209, 2012, 'www.sellingprepaid.com', 'Online', 'Combo', 700, NULL, NULL, NULL, NULL, NULL, NULL),
(210, 2012, 'AllSites', 'Online', 'Combo', 1250, NULL, NULL, NULL, NULL, NULL, NULL),
(211, 2012, 'www.greensheet.com', 'Sponsorship', 'Calendar', 1000, NULL, NULL, NULL, NULL, NULL, NULL),
(212, 2012, 'GSPaperless', 'Paperless', 'Primary', 1000, NULL, NULL, NULL, NULL, NULL, NULL),
(213, 2012, 'GSPaperless', 'Paperless', 'Secondary', 500, NULL, NULL, NULL, NULL, NULL, NULL),
(215, 2012, 'Other', 'SpecialMailer', 'Special Mailer', 5000, NULL, NULL, NULL, NULL, NULL, NULL),
(216, 2012, 'GS', 'Wrap', 'Wrap', 2500, NULL, NULL, NULL, NULL, NULL, NULL),
(217, 2012, 'GSQ', 'Wrap', 'Wrap', 4000, NULL, NULL, NULL, NULL, NULL, NULL),
(218, 2012, 'GS', 'BRC', 'BRC', 4500, NULL, NULL, NULL, NULL, NULL, NULL),
(219, 2012, 'www.greensheet.com', 'Sponsorship', 'Forums', 1500, NULL, NULL, NULL, NULL, NULL, NULL),
(220, 2012, 'www.greensheet.com', 'Sponsorship', 'Resource Guide', 750, NULL, NULL, NULL, NULL, NULL, NULL),
(221, 2012, 'GS', 'Print', 'Bookend Left', 1250, NULL, 1213, NULL, 1138, 1035, 913),
(222, 2012, 'GS', 'Print', 'Bookend Right', 1250, NULL, 1213, NULL, 1138, 1035, 913),
(223, 2012, 'www.greensheet.com', 'FPRGXL', 'FPRGXL', 1000, NULL, NULL, NULL, NULL, NULL, NULL),
(224, 2012, 'Other', 'EmailBlast', 'Email Blast', 5000, NULL, NULL, NULL, NULL, NULL, NULL),
(281, 2013, 'GSQ', 'Print', 'Custom Third', 2900, 2600, 2500, 2300, 0, 0, 0),
(282, 2013, 'GSQ', 'Print', 'Custom Quarter', 2350, 2025, 2000, 1900, 0, 0, 0),
(283, 2013, 'GSQ', 'Print', 'Quarter Page', 2000, 1800, 1700, 1500, 0, 0, 0),
(284, 2013, 'GS', 'Print', 'Double Truck', 4578, 0, 4326, 0, 4079, 3610, 2951),
(285, 2013, 'GS', 'Print', 'Custom Half', 2065, 0, 1916, 0, 1766, 1571, 1154),
(286, 2013, 'GS', 'Print', 'Custom Third', 1736, 0, 1597, 0, 1463, 1298, 917),
(287, 2013, 'GS', 'Print', 'Custom Quarter', 1406, 0, 1282, 0, 1164, 1020, 675),
(288, 2013, 'GS', 'Print', 'Full Page', 2611, 0, 2457, 0, 2302, 2034, 1663),
(289, 2013, 'GS', 'Print', 'Half Page', 1797, 0, 1663, 0, 1535, 1370, 1004),
(290, 2013, 'GS', 'Print', 'Quarter Page', 1221, 0, 1118, 0, 1015, 886, 587),
(291, 2013, 'GSQ', 'Print', 'Half Page', 3475, 3150, 3000, 2875, 0, 0, 0),
(292, 2013, 'GSQ', 'Print', 'Custom Half', 4000, 3500, 3400, 3300, 0, 0, 0),
(293, 2013, 'GSQ', 'Print', 'Full Page', 5500, 4650, 4450, 4250, 0, 0, 0),
(294, 2013, 'GSQ', 'Print', 'Double Truck', 6300, 6100, 5950, 5750, 0, 0, 0),
(295, 2013, 'www.greensheet.com', 'Online', 'SkyScraper', 650, 0, 0, 0, 0, 0, 0),
(296, 2013, 'www.greensheet.com', 'Online', 'Banner', 500, 0, 0, 0, 0, 0, 0),
(297, 2013, 'AllSites', 'Online', 'SkyScraper', 850, 0, 0, 0, 0, 0, 0),
(298, 2013, 'AllSites', 'Online', 'Banner', 700, 0, 0, 0, 0, 0, 0),
(299, 2013, 'www.sellingprepaid.com', 'Online', 'SkyScraper', 425, 0, 0, 0, 0, 0, 0),
(300, 2013, 'www.sellingprepaid.com', 'Online', 'Banner', 350, 0, 0, 0, 0, 0, 0),
(301, 2013, 'GS', 'ResourceGuide', 'Standard', 1045, 0, 0, 0, 0, 0, 0),
(302, 2013, 'GS', 'ResourceGuide', 'Bold', 1325, 0, 0, 0, 0, 0, 0),
(303, 2013, 'GS', 'ResourceGuide', 'Custom Box', 2100, 0, 0, 0, 0, 0, 0),
(304, 2013, 'GS', 'ResourceGuide', 'Large Custom Box', 3700, 0, 0, 0, 0, 0, 0),
(305, 2013, 'GS', 'ResourceGuide', 'RGXL Custom Box', 4000, 0, 0, 0, 0, 0, 0),
(306, 2013, 'GS', 'ResourceGuide', 'URL added', 100, 0, 0, 0, 0, 0, 0),
(307, 2013, 'GSQ', 'ResourceGuide', 'Standard', 725, 0, 0, 0, 0, 0, 0),
(308, 2013, 'GSQ', 'ResourceGuide', 'Bold', 875, 0, 0, 0, 0, 0, 0),
(309, 2013, 'GSQ', 'ResourceGuide', 'Custom Box', 525, 0, 0, 0, 0, 0, 0),
(310, 2013, 'GSQ', 'ResourceGuide', 'Large Custom Box', 900, 0, 0, 0, 0, 0, 0),
(311, 2013, 'GSQ', 'ResourceGuide', 'RGXL Custom Box', 1050, 0, 0, 0, 0, 0, 0),
(312, 2013, 'GSQ', 'ResourceGuide', 'URL added', 50, 0, 0, 0, 0, 0, 0),
(313, 2013, 'GS', 'Insert', '.30', 3000, 0, 0, 0, 0, 0, 0),
(314, 2013, 'GS', 'Insert', '.50', 4000, 0, 0, 0, 0, 0, 0),
(315, 2013, 'GSQ', 'Insert', '.30', 3000, 0, 0, 0, 0, 0, 0),
(316, 2013, 'GSQ', 'Insert', '.50', 4000, 0, 0, 0, 0, 0, 0),
(317, 2013, 'GSQ', 'BuyersGuide', 'Bronze', 150, 0, 0, 0, 0, 0, 0),
(318, 2013, 'GSQ', 'BuyersGuide', 'Silver', 200, 0, 0, 0, 0, 0, 0),
(319, 2013, 'GSQ', 'BuyersGuide', 'Gold', 250, 0, 0, 0, 0, 0, 0),
(320, 2013, 'GSQ', 'BuyersGuide', 'Platinum', 990, 0, 0, 0, 0, 0, 0),
(321, 2013, 'www.greensheet.com', 'Online', 'Combo', 1000, 0, 0, 0, 0, 0, 0),
(322, 2013, 'www.sellingprepaid.com', 'Online', 'Combo', 700, 0, 0, 0, 0, 0, 0),
(323, 2013, 'AllSites', 'Online', 'Combo', 1250, 0, 0, 0, 0, 0, 0),
(324, 2013, 'www.greensheet.com', 'Sponsorship', 'Calendar', 1500, 0, 0, 0, 0, 0, 0),
(325, 2013, 'GSPaperless', 'Paperless', 'Primary', 1000, 0, 0, 0, 0, 0, 0),
(326, 2013, 'GSPaperless', 'Paperless', 'Secondary', 500, 0, 0, 0, 0, 0, 0),
(327, 2013, 'Other', 'SpecialMailer', 'Special Mailer', 5000, 0, 0, 0, 0, 0, 0),
(328, 2013, 'GS', 'Wrap', 'Wrap', 2500, 0, 0, 0, 0, 0, 0),
(329, 2013, 'GSQ', 'Wrap', 'Wrap', 4000, 0, 0, 0, 0, 0, 0),
(330, 2013, 'GS', 'BRC', 'BRC', 4500, 0, 0, 0, 0, 0, 0),
(331, 2013, 'www.greensheet.com', 'Sponsorship', 'Forums', 2500, 0, 0, 0, 0, 0, 0),
(332, 2013, 'www.greensheet.com', 'Sponsorship', 'Resource Guide', 1500, 0, 0, 0, 0, 0, 0),
(333, 2013, 'GS', 'Print', 'Bookend Left', 1250, 0, 1213, 0, 1138, 1035, 913),
(334, 2013, 'GS', 'Print', 'Bookend Right', 1250, 0, 1213, 0, 1138, 1035, 913),
(335, 2013, 'www.greensheet.com', 'FPRGXL', 'FPRGXL', 1000, 0, 0, 0, 0, 0, 0),
(336, 2013, 'Other', 'EmailBlast', 'Email Blast', 5000, 0, 0, 0, 0, 0, 0),
(337, 2013, 'GS', 'Print', '1 1/3 Page', 3000, NULL, 2750, NULL, 2500, 2250, 2000),
(338, 2013, 'www.greensheet.com', 'video', 'Tier 1', 10000, NULL, NULL, NULL, NULL, NULL, NULL),
(339, 2013, 'www.greensheet.com', 'video', 'Tier 2', 7500, NULL, NULL, NULL, NULL, NULL, NULL),
(340, 2013, 'www.greensheet.com', 'video', 'Tier 3', 5000, NULL, NULL, NULL, NULL, NULL, NULL),
(341, 2013, 'www.greensheet.com', 'video', 'Tier 4', 2500, NULL, NULL, NULL, NULL, NULL, NULL),
(342, 2013, 'GS', 'FlipbookValueAdd', 'Live Links', 100, NULL, NULL, NULL, NULL, NULL, NULL),
(343, 2013, 'GSQ', 'FlipbookValueAdd', 'Live Links', 100, NULL, NULL, NULL, NULL, NULL, NULL),
(344, 2013, 'www.greensheet.com', 'Sponsorship', 'Newswire', 1500, NULL, NULL, NULL, NULL, NULL, NULL),
(345, 2013, 'www.greensheet.com', 'Sponsorship', 'Search Engine', 1500, NULL, NULL, NULL, NULL, NULL, NULL),
(347, 2014, 'GSQ', 'Print', 'Custom Third', 2900, 2600, 2500, 2300, 0, 0, 0),
(348, 2014, 'GSQ', 'Print', 'Custom Quarter', 2350, 2025, 2000, 1900, 0, 0, 0),
(349, 2014, 'GSQ', 'Print', 'Quarter Page', 2000, 1800, 1700, 1500, 0, 0, 0),
(350, 2014, 'GS', 'Print', 'Double Truck', 4578, 0, 4326, 0, 4079, 3610, 2951),
(351, 2014, 'GS', 'Print', 'Custom Half', 2065, 0, 1916, 0, 1766, 1571, 1154),
(352, 2014, 'GS', 'Print', 'Custom Third', 1736, 0, 1597, 0, 1463, 1298, 917),
(353, 2014, 'GS', 'Print', 'Custom Quarter', 1406, 0, 1282, 0, 1164, 1020, 675),
(354, 2014, 'GS', 'Print', 'Full Page', 2611, 0, 2457, 0, 2302, 2034, 1663),
(355, 2014, 'GS', 'Print', 'Half Page', 1797, 0, 1663, 0, 1535, 1370, 1004),
(356, 2014, 'GS', 'Print', 'Quarter Page', 1221, 0, 1118, 0, 1015, 886, 587),
(357, 2014, 'GSQ', 'Print', 'Half Page', 3475, 3150, 3000, 2875, 0, 0, 0),
(358, 2014, 'GSQ', 'Print', 'Custom Half', 4000, 3500, 3400, 3300, 0, 0, 0),
(359, 2014, 'GSQ', 'Print', 'Full Page', 5500, 4650, 4450, 4250, 0, 0, 0),
(360, 2014, 'GSQ', 'Print', 'Double Truck', 6300, 6100, 5950, 5750, 0, 0, 0),
(361, 2014, 'www.greensheet.com', 'Online', 'SkyScraper', 650, 0, 0, 0, 0, 0, 0),
(362, 2014, 'www.greensheet.com', 'Online', 'Banner', 500, 0, 0, 0, 0, 0, 0),
(363, 2014, 'AllSites', 'Online', 'SkyScraper', 850, 0, 0, 0, 0, 0, 0),
(364, 2014, 'AllSites', 'Online', 'Banner', 700, 0, 0, 0, 0, 0, 0),
(365, 2014, 'www.sellingprepaid.com', 'Online', 'SkyScraper', 425, 0, 0, 0, 0, 0, 0),
(366, 2014, 'www.sellingprepaid.com', 'Online', 'Banner', 350, 0, 0, 0, 0, 0, 0),
(367, 2014, 'GS', 'ResourceGuide', 'Standard', 336, 287, 270, 261, 0, 0, 0),
(368, 2014, 'GS', 'ResourceGuide', 'Bold', 406, 356, 340, 330, 0, 0, 0),
(369, 2014, 'GS', 'ResourceGuide', 'Custom Box', 600, 550, 535, 525, 0, 0, 0),
(370, 2014, 'GS', 'ResourceGuide', 'Large Custom Box', 1000, 950, 935, 925, 0, 0, 0),
(371, 2014, 'GS', 'ResourceGuide', 'RGXL Custom Box', 1075, 1025, 1010, 1000, 0, 0, 0),
(372, 2014, 'GS', 'ResourceGuide', 'URL added', 25, 0, 0, 0, 0, 0, 0),
(373, 2014, 'GSQ', 'ResourceGuide', 'Standard', 725, 0, 0, 0, 0, 0, 0),
(374, 2014, 'GSQ', 'ResourceGuide', 'Bold', 875, 0, 0, 0, 0, 0, 0),
(375, 2014, 'GSQ', 'ResourceGuide', 'Custom Box', 525, 0, 0, 0, 0, 0, 0),
(376, 2014, 'GSQ', 'ResourceGuide', 'Large Custom Box', 900, 0, 0, 0, 0, 0, 0),
(377, 2014, 'GSQ', 'ResourceGuide', 'RGXL Custom Box', 1050, 0, 0, 0, 0, 0, 0),
(378, 2014, 'GSQ', 'ResourceGuide', 'URL added', 50, 0, 0, 0, 0, 0, 0),
(379, 2014, 'GS', 'Insert', '.30', 3000, 0, 0, 0, 0, 0, 0),
(380, 2014, 'GS', 'Insert', '.50', 4000, 0, 0, 0, 0, 0, 0),
(381, 2014, 'GSQ', 'Insert', '.30', 3000, 0, 0, 0, 0, 0, 0),
(382, 2014, 'GSQ', 'Insert', '.50', 4000, 0, 0, 0, 0, 0, 0),
(383, 2014, 'GSQ', 'BuyersGuide', 'Bronze', 150, 0, 0, 0, 0, 0, 0),
(384, 2014, 'GSQ', 'BuyersGuide', 'Silver', 200, 0, 0, 0, 0, 0, 0),
(385, 2014, 'GSQ', 'BuyersGuide', 'Gold', 250, 0, 0, 0, 0, 0, 0),
(386, 2014, 'GSQ', 'BuyersGuide', 'Platinum', 990, 0, 0, 0, 0, 0, 0),
(387, 2014, 'www.greensheet.com', 'Online', 'Combo', 1000, 0, 0, 0, 0, 0, 0),
(388, 2014, 'www.sellingprepaid.com', 'Online', 'Combo', 700, 0, 0, 0, 0, 0, 0),
(389, 2014, 'AllSites', 'Online', 'Combo', 1250, 0, 0, 0, 0, 0, 0),
(390, 2014, 'www.greensheet.com', 'Sponsorship', 'Calendar', 1500, 0, 0, 0, 0, 0, 0),
(391, 2014, 'GSPaperless', 'Paperless', 'Primary', 1000, 0, 0, 0, 0, 0, 0),
(392, 2014, 'GSPaperless', 'Paperless', 'Secondary', 500, 0, 0, 0, 0, 0, 0),
(393, 2014, 'Other', 'SpecialMailer', 'Special Mailer', 5000, 0, 0, 0, 0, 0, 0),
(394, 2014, 'GS', 'Wrap', 'Wrap', 2500, 0, 0, 0, 0, 0, 0),
(395, 2014, 'GSQ', 'Wrap', 'Wrap', 4000, 0, 0, 0, 0, 0, 0),
(396, 2014, 'GS', 'BRC', 'Complete', 9000, 0, 0, 0, 0, 0, 0),
(397, 2014, 'www.greensheet.com', 'Sponsorship', 'Forums', 2500, 0, 0, 0, 0, 0, 0),
(398, 2014, 'www.greensheet.com', 'Sponsorship', 'Resource Guide', 1500, 0, 0, 0, 0, 0, 0),
(399, 2014, 'GS', 'Print', 'Bookend Left', 1250, 0, 1213, 0, 1138, 1035, 913),
(400, 2014, 'GS', 'Print', 'Bookend Right', 1250, 0, 1213, 0, 1138, 1035, 913),
(401, 2014, 'www.greensheet.com', 'FPRGXL', 'FPRGXL', 1000, 0, 0, 0, 0, 0, 0),
(402, 2014, 'www.greensheet.com', 'EmailBlast', 'Email Blast', 5000, 0, 0, 0, 0, 0, 0),
(403, 2014, 'GS', 'Print', '1 1/3 Page', 3000, 0, 2750, 0, 2500, 2250, 2000),
(404, 2014, 'www.greensheet.com', 'Video', 'Video', 5000, 0, 0, 0, 0, 0, 0),
(418, 2014, 'GS', 'ValueAdd', 'flipbook animated text', 200, NULL, NULL, NULL, NULL, NULL, NULL),
(417, 2014, 'GS', 'ValueAdd', 'flipbook livelink', 100, NULL, NULL, NULL, NULL, NULL, NULL),
(416, 2014, 'GS', 'ValueAdd', 'white mask', 500, NULL, NULL, NULL, NULL, NULL, NULL),
(408, 2014, 'GS', 'FlipbookValueAdd', 'Live Links', 100, 0, 0, 0, 0, 0, 0),
(409, 2014, 'GSQ', 'FlipbookValueAdd', 'Live Links', 100, 0, 0, 0, 0, 0, 0),
(410, 2014, 'www.greensheet.com', 'Sponsorship', 'Newswire', 1500, 0, 0, 0, 0, 0, 0),
(411, 2014, 'www.greensheet.com', 'Sponsorship', 'Search Engine', 1500, 0, 0, 0, 0, 0, 0),
(412, 2014, 'GS', 'BRC', 'Front', 4500, NULL, NULL, NULL, NULL, NULL, NULL),
(413, 2014, 'GS', 'BRC', 'Back', 4500, NULL, NULL, NULL, NULL, NULL, NULL),
(414, 2014, 'GS', 'FlipbookValueAdd', 'RG Live Link', 500, NULL, NULL, NULL, NULL, NULL, NULL),
(415, 2014, 'GS', 'WhiteMask', 'White Mask', 500, NULL, NULL, NULL, NULL, NULL, NULL),
(419, 2014, 'GS', 'ValueAdd', 'flipbook video embed', 500, NULL, NULL, NULL, NULL, NULL, NULL),
(420, 2014, 'www.greensheet.com', 'SpotlightPartnerships', 'Spotlight Partnerships', 7500, NULL, NULL, NULL, NULL, NULL, NULL),
(421, 2015, 'GS', 'Print', 'Double Truck', 4715, NULL, 4450, NULL, 4200, 3710, 3040),
(422, 2015, 'GS', 'Print', 'Custom Half', 2125, NULL, 1975, NULL, 1820, 1620, 1190),
(423, 2015, 'GS', 'Print', 'Custom Third', 1790, NULL, 1645, NULL, 1515, 1335, 945),
(424, 2015, 'GS', 'Print', 'Custom Quarter', 1450, NULL, 1320, NULL, 1200, 1050, 695),
(425, 2015, 'GS', 'Print', 'Full Page', 2690, NULL, 2530, NULL, 2370, 2095, 1715),
(426, 2015, 'GS', 'Print', 'Half Page', 1850, NULL, 1715, NULL, 1580, 1410, 1035),
(427, 2015, 'GS', 'Print', 'Quarter Page', 1255, NULL, 1150, NULL, 1045, 915, 605),
(428, 2015, 'GS', 'Print', 'Bookend Left', 1285, NULL, 1250, NULL, 1175, 1065, 940),
(429, 2015, 'GS', 'Print', 'Bookend Right', 1285, NULL, 1250, NULL, 1175, 1065, 940),
(430, 2015, 'GS', 'Print', '1 1/3 Page', 3090, NULL, 2835, NULL, 2575, 2320, 2060),
(431, 2015, 'GS', 'ValueAdd', 'white mask', 500, NULL, NULL, NULL, NULL, NULL, NULL),
(432, 2015, 'GS', 'ValueAdd', 'flipbook livelink', 100, NULL, NULL, NULL, NULL, NULL, NULL),
(433, 2015, 'GS', 'ValueAdd', 'flipbook video embed', 500, NULL, NULL, NULL, NULL, NULL, NULL),
(434, 2015, 'GS', 'ValueAdd', 'flipbook animated text', 200, NULL, NULL, NULL, NULL, NULL, NULL),
(435, 2015, 'www.greensheet.com', 'FPRGXL', 'FPRGXL', 1100, NULL, NULL, NULL, NULL, NULL, NULL),
(436, 2015, 'www.greensheet.com', 'Online', 'SkyScraper', 675, NULL, NULL, NULL, NULL, NULL, NULL),
(437, 2015, 'www.greensheet.com', 'Online', 'Banner', 515, NULL, NULL, NULL, NULL, NULL, NULL),
(438, 2015, 'www.greensheet.com', 'Online', 'Combo', 1190, NULL, NULL, NULL, NULL, NULL, NULL),
(439, 2015, 'GSPaperless', 'Paperless', 'Primary', 1030, NULL, NULL, NULL, NULL, NULL, NULL),
(440, 2015, 'GSPaperless', 'Paperless', 'Secondary', 515, NULL, NULL, NULL, NULL, NULL, NULL),
(441, 2015, 'GS', 'Insert', '.30', 3100, NULL, NULL, NULL, NULL, NULL, NULL),
(442, 2015, 'GS', 'Insert', '.50', 4125, NULL, NULL, NULL, NULL, NULL, NULL),
(443, 2015, 'GS', 'Wrap', 'Wrap', 3000, NULL, NULL, NULL, NULL, NULL, NULL),
(444, 2015, 'GS', 'BRC', 'Complete', 9000, NULL, NULL, NULL, NULL, NULL, NULL),
(445, 2015, 'GS', 'BRC', 'Front', 4500, NULL, NULL, NULL, NULL, NULL, NULL),
(446, 2015, 'GS', 'BRC', 'Back', 4500, NULL, NULL, NULL, NULL, NULL, NULL),
(447, 2015, 'GS', 'ResourceGuide', 'Standard', 346, 296, 278, 269, NULL, NULL, NULL),
(448, 2015, 'GS', 'ResourceGuide', 'Bold', 418, 367, 350, 340, NULL, NULL, NULL),
(449, 2015, 'GS', 'ResourceGuide', 'Custom Box', 618, 567, 551, 541, NULL, NULL, NULL),
(450, 2015, 'GS', 'ResourceGuide', 'Large Custom Box', 1030, 979, 963, 953, NULL, NULL, NULL),
(451, 2015, 'GS', 'ResourceGuide', 'RGXL Custom Box', 1107, 1056, 1040, 1030, NULL, NULL, NULL),
(452, 2015, 'GS', 'ResourceGuide', 'URL added', 26, 1056, 1040, 1030, NULL, NULL, NULL),
(453, 2015, 'www.greensheet.com', 'Sponsorship', 'Calendar', 1545, NULL, NULL, NULL, NULL, NULL, NULL),
(454, 2015, 'www.greensheet.com', 'Sponsorship', 'Forums', 2575, NULL, NULL, NULL, NULL, NULL, NULL),
(455, 2015, 'www.greensheet.com', 'Sponsorship', 'Resource Guide', 1545, NULL, NULL, NULL, NULL, NULL, NULL),
(456, 2015, 'www.greensheet.com', 'Sponsorship', 'Newswire', 1545, NULL, NULL, NULL, NULL, NULL, NULL),
(457, 2015, 'www.greensheet.com', 'Sponsorship', 'Search Engine', 1545, NULL, NULL, NULL, NULL, NULL, NULL),
(458, 2015, 'www.greensheet.com', 'Video', 'Video', 5150, NULL, NULL, NULL, NULL, NULL, NULL),
(459, 2015, 'www.greensheet.com', 'EmailBlast', 'Email Blast', 5000, NULL, NULL, NULL, NULL, NULL, NULL),
(460, 2015, 'www.greensheet.com', 'SpotlightPartnerships', 'Spotlight Partnerships', 7500, NULL, NULL, NULL, NULL, NULL, NULL),
(461, 2016, 'GS', 'Print', 'Double Truck', 4809, NULL, 4539, NULL, 4284, 3784, 3101),
(462, 2016, 'GS', 'Print', 'Custom Half', 2168, NULL, 2015, NULL, 1856, 1652, 1214),
(463, 2016, 'GS', 'Print', 'Custom Third', 1826, NULL, 1678, NULL, 1545, 1362, 964),
(464, 2016, 'GS', 'Print', 'Custom Quarter', 1479, NULL, 1346, NULL, 1224, 1071, 709),
(465, 2016, 'GS', 'Print', 'Full Page', 2744, NULL, 2581, NULL, 2417, 2137, 1749),
(466, 2016, 'GS', 'Print', 'Half Page', 1887, NULL, 1749, NULL, 1612, 1438, 1056),
(467, 2016, 'GS', 'Print', 'Quarter Page', 1280, NULL, 1173, NULL, 1066, 933, 617),
(468, 2016, 'GS', 'Print', 'Bookend Left', 1311, NULL, 1275, NULL, 1199, 1086, 959),
(469, 2016, 'GS', 'Print', 'Bookend Right', 1311, NULL, 1275, NULL, 1199, 1086, 959),
(470, 2016, 'GS', 'Print', '1 1/3 Page', 3152, NULL, 2892, NULL, 2627, 2366, 2101),
(471, 2016, 'www.greensheet.com', 'Online', 'SkyScraper', 689, NULL, NULL, NULL, NULL, NULL, NULL),
(472, 2016, 'www.greensheet.com', 'Online', 'Banner', 525, NULL, NULL, NULL, NULL, NULL, NULL),
(473, 2016, 'www.greensheet.com', 'Online', 'Combo', 1214, NULL, NULL, NULL, NULL, NULL, NULL),
(474, 2016, 'GS', 'ValueAdd', 'white mask', 550, NULL, NULL, NULL, NULL, NULL, NULL),
(475, 2016, 'GS', 'ValueAdd', 'flipbook livelink', 115, NULL, NULL, NULL, NULL, NULL, NULL),
(476, 2016, 'GS', 'ValueAdd', 'flipbook video embed', 550, NULL, NULL, NULL, NULL, NULL, NULL),
(477, 2016, 'GS', 'ValueAdd', 'flipbook animated text', 225, NULL, NULL, NULL, NULL, NULL, NULL),
(478, 2016, 'GSPaperless', 'Paperless', 'Primary', 1051, NULL, NULL, NULL, NULL, NULL, NULL),
(479, 2016, 'GSPaperless', 'Paperless', 'Secondary', 525, NULL, NULL, NULL, NULL, NULL, NULL),
(480, 2016, 'GS', 'Insert', '.30', 3162, NULL, NULL, NULL, NULL, NULL, NULL),
(481, 2016, 'GS', 'Insert', '.50', 4208, NULL, NULL, NULL, NULL, NULL, NULL),
(482, 2016, 'GS', 'Wrap', 'Wrap', 3060, NULL, NULL, NULL, NULL, NULL, NULL),
(483, 2016, 'GS', 'BRC', 'Complete', 9180, NULL, NULL, NULL, NULL, NULL, NULL),
(484, 2016, 'GS', 'BRC', 'Front', 4590, NULL, NULL, NULL, NULL, NULL, NULL),
(485, 2016, 'GS', 'BRC', 'Back', 4590, NULL, NULL, NULL, NULL, NULL, NULL),
(486, 2016, 'GS', 'ResourceGuide', 'Standard', 353, 302, 284, 274, NULL, NULL, NULL),
(487, 2016, 'GS', 'ResourceGuide', 'Bold', 426, 374, 357, 347, NULL, NULL, NULL),
(488, 2016, 'GS', 'ResourceGuide', 'Custom Box', 630, 578, 562, 552, NULL, NULL, NULL),
(489, 2016, 'GS', 'ResourceGuide', 'Large Custom Box', 1051, 999, 982, 972, NULL, NULL, NULL),
(490, 2016, 'GS', 'ResourceGuide', 'RGXL Custom Box', 1129, 1077, 1061, 1051, NULL, NULL, NULL),
(491, 2016, 'GS', 'ResourceGuide', 'URL added', 27, 1077, 1061, 1051, NULL, NULL, NULL),
(492, 2016, 'www.greensheet.com', 'FPRGXL', 'FPRGXL', 1122, NULL, NULL, NULL, NULL, NULL, NULL),
(493, 2016, 'www.greensheet.com', 'Sponsorship', 'Calendar', 1576, NULL, NULL, NULL, NULL, NULL, NULL),
(494, 2016, 'www.greensheet.com', 'Sponsorship', 'Forums', 2627, NULL, NULL, NULL, NULL, NULL, NULL),
(495, 2016, 'www.greensheet.com', 'Sponsorship', 'Resource Guide', 1576, NULL, NULL, NULL, NULL, NULL, NULL),
(496, 2016, 'www.greensheet.com', 'Sponsorship', 'Newswire', 1576, NULL, NULL, NULL, NULL, NULL, NULL),
(497, 2016, 'www.greensheet.com', 'Sponsorship', 'Search Engine', 1576, NULL, NULL, NULL, NULL, NULL, NULL),
(498, 2016, 'www.greensheet.com', 'EmailBlast', 'Email Blast', 5100, NULL, NULL, NULL, NULL, NULL, NULL),
(499, 2016, 'www.greensheet.com', 'Video', 'Video', 5253, NULL, NULL, NULL, NULL, NULL, NULL),
(500, 2016, 'www.greensheet.com', 'SpotlightPartnerships', 'Spotlight Partnerships', 7650, NULL, NULL, NULL, NULL, NULL, NULL);

-- --------------------------------------------------------

--
-- Table structure for table `reminders`
--

CREATE TABLE IF NOT EXISTS `reminders` (
  `id` int(8) NOT NULL AUTO_INCREMENT,
  `parent_type` varchar(25) NOT NULL,
  `parent_id` int(8) NOT NULL,
  `create_id` int(8) NOT NULL,
  `create_date` int(11) NOT NULL,
  `update_id` int(8) NOT NULL,
  `update_date` int(11) NOT NULL,
  `recipient` int(8) NOT NULL DEFAULT '0',
  `headline` varchar(255) NOT NULL,
  `body` text NOT NULL,
  `alarm_date` int(11) NOT NULL,
  PRIMARY KEY (`id`),
  KEY `parent_type` (`parent_type`,`parent_id`,`recipient`,`alarm_date`)
) ENGINE=InnoDB  DEFAULT CHARSET=latin1 AUTO_INCREMENT=124 ;

--
-- Dumping data for table `reminders`
--

INSERT INTO `reminders` (`id`, `parent_type`, `parent_id`, `create_id`, `create_date`, `update_id`, `update_date`, `recipient`, `headline`, `body`, `alarm_date`) VALUES
(1, 'Advertiser', 202, 460, 1376691286, 0, 0, 0, '8/19/13', 'Voodoo pancakes', 1376888400),
(2, 'Advertiser', 238, 460, 1376928912, 0, 0, 0, '1:00 pm', 'Phone call with Kyle to discuss rita retiring and all the new things we have with the GS flip book ', 1376974800),
(3, 'Advertiser', 154, 460, 1376928990, 0, 0, 0, '10:00 am ', 'Call with Mike and his new sales guy Ben to discuss all the new tools we have to offer them to reach our readers', 1376974800),
(4, 'Advertiser', 20, 460, 1376929218, 0, 0, 0, '10:00 am ', 'call with Rita and Todd... need to remind him I still need his contact information in moving forward... I did not get an email from him Friday with his contact information and we still need to set up time to have a GS 101 talk', 1377234000),
(5, 'Advertiser', 131, 460, 1376930155, 0, 0, 0, '11:00 am ', 'Call with Summer to see what Sage is doing moving forward in our partnership... we are going to review the proposal I sent to her as well', 1376974800),
(6, 'Advertiser', 28, 460, 1376930250, 0, 0, 0, '12:00 ', 'Phone call with Becky to discuss all the new things we have to offer with our GS Flip book', 1377061200),
(7, 'Advertiser', 395, 460, 1377018769, 0, 0, 0, '10:00', 'I spoke with Cassie... they do not have the website finished yet... this was something she had discussed with Rita... she knows Rita is retired now and she will be working with me... Cassie has since transitioned out of handling marketing for Settlement Recovery and now works for the parent company... she said she is the liaison until they find a marketing person... she said website should be ready in one month so I am setting up a reminder to touch base with her then and go over all the new things we have to offer ', 1380085200),
(8, 'Advertiser', 241, 460, 1377035574, 460, 1377280157, 0, '830 am ', 'call to touch base and follow up on renewal etc', 1377061200),
(9, '', 0, 29130, 1377036678, 0, 0, 0, 'Field Guide Enterpris, LLc. ', 'Field Guide Enterpris, LLc. \r\n\r\nRGXL gets added to the 13:09:01 not the 13:08:02', 1377234000),
(10, '', 0, 121, 1377066486, 0, 0, 0, 'Test the Reminder', 'This is a test of the Reminder system.', 1377061200),
(11, 'Advertiser', 399, 460, 1377102244, 0, 0, 0, '830 am', 'follow up call with Julie to see if Discover internally has a team in place yet to handle the media buy', 1379480400),
(12, 'Advertiser', 22, 460, 1377106376, 0, 0, 0, '1 pm', 'follow up on the call and email I sent to Brenda in response to her email about putting 2 full page ads in the green sheet for the 13:09:01 issue... not possible to do ', 1377147600),
(13, 'Advertiser', 170, 460, 1377120793, 0, 0, 0, '1:30 PAX Renewal', 'Phone call with Heather to discuss the direction for PAX''s renewal agreement and all the new things we can offer... Current agreement ends with 9/9/2013', 1377147600),
(14, '', 0, 1746, 1377121001, 460, 1377280478, 0, 'The Merchant Solutions', 'Touch base with Taufiq to introduce yourself and make sure he knows about all of the new options available.\r\n\r\nI had done a intro email on 7/24...did another try to connect 8/23 got vm ', 1377147600),
(15, 'Advertiser', 419, 460, 1377125280, 460, 1377280676, 0, '2pm ', 'follow up call to tt Rodney sent him to our media kit so he can take a look at all the options we have..told him I will call Friday to discuss ', 1377234000),
(16, 'Advertiser', 420, 460, 1377202770, 460, 1377816428, 0, '900 am follow up ', 'call to follow up with Nadeem', 1377752400),
(17, 'Advertiser', 421, 460, 1377207781, 0, 0, 0, '8:00 they are on East Coast ... potential new client', 'sent Joe link to email am following up to see what direction he plans to go ', 1377493200),
(18, 'Advertiser', 20, 460, 1377277230, 0, 0, 0, '12:30 NAB Call has been moved', 'Rita emailed me to let me know they need to move our call to 3:30 EST', 1377234000),
(19, 'Advertiser', 158, 460, 1377539338, 460, 1378317187, 0, '10am', 'follow up call with Sabin... he should be back in the office to talk...he is traveling this week\r\n\r\n9/4/13.. sent Sabin a email to set up time to talk waiting on his response', 1378270800),
(20, 'Advertiser', 257, 460, 1377621090, 0, 0, 0, '9:00am follow up call', 'Call to tt Bill and see how the internal meetings have gone or are going', 1378789200),
(21, 'Advertiser', 202, 460, 1377627053, 0, 0, 0, 'test', 'test', 1378789200),
(22, 'Advertiser', 423, 460, 1377627214, 0, 0, 0, '2:00 pm old contact new company possible story', 'Touch base with Vaden find out more about Singular and what they do ... he sent a email blast to his contacts... possible targeted email blast client?', 1378789200),
(23, 'Advertiser', 316, 460, 1377630502, 460, 1377792482, 0, '1000 am ', 'trying to set up time with Peggy to discuss MCR agreement and renewal\r\n\r\nPeggy emailed me back and said she will get with me once she is back from business trip', 1377752400),
(24, '', 0, 29130, 1377638122, 29130, 1377796109, 0, 'LIve Links', 'U.S. Merchant Sytems & ROAMData have live links for the 13:09:01 flip book', 1377666000),
(25, 'Advertiser', 424, 460, 1377715214, 0, 0, 0, '1100 am follow up call potential new client', 'follow up call with Tom of Fidano', 1378270800),
(26, 'Advertiser', 159, 460, 1377718968, 460, 1378488145, 0, '11 am ', 'call with Karen to go over all the new pieces and build the renewal agreement properly', 1378702800),
(27, 'Advertiser', 170, 460, 1377794334, 460, 1378224598, 0, '100 pm', 'see if Heather has responded to my follow up email about the renewal agreement... Friday we got the signed agreement ', 1377838800),
(28, '', 0, 29130, 1377796025, 0, 0, 0, 'Live Links', 'Transfirst & Regal Payment Systems', 1379480400),
(29, 'Advertiser', 161, 460, 1378234456, 0, 0, 0, '2:00', 'Phone call with Darrin to discuss all the new things we have to offer...Let him know we now get to work together...', 1378443600),
(30, 'Advertiser', 314, 460, 1378335192, 0, 0, 0, '1 pm', 'call to intro myself and see where they are at how we can move forward', 1378357200),
(31, 'Advertiser', 371, 460, 1378335371, 0, 0, 0, 'please intro me to Bonnie... thanks :)', '', 1378357200),
(32, 'Advertiser', 64, 460, 1378335501, 0, 0, 0, 'please send me a invoice update request I can send on to Louis', '', 1378357200),
(33, 'Advertiser', 158, 460, 1378405867, 0, 0, 0, '11 am ', 'I will follow up and see how Sabin wants to move forward.', 1379566800),
(34, 'Advertiser', 2, 460, 1378407249, 0, 0, 0, '10 am Jason Felts AMS', 'follow up call to see how the wedding went and follow up on direction of his advertising campaign', 1379048400),
(35, 'Advertiser', 111, 460, 1378829949, 0, 0, 0, '10 am ', 'call with lindsey to discuss all of GS offerings and how we can work on building our partnership ', 1379307600),
(36, 'Advertiser', 371, 460, 1378848300, 0, 0, 0, '2 pm', 'follow up with Bonnie to see how we can work on Translogic media buy for ETA show', 1381208400),
(37, '', 0, 121, 1379078217, 0, 0, 0, '', '', 0),
(38, 'Advertiser', 241, 460, 1379619054, 0, 0, 0, 'follow up on rg renewal', '', 1379566800),
(39, 'Advertiser', 241, 460, 1379962257, 0, 0, 0, '230', 'email needs to be sent to follow up on client renewal', 1379912400),
(40, 'Advertiser', 21, 460, 1380041650, 0, 0, 0, 'am call to discuss renewal ', '', 1380776400),
(41, 'Advertiser', 438, 460, 1380558037, 0, 0, 0, '830 am ', 'follow up with Matthew to see what direction he wants to go for his advertising campaign', 1380862800),
(42, 'Advertiser', 253, 460, 1381175069, 0, 0, 0, '1243 set up to do virtual tour', 'talk shortly with Tony we are going to set up to do a virtual tour in November', 1383544800),
(43, 'Advertiser', 444, 460, 1381515316, 0, 0, 0, '900 am ', 'email to set up call to discuss a partnership', 1381899600),
(44, 'Advertiser', 445, 460, 1381515728, 0, 0, 0, '830 am ', 'met at wsaa wants to set up the virtual tour ', 1383109200),
(45, 'Advertiser', 103, 460, 1381852482, 0, 0, 0, '900 am ', 'follow up call with Brad from WSAA show', 1381899600),
(46, 'Advertiser', 446, 460, 1381865273, 0, 0, 0, '10 am ', 'set up call to go on virtual tour with potential client from WSAA show', 1381986000),
(47, 'Advertiser', 204, 460, 1381875494, 0, 0, 0, '10 am follow up from WSAA show VT', '', 1382072400),
(48, '', 0, 1746, 1382037510, 0, 0, 0, 'Integrity Payments', 'Follow up on RG and Reprint', 0),
(49, 'Advertiser', 409, 460, 1383326730, 0, 0, 0, 'set up reminder for Jon and I to work on 2014 buy', '', 1386223200),
(50, 'Advertiser', 64, 460, 1383327050, 0, 0, 0, 'remind Louis about Banner renewals', '', 1383544800),
(51, 'Advertiser', 167, 460, 1383593268, 0, 0, 0, 'Dean is renewing buyers guide', '', 1383544800),
(52, 'Advertiser', 307, 460, 1383593429, 0, 0, 0, 'put together renewal for Buyers Guide', '', 1383717600),
(53, '', 0, 460, 1387560909, 0, 0, 0, 'Follow up call set up for after the Holidays', 'Aimee Peterson\r\nPago Vision Inc.\r\nPhone: (877) 724-6478 Ext  5\r\n\r\n', 1389160800),
(54, 'Advertiser', 22, 460, 1387817262, 0, 0, 0, 'set up reminder to begin working on Sam Zeitz renewal ', '', 1389074400),
(55, 'Advertiser', 74, 460, 1387818654, 0, 0, 0, 'discuss renewal wit Sherri and Shawna', '', 1388383200),
(56, 'Advertiser', 439, 460, 1387820484, 0, 0, 0, 'follow up call to discuss how the test went ', '', 1388988000),
(57, 'Advertiser', 155, 460, 1387823462, 0, 0, 0, 'follow up after the holiday to but 2014 buy together', '', 1388124000),
(58, 'Advertiser', 70, 460, 1388429132, 0, 0, 0, 'follow up to discuss renewal for 2014', '', 1389074400),
(59, 'Advertiser', 70, 460, 1389204969, 0, 0, 0, 'add live link to new agreement sales@reliant-processing.com', '', 1397710800),
(60, 'Advertiser', 186, 460, 1389393467, 0, 0, 0, 'set up to send reminder email about agreement about to end with the 14:02:01 issue', '', 1389679200),
(61, '', 0, 1746, 1394735807, 0, 0, 0, 'Redwood Merchant Services', 'Renewal through West America Bank', 1395118800),
(62, '', 0, 29130, 1415123818, 0, 0, 0, 'United Merchant Services  Agreement #12716 ends with 14:11:02 issue', 'Bryan Leed\r\n\r\nlbryan@unitedmerchant.com\r\n\r\nlbryan@unitedmerchant.com\r\n\r\nT (800)260-3388 ext. 6601\r\n\r\nD (201) 562-1744\r\n\r\nC (201)820-8697\r\n\r\nF (201)562-1480\r\n\r\nor\r\n\r\n \r\n\r\nYuni Heo\r\n\r\nMarcom Manager\r\n\r\n \r\n\r\nUnited Merchant Service\r\n\r\nUMS-new-logo4email\r\n\r\nToll free:800-260-3388\r\n\r\n255 Rt. 17 South Hackensack, NJ 07601', 1415599200),
(63, '', 0, 460, 1420742162, 0, 0, 0, 'Call with Brooke Sacrider', 'need to call her @ 214-453-7711\r\n\r\ntime is 9 am my time.. need to discuss all the things available for 2015', 1420783200),
(64, '', 0, 460, 1420829722, 0, 0, 0, 'Tuesday 2pm with Sean from Sage his office number is 703-269-9242  ', '', 1421128800),
(65, '', 0, 460, 1421190356, 0, 0, 0, 'follow up with Sean', 'Sean from Sage his office number is 703-269-9242    ', 1423029600),
(66, '', 0, 460, 1421342424, 460, 1421342483, 0, 'follow up with Natalie of Elavon', ' 678.731.4016 or C: 770.241.0254', 1421906400),
(67, '', 0, 460, 1421445475, 0, 0, 0, 'Follow up with Kyle ', 'We discussed contributing writting\r\nspotlight partnership at 72k for the year\r\ncalendar of events sponsorship at 1000 per month \r\n\r\nhe is currently in the middle of buying the company so will follow up with him once that is all finalized\r\n\r\nBob wants to be bought out and Kyle has been running it for the past three years...888-574-9178\r\n\r\n', 1424239200),
(68, '', 0, 460, 1421783967, 0, 0, 0, 'follow up with Kyle ', 'We discussed contributing writting\r\nspotlight partnership at 72k for the year\r\ncalendar of events sponsorship at 1000 per month\r\n\r\nhe is currently in the middle of buying the company so will follow up with him once that is all finalized\r\n\r\nBob wants to be bought out and Kyle has been running it for the past three years...888-574-9178', 1424239200),
(69, '', 0, 460, 1421784100, 0, 0, 0, 'Circle back with Todd in late spring', 'Todd Brokenshire\r\nSales / Founder\r\n\r\nPOSLeader, Inc.\r\n\r\n1-800-379-8260 x580\r\nx 1 - Sales\r\nx 2 - Support\r\n1-303-536-3434 F (please include the 1)\r\nwww.posleader.com', 1430283600),
(70, 'Advertiser', 229, 460, 1423244296, 0, 0, 0, 'Call Martin PST', 'Call Martin   about the deadlines for his resource guide agreement try to get an agreement by the 12th to make the first issue of march', 1423461600),
(71, 'Advertiser', 74, 460, 1423586376, 0, 0, 0, 'follow up to see about renewal please', '', 1423548000),
(72, 'Advertiser', 493, 460, 1423586974, 0, 0, 0, 'Please try to reach to discuss renewal ideas', '', 1423634400),
(73, 'Advertiser', 96, 460, 1427140289, 0, 0, 0, 'follow up with Natalie regarding Spotlight Partnership ', '', 1427259600),
(74, 'Advertiser', 453, 460, 1427140448, 48308, 1427391131, 0, 'Rick please work to find out who is in charge of marketing now C&H Financial Services Inc', 'Our contact person is gone to another company. I need you to do some digging to find out who is in charge of Marketing now. Once you do see about setting up a virtual tour or see if they will be at ETA or SEAA... please set up a meeting\r\n\r\nCalled left note saying to call back at the end of the year', 1427259600),
(75, 'Advertiser', 494, 460, 1427140581, 0, 0, 0, 'email or call to see about advertising', '', 1427259600),
(76, 'Advertiser', 492, 460, 1427140691, 0, 0, 0, 'follow up to see how the campaign is going', '', 1427259600),
(77, 'Advertiser', 505, 460, 1427148164, 0, 0, 0, 'follow up with Drew to see about renewal', '', 1427259600),
(78, 'Advertiser', 307, 460, 1427148357, 48308, 1427390918, 0, 'reach out First Annapolis Consulting about Resource guides', 'sent an email Lindsey is very busy reconnecting with her on April 6th that week', 1427173200),
(79, 'Advertiser', 344, 460, 1427148475, 48308, 1427390949, 0, 'call see about doing a rg lisitng for 3 months instead Fidelity Payment Services', 'called left message', 1427173200),
(80, 'Advertiser', 376, 460, 1427148555, 48308, 1427390967, 0, 'reach out and see if you can get them to do a 3 month rg listing Bridgepay Network Solutions', 'called left message', 1427173200),
(81, 'Advertiser', 202, 460, 1427148793, 48308, 1427386905, 0, 'Hey Rick have you followed up on this? 1st American Leasing', '', 1427173200),
(82, 'Advertiser', 2, 460, 1427148859, 0, 0, 0, 'see what I can find info wise on Jason Felts', '', 1427346000),
(83, 'Advertiser', 233, 460, 1427149540, 460, 1427149606, 0, 'follow up with John regarding his renewal', '', 1428901200),
(84, 'Advertiser', 238, 460, 1427212528, 0, 0, 0, 'Follow up with Executech', 'Emailed Kyle yesterday and he responded and asked I reach out after ETA show to discuss moving forward with advertising.', 1428987600),
(85, 'Advertiser', 202, 460, 1427216157, 48308, 1427391286, 0, 'Rick please reach out to them and see about renewal 1st American Leasing', 'called left message', 1427346000),
(86, 'Advertiser', 156, 460, 1427216338, 48308, 1427391365, 0, 'Rick please reach out and discuss the rg options Advance Restaurant Finance', 'I think the person still is Marissa? I am not 100% certain. You might need to do some digging.\r\n\r\nCalled left message with Marrisa who is still here', 1427346000),
(87, 'Advertiser', 314, 460, 1427216472, 48308, 1427391157, 0, 'Rick please call Alpha Omega Solution, Inc', 'This is one that was a RGXL client... see what you can do to bring them back \r\n\r\nCalled left message', 1427259600),
(88, 'Advertiser', 296, 460, 1427216694, 48308, 1427387546, 0, 'Rick please call Biggins Law', 'Call and see about starting a new rg listing \r\n\r\nCalled their new number expecting call back', 1427346000),
(89, 'Advertiser', 241, 460, 1427216830, 48308, 1427391419, 0, 'Rick Please call Ed Alba Clearent', 'Discuss new upgrades of the rg options\r\nlive links\r\nscrolling text (offered to Lrg custom box and RGXL only)\r\n\r\ncalled left message', 1427432400),
(90, 'Advertiser', 344, 460, 1427217639, 48308, 1427387147, 0, 'Rick please call Fidelity Payment Services', 'This is one that had a buyers guide listing.. She also knows about our rg options... she won the silent auction at NEAA and got a RGXL listing for 1 year compd', 1427346000),
(91, 'Advertiser', 253, 460, 1427218259, 48308, 1427391203, 0, 'Rick please follow up GBR Funding', 'Need you to follow up with them... they had a RGXL listing... \r\n\r\nCalled Talked to John found out tony is no longer with them and he wants to set up a meeting at ETA', 1427259600),
(92, 'Advertiser', 283, 460, 1427220111, 48308, 1427391448, 0, 'Rick please call  Hi-TECH Merchant Services Inc.', 'This was a RGXL client.. please see about discussing the new things available with the resource guide.\r\n\r\nquarterly payments\r\nlive links\r\nscrolling text for the GS Flipbook\r\n\r\nCalled left message with a man named Leo', 1427432400),
(93, 'Advertiser', 343, 460, 1427221737, 48308, 1427391263, 0, 'Rick please call  Star Micronics America Inc.', 'Your Mom had a great idea this morning to check our news wire and see if we have had any press releases from them recently.. Sure enough Beginning of March we had one and the person that is marketing director her name is Annette Tarlton.\r\n\r\nPlease call the number we have on file and ask to speak with her direct... then you can discuss with her about the renewal agreement.\r\n\r\nCalled left message\r\n', 1427259600),
(94, 'Advertiser', 202, 460, 1427386643, 48308, 1427387176, 0, 'Rick please call and ask for Steve Mei 1st American Leasing', '', 1427346000),
(95, '', 0, 460, 1427472679, 0, 0, 0, 'eProcessing Network RG renewal.. working to upgrade to RGXL', 'Steve is out of the office till April 6th he will have no access to vm or email', 1428382800),
(96, '', 0, 460, 1427474974, 0, 0, 0, 'Nationwide Payment solutions 2 RGXL renewal', 'sent Danielle an email letting her know it is time to renew the RGXL listings... last issue they have scheduled 15:06:02', 1427691600),
(97, '', 0, 460, 1427747360, 0, 0, 0, 'Jet Pay LLC Rick please do some investigating', 'Please see if you can find a new contact person... try to see if you can find a new marketing contact', 1427864400),
(98, '', 0, 460, 1427747621, 48308, 1429292368, 0, 'JR''s POS Depot Rick please try to reach Terry and discuss some of the new things with RG listings we have available', 'Rick this is the last buy they did... Please see below Terry works for Riad... Now may be the best time to reach out again with all the new things we can offer in The resource guide.\r\n\r\nCampaign - ResourceGuide: - $4,120.00 - $4,000.00\r\n\r\n    Magazine: GS\r\n    Start Issue: 13:08:02\r\n    Final Issue: 14:08:01\r\n    Expiry Issue: 14:08:02\r\n    Duration: 4 quarter(s)\r\n    Heading(s): EQUIPMENT\r\n    Type: RGXL Custom Box\r\n    Add Url?: Yes\r\n    Url: www.jrposdepot.com\r\n    Name: JRS POS Depot\r\n    Phone: (954) 741-3433 ext. 121\r\n    Inventory: ResourceGuide - RGXL Custom Box - (preview) - edit-delete\r\n\r\nCampaign - ResourceGuide: - $3,812.00 - $2,750.00\r\n\r\n    Magazine: GS\r\n    Start Issue: 13:08:02\r\n    Final Issue: 14:08:01\r\n    Expiry Issue: 14:08:02\r\n    Duration: 4 quarter(s)\r\n    Heading(s): POS CREDIT CARD EQUIPMENT REPAIR\r\n    Type: Large Custom Box\r\n    Add Url?: Yes\r\n    Url: www.jrposdepot.com\r\n    Name: JRS POS Depot\r\n    Phone: (954) 741-3433 ext. 121\r\n    Inventory: ResourceGuide - Large Custom Box - (preview) - edit-delete\r\n\r\nCalled and left a message for Terry', 1427778000),
(99, '', 0, 48308, 1427751632, 0, 0, 0, 'Rick Reach back out to Petroleum Card Services', '', 1428469200),
(100, '', 0, 460, 1428337375, 0, 0, 0, 'follow up with Yuka from the email I sent 4/6/2015', '', 1428987600),
(101, '', 0, 460, 1428446518, 48308, 1429292954, 0, 'Please call EZ Pay Check Corp ', 'They are in FL talk with Doug ...see how the business has been going ... let him know about RG by the quarter\r\n\r\nCalled left message', 1428469200),
(102, '', 0, 460, 1428446577, 0, 0, 0, 'Please call EZ Pay Check Corp ', 'They are in FL talk with Doug ...see how the business has been going ... let him know about RG by the quarter', 1428469200),
(103, '', 0, 460, 1428685453, 0, 0, 0, 'Rick Please call JR''s POS Depot\r\nI did not see any notes on this. Thanks', 'Rick this is the last buy they did... Please see below Terry works for Riad... Now may be the best time to reach out again with all the new things we can offer in The resource guide.\r\n\r\nCampaign - ResourceGuide: - $4,120.00 - $4,000.00\r\n\r\n    Magazine: GS\r\n    Start Issue: 13:08:02\r\n    Final Issue: 14:08:01\r\n    Expiry Issue: 14:08:02\r\n    Duration: 4 quarter(s)\r\n    Heading(s): EQUIPMENT\r\n    Type: RGXL Custom Box\r\n    Add Url?: Yes\r\n    Url: www.jrposdepot.com\r\n    Name: JRS POS Depot\r\n    Phone: (954) 741-3433 ext. 121\r\n    Inventory: ResourceGuide - RGXL Custom Box - (preview) - edit-delete\r\n\r\nCampaign - ResourceGuide: - $3,812.00 - $2,750.00\r\n\r\n    Magazine: GS\r\n    Start Issue: 13:08:02\r\n    Final Issue: 14:08:01\r\n    Expiry Issue: 14:08:02\r\n    Duration: 4 quarter(s)\r\n    Heading(s): POS CREDIT CARD EQUIPMENT REPAIR\r\n    Type: Large Custom Box\r\n    Add Url?: Yes\r\n    Url: www.jrposdepot.com\r\n    Name: JRS POS Depot\r\n    Phone: (954) 741-3433 ext. 121\r\n    Inventory: ResourceGuide - Large Custom Box - (preview) - edit-delete', 1428901200),
(104, '', 0, 460, 1428685963, 48308, 1429292106, 0, 'Kahuna ATM Solutions', 'Rick please read the notes on this one. Lets see if we can get someone to talk to about some of the new tracking options we now have for RG listings... See about a different category and see about offering them three month RG... worth a shot\r\n\r\ncalled and went to marketing department gate keeper got me through to a womens Message box by the name of Pam Phillips', 1428901200),
(105, '', 0, 460, 1428686157, 48308, 1429291727, 0, 'Rick please call Legal Age ID Systems ', 'They had a bold rg listing..please read the notes and see if you can get someone to discuss this with. Find out what happened please and lets see if we can revive them as a partner.\r\n\r\nThanks\r\nD\r\n\r\nCalled and got a "this number has been disconnected" message', 1428901200),
(106, '', 0, 460, 1428690089, 0, 0, 0, '4/10/15 Sent reminder email to Natalie of Elavon', 'Follow up and call Natalie if I do not hear back from her sooner.\r\n 770-241-0254', 1428987600),
(107, '', 0, 460, 1428958355, 48308, 1429291490, 0, 'Fidelity Payment Services ', 'Please follow up with a call from the email you sent on March 24th\r\n\r\nCalled left message with Marketing department dont know if sara is still here.', 1428987600),
(108, '', 0, 460, 1429115008, 48308, 1429291199, 0, 'Express POS Distributors', 'Contract Id: 12962\r\n\r\nRick.. Please call asap and talk with Drew. His rg listing has expired.\r\n\r\ncalled left message. 4/17/2015', 1429074000),
(109, '', 0, 460, 1429206930, 0, 0, 0, 'Follow up and circle back with Sabra of Fundtech', '', 1429678800),
(110, '', 0, 460, 1429220137, 48308, 1429290991, 0, 'Rick please contact about renewal\r\nContract Id: 12867\r\nThurman Legal\r\nBold RG\r\nfinal issue 15:06:02', 'Called at 10 am left a message.', 1429246800),
(111, '', 0, 3, 1429737307, 0, 0, 0, 'test', 'test', 1429765200),
(112, '', 0, 3, 1429737327, 0, 0, 0, 'test2 ', 'test 2', 1430370000),
(113, 'Project', 1, 3, 1429819098, 0, 0, 0, 'This is a reminder', 'Also a test', 1429772400),
(114, 'Project', 2, 460, 1434472757, 0, 0, 0, 'follow up on RG renewal for Brad with Azura Leasing', '', 1434949200),
(115, '', 0, 460, 1434994109, 0, 0, 0, 'G2 Web Services', 'Please try to connect with them and see about getting them to renew.', 1435035600),
(116, '', 0, 460, 1434994385, 0, 0, 0, 'Please try to connect with POSLeader to discuss renewal', '\r\nTodd Brokenshire\r\n\r\n1-800-379-8260\r\ntodd@posleader.com\r\n', 1435035600),
(117, 'Project', 6, 460, 1434996539, 0, 0, 0, 'follow up with a phone call this friday if I do not hear back from her before then', '', 1435294800),
(118, 'Project', 6, 460, 1434999819, 0, 0, 0, 'follow up with a phone call this friday if I do not hear back from her before then', '', 1435294800),
(119, 'Project', 7, 460, 1435000610, 0, 0, 0, 'call follow up about renewal for Ingenico', '678.456.1211 or cell 714-351-0443\r\nScott.HOLT@ingenico.com', 1435294800),
(120, 'Project', 11, 460, 1436289649, 0, 0, 0, 'follow up call with Sabin', 'I''m not but feel free to call me thur or Friday 602-292-0444', 1436504400),
(121, 'Project', 13, 460, 1436547398, 0, 0, 0, 'follow up on Elavon', 'trying to connect with Natalie to discuss next piece of advertising campaign', 1436763600),
(122, '', 0, 460, 1439918417, 0, 0, 0, 'America''s ATM resource guide renewal', 'This is a large custom Box Please work on renewing', 1439960400),
(123, 'Advertiser', 560, 48308, 1458839457, 0, 0, 0, 'Follow up with Alipse Merchant Services Inc.', 'Followup with Tom Sullivan about renewal and possible other advertising.', 1485928800);

-- --------------------------------------------------------

--
-- Table structure for table `reminder_recipients`
--

CREATE TABLE IF NOT EXISTS `reminder_recipients` (
  `id` int(8) NOT NULL AUTO_INCREMENT,
  `reminder_id` int(8) NOT NULL,
  `recipient_id` int(8) NOT NULL,
  `dismissed` int(11) DEFAULT NULL,
  PRIMARY KEY (`id`),
  KEY `reminder_id` (`reminder_id`,`recipient_id`),
  KEY `dismissed` (`dismissed`)
) ENGINE=InnoDB  DEFAULT CHARSET=latin1 AUTO_INCREMENT=336 ;

--
-- Dumping data for table `reminder_recipients`
--

INSERT INTO `reminder_recipients` (`id`, `reminder_id`, `recipient_id`, `dismissed`) VALUES
(1, 1, 460, 1377013897),
(2, 2, 460, 1377198385),
(3, 3, 460, 1377198398),
(4, 4, 460, 1377279809),
(5, 5, 460, 1377198416),
(6, 6, 460, 1377198430),
(7, 7, 460, 1429117681),
(8, 7, 1746, 1379618281),
(10, 9, 29130, 1377796134),
(11, 10, 121, 1377206605),
(12, 11, 460, 1429115495),
(13, 12, 460, 1377198458),
(14, 13, 460, 1377208093),
(15, 13, 1746, 1377205468),
(20, 17, 460, NULL),
(21, 18, 460, 1378830000),
(22, 8, 460, 1429115134),
(23, 14, 460, NULL),
(24, 14, 1746, 1379618296),
(25, 15, 460, 1429115162),
(27, 20, 460, 1429115394),
(28, 21, 460, 1378829978),
(29, 22, 460, 1429115331),
(33, 25, 460, 1429115213),
(36, 23, 460, 1429115194),
(38, 28, 29130, 1400709612),
(39, 28, 3, 1380641808),
(42, 24, 29130, 1378416749),
(43, 24, 3, 1378926076),
(44, 16, 460, NULL),
(45, 27, 460, 1378830029),
(46, 29, 460, 1429117632),
(47, 19, 460, NULL),
(48, 30, 460, 1429115258),
(49, 31, 460, 1378830085),
(50, 31, 1746, 1378397140),
(51, 32, 460, 1429115276),
(52, 32, 1746, 1378396835),
(53, 33, 460, NULL),
(54, 34, 460, 1429115343),
(59, 26, 460, 1429115301),
(60, 26, 1746, 1379365335),
(61, 35, 460, 1429115362),
(62, 36, 460, NULL),
(63, 37, 121, NULL),
(64, 38, 460, 1429115412),
(65, 39, 460, 1429115446),
(66, 40, 460, 1429115431),
(67, 41, 460, 1429115474),
(68, 42, 460, 1429115629),
(69, 43, 460, 1429115566),
(70, 44, 460, 1429115591),
(71, 45, 460, 1429115612),
(72, 46, 460, NULL),
(73, 47, 460, 1429115514),
(74, 48, 460, 1429117612),
(75, 48, 1746, 1389997320),
(76, 49, 460, 1429115694),
(77, 50, 460, 1429115648),
(78, 51, 460, 1429115660),
(79, 52, 460, 1429115677),
(80, 53, 460, NULL),
(81, 54, 460, 1429115764),
(82, 55, 460, 1429115725),
(83, 56, 460, 1429115746),
(84, 57, 460, 1429115710),
(85, 58, 460, 1429115780),
(86, 59, 460, 1429115846),
(87, 60, 460, 1429115803),
(88, 61, 460, 1429115829),
(89, 61, 1746, 1417457458),
(90, 62, 460, 1429117097),
(91, 62, 29130, 1442447133),
(92, 63, 460, NULL),
(93, 64, 460, 1429117493),
(94, 65, 460, NULL),
(96, 66, 460, NULL),
(97, 67, 460, NULL),
(98, 68, 460, 1429117547),
(99, 69, 460, NULL),
(100, 70, 48308, 1426008271),
(101, 71, 460, 1429117517),
(102, 71, 48308, 1426008253),
(103, 72, 460, NULL),
(104, 72, 48308, 1426008243),
(105, 73, 460, NULL),
(108, 75, 460, NULL),
(109, 76, 460, NULL),
(110, 77, 460, NULL),
(119, 82, 460, NULL),
(121, 83, 460, NULL),
(137, 84, 460, NULL),
(138, 84, 1746, 1458157686),
(183, 81, 460, NULL),
(184, 81, 1746, 1458157515),
(185, 81, 48308, 1427389165),
(207, 90, 460, NULL),
(208, 90, 1746, NULL),
(209, 90, 48308, 1458160261),
(210, 94, 460, NULL),
(211, 94, 1746, 1458157577),
(212, 94, 48308, 1458160281),
(219, 88, 460, NULL),
(220, 88, 1746, NULL),
(221, 88, 48308, NULL),
(222, 78, 460, NULL),
(223, 78, 1746, NULL),
(224, 78, 48308, NULL),
(225, 79, 460, NULL),
(226, 79, 1746, NULL),
(227, 79, 48308, NULL),
(228, 80, 460, NULL),
(229, 80, 1746, NULL),
(230, 80, 48308, NULL),
(231, 74, 460, NULL),
(232, 74, 1746, 1458154974),
(233, 74, 48308, 1458156790),
(234, 87, 460, NULL),
(235, 87, 1746, NULL),
(236, 87, 48308, NULL),
(237, 91, 460, NULL),
(238, 91, 1746, NULL),
(239, 91, 48308, NULL),
(240, 93, 460, NULL),
(241, 93, 1746, NULL),
(242, 93, 48308, NULL),
(243, 85, 460, NULL),
(244, 85, 1746, 1458157553),
(245, 85, 48308, 1458160236),
(246, 86, 460, NULL),
(247, 86, 1746, NULL),
(248, 86, 48308, NULL),
(249, 89, 460, NULL),
(250, 89, 1746, NULL),
(251, 89, 48308, NULL),
(252, 92, 460, NULL),
(253, 92, 1746, NULL),
(254, 92, 48308, NULL),
(255, 95, 460, NULL),
(256, 95, 1746, 1458157625),
(257, 96, 460, NULL),
(258, 96, 1746, 1458157655),
(259, 97, 460, NULL),
(260, 97, 1746, NULL),
(261, 97, 48308, NULL),
(265, 99, 460, NULL),
(266, 99, 1746, 1458156245),
(267, 99, 48308, 1458160312),
(268, 100, 460, NULL),
(269, 100, 1746, NULL),
(273, 102, 460, NULL),
(274, 102, 1746, NULL),
(275, 102, 48308, 1428519107),
(279, 103, 460, NULL),
(280, 103, 1746, NULL),
(281, 103, 48308, NULL),
(288, 106, 460, NULL),
(289, 106, 1746, 1458157608),
(295, 109, 460, NULL),
(298, 110, 460, NULL),
(299, 110, 48308, NULL),
(300, 108, 460, NULL),
(301, 108, 48308, NULL),
(302, 107, 460, NULL),
(303, 107, 1746, NULL),
(304, 107, 48308, NULL),
(305, 105, 460, NULL),
(306, 105, 1746, NULL),
(307, 105, 48308, NULL),
(308, 104, 460, NULL),
(309, 104, 1746, NULL),
(310, 104, 48308, NULL),
(311, 98, 460, NULL),
(312, 98, 1746, NULL),
(313, 98, 48308, NULL),
(314, 101, 460, NULL),
(315, 101, 1746, NULL),
(316, 101, 48308, NULL),
(317, 111, 3, 1429819116),
(318, 112, 3, 1430852207),
(319, 113, 460, NULL),
(320, 113, 3, NULL),
(321, 114, 460, NULL),
(322, 115, 460, NULL),
(323, 115, 48308, NULL),
(324, 116, 460, NULL),
(325, 116, 48308, NULL),
(326, 117, 460, NULL),
(327, 118, 460, NULL),
(328, 119, 460, NULL),
(329, 120, 460, NULL),
(330, 121, 460, NULL),
(331, 122, 460, NULL),
(332, 122, 1746, NULL),
(333, 122, 48308, NULL),
(334, 123, 1746, NULL),
(335, 123, 48308, NULL);

-- --------------------------------------------------------

--
-- Table structure for table `reports`
--

CREATE TABLE IF NOT EXISTS `reports` (
  `id` int(8) NOT NULL AUTO_INCREMENT,
  `type` varchar(25) NOT NULL DEFAULT 'Sales',
  `name` varchar(100) NOT NULL,
  `menu_name` varchar(255) NOT NULL,
  PRIMARY KEY (`id`),
  KEY `name` (`name`),
  KEY `type` (`type`)
) ENGINE=MyISAM  DEFAULT CHARSET=latin1 AUTO_INCREMENT=5 ;

--
-- Dumping data for table `reports`
--

INSERT INTO `reports` (`id`, `type`, `name`, `menu_name`) VALUES
(1, 'Sales', 'SalesYTD', 'Sales - Year to Date'),
(2, 'Sales', 'CompNetSales', 'Comp Net Sales '),
(3, 'Sales', 'AdSalesProjections', 'Ad Sales Projections'),
(4, 'Sales', 'SalesComparisonByCompany', 'Sales Comparison By Company');

-- --------------------------------------------------------

--
-- Table structure for table `resourceGuide_categories`
--

CREATE TABLE IF NOT EXISTS `resourceGuide_categories` (
  `id` int(8) unsigned NOT NULL AUTO_INCREMENT,
  `category` varchar(100) NOT NULL DEFAULT '',
  `gs_site` tinyint(1) unsigned NOT NULL DEFAULT '1',
  `pp_site` tinyint(1) unsigned NOT NULL DEFAULT '0',
  PRIMARY KEY (`id`),
  UNIQUE KEY `category` (`category`)
) ENGINE=MyISAM  DEFAULT CHARSET=latin1 AUTO_INCREMENT=155 ;

--
-- Dumping data for table `resourceGuide_categories`
--

INSERT INTO `resourceGuide_categories` (`id`, `category`, `gs_site`, `pp_site`) VALUES
(126, 'ELECTRONIC BILL PRESENTMENT & PAYMENT', 1, 1),
(78, 'ATTORNEYS', 1, 0),
(6, 'BANKS LOOKING FOR AGENTS', 1, 0),
(7, 'BANKS LOOKING FOR ISOs / MSPs', 1, 0),
(82, 'EDUCATION', 1, 0),
(10, 'CHECK GUARANTEE / VERIFICATION', 1, 0),
(68, 'WEBSITE DESIGNS / SEO', 1, 0),
(13, 'EQUIPMENT', 1, 0),
(17, 'GIFT / LOYALTY CARD PROGRAMS', 1, 0),
(18, 'HIGH RISK', 1, 0),
(53, 'FINANCING FOR ISOs', 1, 0),
(91, 'CRM', 1, 0),
(21, 'ISO RELATIONSHIPS AVAILABLE', 1, 0),
(66, 'ISO/POS DEALER LOOKING FOR AGENTS', 1, 0),
(24, 'ISOs / BANKS PURCHASING MERCHANT PORTFOLIOS', 1, 0),
(119, 'ECOMMERCE TOOLS', 1, 1),
(26, 'ISOs LOOKING FOR AGENTS', 1, 0),
(27, 'LEASING', 1, 0),
(124, 'CHECK PROCESSING', 1, 1),
(30, 'MULTI - CURRENCY PROCESSING', 1, 0),
(31, 'PAPER ROLLS & RIBBON SUPPLIERS / DEALERS', 1, 0),
(32, 'PAYMENT GATEWAY', 1, 0),
(33, 'PAYMENT GATEWAY / SERVERS / ISPs', 1, 0),
(34, 'POS CHECK CONVERSION', 1, 0),
(35, 'POS CREDIT CARD EQUIPMENT REPAIR', 1, 0),
(36, 'POS SUPPLIES', 1, 0),
(38, 'PRIVATE PARTIES PURCHASING PORTFOLIOS', 1, 0),
(39, 'PROCESSORS LOOKING FOR ISOs', 1, 0),
(40, 'SITE SURVEYS', 1, 0),
(41, 'SUPPORT DESK FOR POS TERMINALS & PC SOFTWARE', 1, 0),
(72, 'TRAINING', 1, 0),
(83, 'EMPLOYMENT', 1, 0),
(54, 'DEBT MANAGEMENT SERVICES', 1, 0),
(55, 'PREPAID', 1, 0),
(56, 'CASH ADVANCE LOOKING FOR AGENTS', 1, 0),
(57, 'PCI DSS COMPLIANCE', 1, 0),
(58, 'OFFSHORE BANKS LOOKING FOR ISOs', 1, 0),
(122, 'ISOs WANTED', 1, 1),
(69, 'ACH - CHECK 21', 1, 0),
(63, 'MERCHANT MANAGEMENT SOFTWARE', 1, 0),
(90, 'INTERNATIONAL PROCESSING', 1, 0),
(80, 'AGENTS / ISO PARTNERSHIPS', 1, 0),
(89, 'PUBLIC RELATIONS', 1, 0),
(84, 'ATM ISOs LOOKING FOR AGENTS', 1, 0),
(121, 'ADVANCED TECHNOLOGY SOLUTIONS', 1, 1),
(86, 'MARKETING AND ADVERTISING', 1, 0),
(88, 'ISOs PURCHASING ISOs', 1, 0),
(95, 'PORTFOLIO PURCHASES AND LOANS', 1, 0),
(96, 'EMPLOYMENT OPPORTUNITIES', 1, 0),
(97, 'MOBILE APPLICATIONS', 1, 1),
(98, 'WIRELESS COMMUNICATIONS', 1, 0),
(99, 'SERVERS/ ISP''S', 1, 0),
(106, 'PROMOTIONAL MARKETING', 1, 0),
(101, 'MOBILE PROCESSING', 1, 0),
(104, 'PAYMENT TECHNOLOGY', 1, 0),
(105, 'Wholesale ISOs', 1, 0),
(107, 'POINT OF SALE SYSTEMS & SERVICES', 1, 0),
(123, 'ISOs/PROCESSORS SEEKING SALES AGENTS', 1, 0),
(117, 'BUYING/SELLING ISOs', 1, 1),
(111, 'PRODUCT SOLUTIONS', 1, 1),
(112, 'ISOs LOOKING FOR PROCESSORS', 1, 0),
(125, 'ACH ', 1, 1),
(114, 'CLOUD BASED PRODUCTS', 1, 0),
(120, 'HARD TO PLACE SPECIALISTS', 1, 1),
(127, 'ELECTRONIC INVOICING', 1, 1),
(128, 'ACH/eCHECK SERVICES', 1, 1),
(129, 'ERP/ ACCOUNTING SOFTWARE INTEGRATION', 1, 1),
(130, 'QUICK BOOKS INTEGRATION', 1, 1),
(131, 'BUSINESS BROKERS', 1, 1),
(132, 'ADVANCED PAYMENT SOLUTIONS', 1, 1),
(133, 'SPECIALTY POS SOLUTIONS', 1, 1),
(134, 'BID TOOL', 1, 0),
(135, 'CONSULTING', 1, 1),
(137, 'ACQUIRING PORTFOLIOS', 1, 1),
(138, 'LEAD GENERATION', 1, 1),
(139, 'APPLE / ANDROID APP RESELLERS', 1, 1),
(140, 'SOFTWARE AGENTS', 1, 1),
(141, 'POS PRODUCT DISTRIBUTOR', 1, 1),
(142, 'DEVELOPER TOOLS', 1, 0),
(143, 'WIRELESS PAYMENT PROCESSING', 1, 0),
(144, 'CASHLESS  ATM''S', 1, 0),
(145, 'ADVANCED PRODUCTS', 1, 1),
(147, 'LEAD MANAGEMENT TOOLS', 1, 0),
(149, 'COLLECTION SERVICES', 1, 0),
(150, 'EMV CERTIFICATION', 1, 0),
(151, 'EQUIPMENT/POS SUPPLIES', 1, 0),
(152, 'ADVANCED BENEFIT SOLUTIONS', 1, 0),
(153, 'PROCESSORS', 1, 0),
(154, 'CERTIFICATION PROGRAM', 1, 1);

-- --------------------------------------------------------

--
-- Table structure for table `resourceGuide_inventory`
--

CREATE TABLE IF NOT EXISTS `resourceGuide_inventory` (
  `id` int(8) unsigned NOT NULL AUTO_INCREMENT,
  `contract_id` int(8) DEFAULT NULL,
  `campaign_id` int(8) DEFAULT NULL,
  `company_name` varchar(255) NOT NULL DEFAULT '',
  `email` varchar(50) DEFAULT NULL,
  `website` varchar(255) DEFAULT NULL,
  `email_link_flag` tinyint(1) unsigned NOT NULL DEFAULT '0',
  `phone` varchar(50) DEFAULT NULL,
  `categories` varchar(100) DEFAULT NULL,
  `rank` int(2) NOT NULL DEFAULT '0',
  `bold` int(1) unsigned NOT NULL DEFAULT '0',
  `gs_site` tinyint(1) unsigned NOT NULL DEFAULT '1',
  `pp_site` tinyint(1) unsigned NOT NULL DEFAULT '0',
  `start_date` int(11) NOT NULL DEFAULT '1325436815',
  `expiry_date` int(11) NOT NULL DEFAULT '1357020000',
  `archived` int(11) NOT NULL DEFAULT '0',
  `online_only` tinyint(1) NOT NULL DEFAULT '0',
  `link` varchar(255) DEFAULT NULL,
  `addition` varchar(10) DEFAULT NULL,
  `animated_text` text,
  PRIMARY KEY (`id`),
  KEY `expiry_date` (`expiry_date`),
  KEY `contract_id` (`contract_id`,`campaign_id`),
  KEY `start_date` (`start_date`)
) ENGINE=MyISAM  DEFAULT CHARSET=latin1 AUTO_INCREMENT=802 ;

--
-- Dumping data for table `resourceGuide_inventory`
--

INSERT INTO `resourceGuide_inventory` (`id`, `contract_id`, `campaign_id`, `company_name`, `email`, `website`, `email_link_flag`, `phone`, `categories`, `rank`, `bold`, `gs_site`, `pp_site`, `start_date`, `expiry_date`, `archived`, `online_only`, `link`, `addition`, `animated_text`) VALUES
(438, 10465, 407, 'Merchant Accounts Illinois, Inc.', NULL, 'www.discountcreditcardsupply.com', 0, '877.298.6939', '13', 0, 0, 1, 0, 1325436815, 1329112800, 0, 0, NULL, NULL, NULL),
(439, 10467, 409, 'Money Tree Merchant Services, Inc.', NULL, 'www.moneytreerewards.com', 0, '800.582.2502 x2', '26', 0, 1, 1, 0, 1325436815, 1327298400, 0, 0, NULL, NULL, NULL),
(293, NULL, NULL, 'GBM Transactions, LLC', '', 'www.gbmtransactions.com', 0, '(817) 307-8291', '38', 0, 0, 1, 0, 1325436815, 1357020000, 0, 0, NULL, NULL, NULL),
(428, 10762, 387, 'GBR Funding', NULL, 'www.gbrfunding.com', 0, '678.813.4727', '56', 0, 0, 1, 0, 1325436815, 1355119200, 1349984424, 0, NULL, NULL, NULL),
(422, 10518, 360, 'EZ Check', NULL, 'www.ezchk.com', 0, '800.797.5302', '10#69#17', 0, 0, 1, 0, 1325436815, 1332738000, 0, 0, NULL, NULL, NULL),
(469, 10667, 445, 'GRP Funding, LLC.', NULL, 'gsinfo@grpfunding.com', 0, '877.571.7999', '56', 0, 0, 1, 0, 1325436815, 1347253200, 1344019051, 0, NULL, NULL, NULL),
(425, 12077, 390, 'Selling Prepaid', NULL, 'www.sellingpreaid.com', 0, '800.757.4441', '55', 0, 0, 1, 0, 1325436815, 1358150400, 0, 0, NULL, NULL, NULL),
(477, 3094, 463, 'Trustwave', NULL, 'www.trustwave.com', 0, '312.873.7484', '57', 0, 0, 1, 0, 1325436815, 1304917200, 0, 0, NULL, NULL, NULL),
(478, 2649, 464, 'TSYS Acquiring Solutions', NULL, 'www.tsysacquiring.com', 0, '706.644.4422', '39', 0, 1, 1, 0, 1325436815, 1263189600, 0, 0, NULL, NULL, NULL),
(298, NULL, NULL, 'Moneris Solutions, Inc ', '', 'http://www.monerisusa.com/partnerProgram/iso', 0, '(877) 635-3570', '39', 0, 0, 1, 0, 1325436815, 1357020000, 0, 0, NULL, NULL, NULL),
(423, 10388, 388, 'Netcom PaySystem', NULL, 'www.netcompaysystem.com', 0, '800.875.6680', '26', 0, 0, 1, 0, 1325436815, 1326088800, 0, 0, NULL, NULL, NULL),
(311, NULL, NULL, 'eprocessing Network', '', 'www.eProcessingNEtwork.com', 0, '800-296-4810', '32', 0, 0, 0, 0, 1325436815, 1357020000, 0, 0, NULL, NULL, NULL),
(291, NULL, NULL, 'Global Payments', '', 'www.globalpaymentsinc.com', 0, '(800) 801-9552', '10#21#24#32', 0, 0, 1, 0, 1325436815, 1357020000, 0, 0, NULL, NULL, NULL),
(475, 2885, 456, 'Solveras Payment Solutions', NULL, 'www.solveras.com', 0, '615.550.9354', '69', 0, 0, 1, 0, 1325436815, 1284354000, 0, 0, NULL, NULL, NULL),
(485, 10537, 471, 'Velocity Funding LLC', NULL, 'www.velocityfunding.com', 0, '888.818.3552 x 202', '24', 0, 0, 1, 0, 1325436815, 1336971600, 0, 0, NULL, NULL, NULL),
(360, NULL, NULL, 'Advanced PR Solutions', 'jasonwgranger@gmail.com', '', 0, '314-222-9095', '89', 0, 0, 1, 0, 1325436815, 1357020000, 0, 0, NULL, NULL, NULL),
(430, 10470, 398, 'International Merchant Solutions, Inc.', NULL, 'www.officialims.com', 0, '800.313.2265 X 106', '18', 0, 0, 1, 0, 1325436815, 1329112800, 0, 0, NULL, NULL, NULL),
(490, 10787, 477, 'Xenex Merch', '', 'www.goxenex.com', 0, '888.918.4409 x 511', '26', 4, 0, 1, 0, 1325436815, 1359360000, 0, 0, NULL, NULL, NULL),
(432, 10001, 400, 'iPayment, Inc.', NULL, 'www.ipayment-agent-iso.com', 0, '888.519.9466', '21#26', 0, 0, 1, 0, 1325436815, 1280120400, 0, 0, NULL, NULL, NULL),
(431, 10694, 399, 'Integrity Payment Systems', NULL, 'www.integritypays.com', 0, '888.477.4500', '7', 0, 1, 1, 0, 1325436815, 1352700000, 1349984400, 0, NULL, NULL, NULL),
(444, 10814, 418, 'Network Merchants Inc,', NULL, 'www.nmi.com', 0, '800.617.4850', '33', 0, 1, 1, 0, 1325436815, 1364194800, 0, 0, NULL, NULL, NULL),
(440, 10286, 408, 'Merchants Choice Payment Solutions', NULL, 'www.mcpscorp.com', 0, '800.478.9367 x 5', '26', 0, 0, 1, 0, 1325436815, 1304917200, 0, 0, NULL, NULL, NULL),
(442, 10521, 419, 'Network Merchants Inc,', NULL, 'www.nmi.com', 0, '800.617.4850', '33', 0, 1, 1, 0, 1325436815, 1332738000, 0, 0, NULL, NULL, NULL),
(389, 12048, 306, 'PCI Compliance LLC', NULL, 'www.gotpci.com', 0, '866-949-9777', '57', 0, 0, 1, 0, 1325436815, 1372057200, 0, 0, NULL, NULL, NULL),
(86, NULL, NULL, 'Merimac Capital', 'sales@first-american.net', 'http://www.first-american.net', 0, '(866) 464-3277', '27', 0, 0, 1, 0, 1325436815, 1357020000, 0, 0, NULL, NULL, NULL),
(441, 10347, 410, 'Moneris Solutions', NULL, 'www.monerisusa.com/PartnerProgram/iso', 0, '877.635.3570', '6', 0, 0, 1, 0, 1325436815, 1309150800, 0, 0, NULL, NULL, NULL),
(447, 10842, 415, 'Nationwide Payment Solutions', NULL, 'www.getnationwide.com', 0, '877.290.1975.5447', '26', 0, 0, 1, 0, 1325436815, 1395644400, 0, 0, NULL, NULL, NULL),
(290, NULL, NULL, 'National Transaction Corp', '', 'www.nationaltransaction.com', 0, '(888) 996-2273', '18', 0, 0, 1, 0, 1325436815, 1357020000, 0, 0, NULL, NULL, NULL),
(90, NULL, NULL, 'Netcom PaySystem', '', 'www.netcompaysystem.com', 0, '(800) 875-6680', '26', 3, 0, 1, 0, 1325436815, 1357020000, 0, 0, NULL, NULL, NULL),
(472, 3038, 460, 'Spectrum Field Services', NULL, 'www.spectrumfsi.com', 0, '800.700.1701', '40', 0, 0, 1, 0, 1325436815, 1301288400, 0, 0, NULL, NULL, NULL),
(473, 10826, 461, 'The Law Offices of Michael A. Brewer, APC', '', 'www.brewerlawyergroup.com/cclitigation', 0, '949.679.6060', '78', 5, 0, 1, 0, 1325436815, 1361779200, 0, 0, NULL, NULL, NULL),
(329, NULL, NULL, 'Electronic Merchant Systems', '', 'www.emsagents.com', 0, '(866) 845-6026', '80', 3, 0, 1, 0, 1325436815, 1357020000, 1344373928, 0, NULL, NULL, NULL),
(436, 10804, 405, 'Kahuna ATM Solutions', NULL, 'www.kahunaatm.com', 0, '888.357.8472', '92', 0, 0, 1, 0, 1325436815, 1359360000, 0, 0, NULL, NULL, NULL),
(313, NULL, NULL, 'test', '', '', 0, '4444444444', '69', 0, 0, 0, 0, 1325436815, 1357020000, 0, 0, NULL, NULL, NULL),
(470, 10872, 458, 'Spectrum Field Services', NULL, 'www.spectrumfsi.com', 0, '800.700.1701', '40', 0, 0, 1, 0, 1325436815, 1366614000, 0, 0, NULL, NULL, NULL),
(114, NULL, NULL, 'Secur-Chex', 'sales@first-american.net', 'http://www.first-american.net', 0, '(866) 464-3277', '10#34', 0, 0, 1, 0, 1325436815, 1357020000, 0, 0, NULL, NULL, NULL),
(476, 10585, 462, 'Trustwave', NULL, 'www.trustwave.com', 0, '312.873.7484', '57', 0, 0, 1, 0, 1325436815, 1336971600, 0, 0, NULL, NULL, NULL),
(143, NULL, NULL, 'The Phoenix Group', '', '', 0, '(866) 559-7627', '13', 0, 0, 1, 0, 1325436815, 1357020000, 0, 0, NULL, NULL, NULL),
(125, NULL, NULL, 'THERMAL PAPER DIRECT', 'thermalpaper@aol.com', 'http://www.thermalpaperdirect.com', 0, '(877) 810-5900', '31', 0, 0, 1, 0, 1325436815, 1357020000, 0, 0, NULL, NULL, NULL),
(344, NULL, NULL, 'Pivotal Payments', '', 'www.ISOAgentProgram.com', 0, '(866) 467-2688', '80', 0, 0, 1, 0, 1325436815, 1357020000, 0, 0, NULL, NULL, NULL),
(483, 10548, 469, 'Velocity Merchant Services', NULL, 'www.getvms.com', 0, '888.902.6227 x 702', '26', 0, 0, 1, 0, 1325436815, 1331528400, 0, 0, NULL, NULL, NULL),
(132, NULL, NULL, 'Verifone', '', 'http://www.verifonezone.com', 0, '(800) VERIFONE', '13', 0, 0, 1, 0, 1325436815, 1357020000, 1344019794, 0, NULL, NULL, NULL),
(134, NULL, NULL, 'United Cash Solutions', '', '', 0, '(800) 698-0026 x1430', '84', 0, 0, 1, 0, 1325436815, 1357020000, 0, 0, NULL, NULL, NULL),
(462, 12087, 440, 'CrossCheck, Inc.', NULL, 'www.cross-check.com', 0, '800.654.2365', '10', 0, 1, 1, 0, 1325436815, 1357624800, 0, 0, NULL, NULL, NULL),
(145, NULL, NULL, 'FLEXGIFT/USMI', '', '', 0, '(800) 260-3388', '17', 0, 0, 1, 0, 1325436815, 1357020000, 0, 0, NULL, NULL, NULL),
(238, NULL, NULL, 'VMS', '', 'www.getvms.com', 0, '888-902-6227', '26', 0, 0, 1, 0, 1325436815, 1357020000, 0, 0, NULL, NULL, NULL),
(463, 12086, 439, 'Adam Atlas Attorney at Law', NULL, '', 0, '514.842.0886', '78', 0, 1, 1, 0, 1325436815, 1357624800, 0, 0, NULL, NULL, NULL),
(464, 12085, 438, 'Electronic Payments ', NULL, 'www.egiftsolutions.com', 0, '800.966.5520 X234', '17', 0, 1, 1, 0, 1325436815, 1358150400, 0, 0, NULL, NULL, NULL),
(474, 10405, 455, 'Security Card Services LLC', NULL, 'www.securitycardservicesllc.com', 0, '887-995-9198 x210', '88', 0, 0, 1, 0, 1325436815, 1318222800, 0, 0, NULL, NULL, NULL),
(394, 10539, 357, 'eProcessing Network LLC', NULL, 'www.eprocessingnetwork.com', 0, '800.296.4810', '32', 0, 0, 1, 0, 1325436815, 1336971600, 0, 0, NULL, NULL, NULL),
(427, 10619, 392, 'Paramount Merchant Funding', NULL, 'www.paramountmerchantfunding.com', 0, '877.796.6554', '56', 0, 0, 1, 0, 1325436815, 1339390800, 0, 0, NULL, NULL, NULL),
(347, NULL, NULL, 'International CyberTrans', '', 'www.cybertrans.com', 0, '(877) 804-3300 X150', '21', 0, 0, 1, 0, 1325436815, 1357020000, 0, 0, NULL, NULL, NULL),
(437, 10709, 406, 'Maas Global Solutions', NULL, 'www.maasglobalsolutions.com', 0, '866.666.2141', '32', 0, 0, 1, 0, 1325436815, 1350882000, 0, 0, NULL, NULL, NULL),
(356, NULL, NULL, 'Proven Funding', '', 'www.provenfundingrecruit.com', 0, '(888) 744-8331', '56', 0, 0, 1, 0, 1325436815, 1357020000, 0, 0, NULL, NULL, NULL),
(449, 10353, 421, 'Northern Leasing', NULL, 'www.northernleasing.com', 0, '800.683.5433', '27', 0, 1, 1, 0, 1325436815, 1315803600, 0, 0, NULL, NULL, NULL),
(178, NULL, NULL, 'Harbortouch', '', '', 0, '(800) 201-0461 x136', '26', 0, 0, 1, 0, 1325436815, 1357020000, 0, 0, NULL, NULL, NULL),
(180, NULL, NULL, 'United Merchant Services', '', '', 0, '(800) 260-3388', '26', 0, 0, 1, 0, 1325436815, 1357020000, 0, 0, NULL, NULL, NULL),
(255, NULL, NULL, 'M2 Financial', '', 'www.M2-financial.com', 0, '(866) 720-3729', '58', 0, 0, 1, 0, 1325436815, 1357020000, 0, 0, NULL, NULL, NULL),
(309, NULL, NULL, 'eProcessing Network', '', 'www.eProcessingNetwork.com', 0, '(800) 296-4810', '32', 0, 0, 0, 0, 1325436815, 1357020000, 0, 0, NULL, NULL, NULL),
(445, 10564, 417, 'National Transaction Corporation', NULL, 'www.nationaltransaction.com', 0, '1-888-996-2273', '18', 0, 1, 1, 0, 1325436815, 1333947600, 0, 0, NULL, NULL, NULL),
(336, NULL, NULL, 'First American Payment Systems', '', 'www.first-american.net', 0, '(866) 604-FAPS', '26', 1, 0, 1, 0, 1325436815, 1357020000, 0, 0, NULL, NULL, NULL),
(451, 3012, 424, 'Payvision', NULL, 'www.payvision.com', 0, '917.237.0090', '30', 0, 0, 1, 0, 1325436815, 1300078800, 0, 0, NULL, NULL, NULL),
(194, NULL, NULL, 'CardWare International', 'sales@13-inc.com', 'http://www.cardwareinternational.com', 0, '(740) 522-2150', '41', 0, 0, 1, 0, 1325436815, 1357020000, 0, 0, NULL, NULL, NULL),
(353, NULL, NULL, 'Payvision', '', 'www.Payvision.com', 0, '(917) 237-0090', '30', 0, 0, 1, 0, 1325436815, 1357020000, 0, 0, NULL, NULL, NULL),
(450, 10639, 423, 'Northern Leasing Systems, Inc.', '', 'www.northernleasing.com', 0, '800.325.6469', '27', 0, 1, 1, 0, 1325436815, 1347253200, 1344021505, 0, NULL, NULL, NULL),
(212, NULL, NULL, 'E-Commerce Exchange OC', 'sgallegher@ecxoc.com', '', 0, '(800) 418-9285 X210', '29', 0, 0, 1, 0, 1325436815, 1357020000, 0, 0, NULL, NULL, NULL),
(310, NULL, NULL, 'ePRocessing Network', '', 'www.eProcessingNetwork.com', 0, '(800) 296-4810', '32', 0, 0, 0, 0, 1325436815, 1357020000, 0, 0, NULL, NULL, NULL),
(226, NULL, NULL, 'TSYS Merchant Solutions', 'merchantsalessupport@fnni.com', 'www.tsysmerchantsolutions.com', 0, '(800) 354-3988', '39', 0, 0, 1, 0, 1325436815, 1357020000, 0, 0, NULL, NULL, NULL),
(257, NULL, NULL, 'A.V.P. Solutions', '', 'www.avpsolutions.com', 0, '(800) 719-9198', '7', 0, 0, 1, 0, 1325436815, 1357020000, 0, 0, NULL, NULL, NULL),
(429, 10849, 397, 'Ingenico North America', NULL, 'www.ingenico', 0, '800.252.1140', '13', 0, 0, 1, 0, 1325436815, 1362985200, 0, 0, NULL, NULL, NULL),
(228, NULL, NULL, 'Check Assist', '', 'www.runningdollar.com', 0, '(888) 436-5101', '1', 0, 0, 1, 0, 1325436815, 1357020000, 0, 0, NULL, NULL, NULL),
(471, 10586, 459, 'Spectrum Field Services', NULL, 'www.spectrumfsi.com', 0, '800.700.1701', '40', 0, 0, 1, 0, 1325436815, 1335157200, 0, 0, NULL, NULL, NULL),
(468, 12089, 442, 'Selling Prepaid', NULL, 'www.sellingpreaid.com', 0, '800.757.4441', '82#86', 0, 0, 1, 0, 1325436815, 1577985985, 1406661707, 1, NULL, NULL, NULL),
(236, NULL, NULL, 'ProCharge', '', '', 0, '(800) 966-5520 x221', '32', 0, 0, 1, 0, 1325436815, 1357020000, 0, 0, NULL, NULL, NULL),
(467, 12090, 443, 'Green Sheet, Inc.', NULL, 'www.greensheet.com', 0, '800.757.4441', '82#86', 0, 0, 1, 0, 1325436815, 1577985985, 1406661698, 1, NULL, NULL, NULL),
(245, NULL, NULL, 'Optio Solutions, LLC.', '', 'www.optiosolutions.com', 0, '(800) 360-2827', '54', 0, 0, 1, 0, 1325436815, 1357020000, 0, 0, NULL, NULL, NULL),
(246, NULL, NULL, 'Alpha Card Services', '', 'www.thealphaedge.com', 0, '(866) 253-2227', '26', 0, 0, 1, 0, 1325436815, 1357020000, 0, 0, NULL, NULL, NULL),
(322, NULL, NULL, '2000Charge, Inc.', '', 'www.agent2k.net', 0, '(800) 466-1481', '76', 0, 0, 1, 0, 1325436815, 1357020000, 0, 0, NULL, NULL, NULL),
(576, 12501, 1016, 'Acquired Marketing', '', 'www.acquiredmarketing.com', 0, '917.743.5258', '86', 0, 0, 1, 0, 1370847600, 1402297200, 0, 0, NULL, NULL, NULL),
(273, NULL, NULL, 'Access to Money', '', 'www.accesstomoney.com', 0, '(888) 701-1004', '84', 2, 0, 1, 0, 1325436815, 1357020000, 0, 0, NULL, NULL, NULL),
(331, NULL, NULL, 'MSI, Merchant Services Inc', '', 'www.1800bankcard.com', 0, '(800-) 537-8741', '21', 0, 0, 1, 0, 1325436815, 1357020000, 0, 0, NULL, NULL, NULL),
(280, NULL, NULL, 'MSI, Merchant Services Inc.', '', 'www.1800BANKCARD.COM', 0, '(800) 351-2591', '26', 0, 1, 1, 0, 1325436815, 1357020000, 0, 0, NULL, NULL, NULL),
(285, NULL, NULL, 'MSI, Merchant Services Inc.', '', 'www.1800BANKCARD.COM', 0, '(800) 522-3661', '66', 0, 1, 1, 0, 1325436815, 1357020000, 0, 0, NULL, NULL, NULL),
(307, NULL, NULL, 'Integrated Terminal Exchange Inc', '', 'www.iteinc.com', 0, '800-254-3366', '13', 0, 0, 0, 0, 1325436815, 1357020000, 0, 0, NULL, NULL, NULL),
(312, NULL, NULL, 'MicroBilt', '', 'www.microbilt.com', 0, '800-257-2805', '70', 0, 0, 0, 0, 1325436815, 1357020000, 0, 0, NULL, NULL, NULL),
(335, NULL, NULL, 'Pivotal Payments', '', 'www.isoAgentProgram.com', 0, '(866)467-2688', '26', 0, 0, 1, 0, 1325436815, 1357020000, 0, 0, NULL, NULL, NULL),
(348, NULL, NULL, 'Doeren Mayhew', '', 'www.doeren.com', 0, '248-244-3110', '85', 0, 0, 1, 0, 1325436815, 1357020000, 0, 0, NULL, NULL, NULL),
(349, NULL, NULL, 'Strategic Marketing', '', 'www.smktg.com', 0, '(480) 706-0816', '86', 0, 0, 1, 0, 1325436815, 1357020000, 0, 0, NULL, NULL, NULL),
(351, NULL, NULL, 'Security Card Services, LLC', '', 'www.securitycardservicesllc.com', 0, '(877) 995-9198 X 210', '88', 0, 0, 1, 0, 1325436815, 1357020000, 0, 0, NULL, NULL, NULL),
(504, 12095, 451, 'Global E Telecom, Inc.', NULL, 'www.checktraining.com', 0, '877.454.3835', '69', 0, 0, 1, 0, 1325436815, 1378710000, 0, 0, NULL, NULL, NULL),
(387, 10634, 340, 'Azura Leasing', NULL, 'www.azuraleasing.com', 0, '888.424.7142', '27', 0, 0, 1, 0, 1325436815, 1341810000, 0, 0, NULL, NULL, NULL),
(371, 12003, 33, 'Advance Restaurant Finance', NULL, 'www.arfcash.com', 0, '650.341.2850 x20', '83', 0, 1, 1, 0, 1325436815, 1366614000, 0, 0, NULL, NULL, NULL),
(372, 12013, 55, 'Super G Funding ', '', 'www.supergfunding.com', 0, '800.631.2423', '53', 0, 1, 1, 0, 1325436815, 1372057200, 0, 0, NULL, NULL, NULL),
(373, 12006, 36, 'Evo Payments International', '', 'www.goevo.com', 0, '800.CARDSWIPE x 7800', '26#21', 0, 1, 1, 0, 1325436815, 1361779200, 0, 0, NULL, NULL, NULL),
(374, 12004, 34, 'Trustwave', '', 'www.trustwave.com', 0, '312.873.7500', '57', 0, 0, 1, 0, 1325436815, 1336971600, 0, 0, NULL, NULL, NULL),
(377, 12015, 62, 'Legal Age ID Systems Inc.', NULL, 'www.legalagesoftware.com', 0, '1.800.779.4945', '94', 0, 1, 1, 0, 1325436815, 1368428400, 0, 0, NULL, NULL, NULL),
(378, 10769, 252, 'First American Payment Systems', NULL, 'www.first-american.net', 0, '866.GO4 FAPS', '24', 0, 1, 1, 0, 1325436815, 1358150400, 0, 0, NULL, NULL, NULL),
(379, 10769, 251, 'First American Payment Systems', NULL, 'www.first-american.net', 0, '866.GO4 FAPS', '21', 0, 1, 1, 0, 1325436815, 1358150400, 0, 0, NULL, NULL, NULL),
(380, 10855, 249, ' Harbortouch', NULL, 'www.harbortouch.com', 0, '800.201.0461', '21', 0, 1, 1, 0, 1325436815, 1364194800, 0, 0, NULL, NULL, NULL),
(497, 12079, 394, 'CoCard Marketing Group', '', 'www.cocard.net', 0, '800.882.1352', '21', 0, 0, 1, 0, 1325436815, 1376290800, 0, 0, NULL, NULL, NULL),
(390, 12070, 351, 'Stream Cash LLC.', NULL, 'www.streamcashresiduals.com', 0, '502-716-7272', '95', 0, 1, 1, 0, 1325436815, 1373266800, 0, 0, NULL, NULL, NULL),
(391, 10871, 358, 'eProcessing Network LLC', NULL, 'www.eprocessingnetwork.com', 0, '800.296.4810', '32', 0, 0, 1, 0, 1325436815, 1368428400, 0, 0, NULL, NULL, NULL),
(385, 12053, 322, 'Jet Pay LLC.', '', 'www.jetpay.com', 0, '972.503.8900 ext. 158', '39', 0, 0, 1, 0, 1325436815, 1370847600, 0, 0, NULL, NULL, NULL),
(392, 10752, 355, 'Elavon', NULL, 'www.elavon.com', 0, '678.731.5000', '21#39#24', 0, 1, 1, 0, 1325436815, 1359360000, 0, 0, NULL, NULL, NULL),
(388, 12066, 345, 'Acquired Marketing', '', 'www.acquiredmarketing.com', 0, '', '86', 0, 0, 1, 0, 1325436815, 1370847600, 0, 0, NULL, NULL, NULL),
(395, 10610, 354, 'Apriva, Inc.', NULL, 'www.apriva.com', 0, '877.277.0728', '32', 0, 0, 1, 0, 1325436815, 1343019600, 0, 0, NULL, NULL, NULL),
(396, 10735, 356, 'Electronic Payment Processing Solutions', NULL, 'www.myepps.com', 0, '561.655.3670', '18', 0, 0, 1, 0, 1325436815, 1359360000, 0, 0, NULL, NULL, NULL),
(397, 10646, 363, 'Clearent', NULL, 'www.clearent.com', 0, '866.205.4721', '39', 0, 0, 1, 0, 1325436815, 1349672400, 0, 0, NULL, NULL, NULL),
(398, 10731, 362, 'Central Payment ', NULL, 'www.cpay.com', 0, '888.881.3818', '26', 0, 0, 1, 0, 1325436815, 1356328800, 0, 0, NULL, NULL, NULL),
(399, 10363, 367, 'BANCNET', '', 'www.banc.net', 0, '713.629.0906', '13', 0, 1, 1, 0, 1325436815, 1348462800, 0, 0, NULL, NULL, NULL),
(400, 10507, 365, 'Barclay Square Leasing', NULL, 'www.barclaysquareleasing.com', 0, '866.396.2754', '27', 0, 0, 1, 0, 1325436815, 1330322400, 0, 0, NULL, NULL, NULL),
(401, 10398, 369, 'BUDGET Terminals & Repair', NULL, '', 0, '985.649.2910', '13', 0, 0, 1, 0, 1325436815, 1321250400, 0, 0, NULL, NULL, NULL),
(402, 10782, 371, 'ATT Services', 'martinle@attpos.net', 'www.attpos.net', 0, '(714) 999-9566', '13#35', 0, 1, 1, 0, 1325436815, 1360569600, 0, 0, NULL, NULL, NULL),
(403, 10738, 370, 'Access To Money', NULL, 'www.accesstomoney.com', 0, '888.701.1004', '26', 0, 0, 1, 0, 1325436815, 1353909600, 0, 0, NULL, NULL, NULL),
(404, 10825, 366, 'Barclay Square Leasing', NULL, 'www.barclaysquareleasing.com', 0, '866.396.2754', '27', 0, 0, 1, 0, 1325436815, 1361779200, 0, 0, NULL, NULL, NULL),
(405, 10821, 359, 'EXECUTECH Leasing Group', NULL, 'www.elgleasing.com', 0, '888.574.9178', '27', 0, 0, 1, 0, 1325436815, 1362985200, 0, 0, NULL, NULL, NULL),
(406, 10755, 361, 'EZIC Inc.', NULL, 'www.ezic.com', 0, '847.327.9870 x 17', '32', 0, 0, 1, 0, 1325436815, 1356328800, 0, 0, NULL, NULL, NULL),
(407, 10662, 368, 'Bartlett Info Tech Services, LLC.', NULL, 'www.bits-pos.com', 0, '901.384.6151', '35', 0, 0, 1, 0, 1325436815, 1346043600, 0, 0, NULL, NULL, NULL),
(408, 12074, 364, 'Comerica Merchant Services', '', '', 0, '800.790.2670', '6', 0, 1, 1, 0, 1325436815, 1317013200, 0, 0, NULL, NULL, NULL),
(409, 10783, 372, 'Discount Credit Card Supply', NULL, 'www.discountcreditcardsupply.com', 0, '877.298.6939', '13', 0, 0, 1, 0, 1325436815, 1360569600, 0, 0, NULL, NULL, NULL),
(410, 10371, 373, 'ABC Leasing', NULL, '', 0, '877.222.9929', '27', 0, 1, 1, 0, 1325436815, 1315803600, 0, 0, NULL, NULL, NULL),
(411, 10670, 374, 'Advanced Merchant Services', NULL, 'www.amspartner.com', 0, '888.355.VISA (8472)', '26#21', 0, 0, 1, 0, 1325436815, 1350882000, 0, 0, NULL, NULL, NULL),
(412, 10686, 375, 'AVP Solutions', NULL, 'www.avpsolutions.com', 0, '800.719.9198', '18', 0, 1, 1, 0, 1325436815, 1355119200, 0, 0, NULL, NULL, NULL),
(413, 10368, 376, 'ABTEK', NULL, 'www.abtekusa.com', 0, '800.544.9145', '21', 0, 1, 1, 0, 1325436815, 1313989200, 0, 0, NULL, NULL, NULL),
(414, 10808, 377, '1st American Leasing', NULL, 'www.1stamleasing.com', 0, '888.884.6111 x3012', '27', 0, 0, 1, 0, 1325436815, 1362985200, 0, 0, NULL, NULL, NULL),
(415, 10813, 378, '1st Merchant Funding LLC', '', 'www.1stmerchantfunding.com', 0, '866.710.2265', '56', 0, 0, 1, 0, 1325436815, 1360569600, 0, 0, NULL, NULL, NULL),
(416, 10541, 381, 'First American Payment Systems', NULL, 'www.first-american.net', 0, '866-GO4-FAPS', '21#26', 0, 1, 1, 0, 1325436815, 1331528400, 0, 0, NULL, NULL, NULL),
(417, 10807, 382, 'First Data Global Leasing', NULL, '', 0, '800.897.7850', '27', 0, 1, 1, 0, 1325436815, 1360569600, 0, 0, NULL, NULL, NULL),
(418, 10430, 383, 'First National Merchant Solutions', NULL, 'www.fnms.com', 0, '800.354.3988', '39', 0, 0, 1, 0, 1325436815, 1323669600, 0, 0, NULL, NULL, NULL),
(419, 10644, 384, 'General Credit Forms, Inc.', '', 'www.gcfinc.com', 0, '800.325.1158', '13#36', 0, 1, 1, 0, 1325436815, 1346043600, 0, 0, NULL, NULL, NULL),
(420, 10660, 386, 'Global E Telecom, Inc.', NULL, 'www.giftcardtraining.com', 0, '877.454.3845', '17', 0, 0, 1, 0, 1325436815, 1347253200, 1344019906, 0, NULL, NULL, NULL),
(421, 10660, 385, 'Global E Telecom, Inc.', NULL, 'www.checktraining.com', 0, '877.454.3835', '69', 0, 0, 1, 0, 1325436815, 1347253200, 1344017553, 0, NULL, NULL, NULL),
(426, 12050, 308, 'Group ISO', NULL, 'www.groupiso.com', 0, '800-960-0135', '80#26', 0, 0, 1, 0, 1325436815, 1373266800, 0, 0, NULL, NULL, NULL),
(433, 12082, 404, 'JRS POS Depot', NULL, 'www.jrposdepot.com', 0, '877.999.7374 ', '13', 0, 1, 1, 0, 1325436815, 1344834000, 0, 0, NULL, NULL, NULL),
(434, 10713, 403, 'Ladco Global Leasing', NULL, 'www.ladco.com', 0, '800.678.8666', '27', 0, 1, 1, 0, 1325436815, 1352700000, 0, 0, NULL, NULL, NULL),
(435, 10600, 401, 'LogicaLease', NULL, 'www.logicalease.com', 0, '888.206.4935', '27', 0, 1, 1, 0, 1325436815, 1340600400, 0, 0, NULL, NULL, NULL),
(443, 10705, 420, 'New Image P.O.S. ', NULL, 'info@newimagepos.com', 0, '877.581.6201', '35', 0, 1, 1, 0, 1325436815, 1352700000, 0, 0, NULL, NULL, NULL),
(446, 10656, 411, 'NationalLink', NULL, 'www.nationallink.com', 0, '800.363.9835', '84', 0, 0, 1, 0, 1325436815, 1346043600, 0, 0, NULL, NULL, NULL),
(448, 10842, 416, 'Nationwide Payment Solutions', NULL, 'www.getnationwide.com', 0, '877.290.1975 X5210', '24', 0, 0, 1, 0, 1325436815, 1395644400, 0, 0, NULL, NULL, NULL),
(452, 10544, 425, 'Payvision', NULL, 'www.payvision.com', 0, '917.237.0090', '30', 0, 0, 1, 0, 1325436815, 1331528400, 0, 0, NULL, NULL, NULL),
(453, 10712, 432, 'Redwood Merchant Services', NULL, 'www.redwoodmerchantservice.com', 0, '707.569.1127', '6', 0, 1, 1, 0, 1325436815, 1356328800, 1349984345, 0, NULL, NULL, NULL),
(454, 10437, 431, 'Redwood Merchant Services', NULL, 'www.redwoodmerchantservice.com', 0, '707.569.1127', '6', 0, 1, 1, 0, 1325436815, 1324879200, 0, 0, NULL, NULL, NULL),
(455, 3096, 429, 'Process America ', NULL, 'www.process4america.com', 0, '866.444.6698', '39', 0, 0, 1, 0, 1325436815, 1304917200, 0, 0, NULL, NULL, NULL),
(456, 10859, 428, 'POS Portal ', NULL, 'www.posportal.com', 0, '866.940.4767', '13', 0, 0, 1, 0, 1325436815, 1361779200, 0, 0, NULL, NULL, NULL),
(457, 10659, 434, 'Reliant Processing Services', NULL, 'www.reliantprocessingservices.com', 0, '877. 650.1222 Ext. 101', '26', 0, 0, 1, 0, 1325436815, 1352700000, 1346955353, 0, NULL, NULL, NULL),
(458, 10497, 430, 'Proven Funding', NULL, 'www.recruit.com', 0, '888.744.8331', '56', 0, 1, 1, 0, 1325436815, 1329112800, 0, 0, NULL, NULL, NULL),
(459, 10493, 427, 'POS Portal ', NULL, 'www.posportal.com', 0, '866.940.4767', '13', 0, 0, 1, 0, 1325436815, 1330322400, 0, 0, NULL, NULL, NULL),
(460, 10390, 433, 'Reliant Processing Services', NULL, 'www.reliantprocessingservices.com', 0, '877. 650.1222 Ext. 101', '26', 0, 0, 1, 0, 1325436815, 1321250400, 0, 0, NULL, NULL, NULL),
(465, 12085, 437, 'Electronic Payments ', NULL, 'www.bankcardprogram.com', 0, '800.966.5520 X234', '26', 0, 1, 1, 0, 1325436815, 1358150400, 0, 0, NULL, NULL, NULL),
(466, 12085, 436, 'Electronic Payments ', NULL, 'www.bankcardprogram.com', 0, '800.966.5520 X234', '21', 0, 1, 1, 0, 1325436815, 1358150400, 0, 0, NULL, NULL, NULL),
(479, 10869, 465, 'Velocity Funding LLC', NULL, 'www.velocityfunding.com', 0, '781.762.2462', '24', 0, 0, 1, 0, 1325436815, 1368428400, 0, 0, NULL, NULL, NULL),
(480, 10770, 467, 'USAePay', NULL, 'www.usaepay.com', 0, '866 490-0042', '32#42', 0, 0, 1, 0, 1325436815, 1360569600, 0, 0, NULL, NULL, NULL),
(481, 10463, 468, 'USAePay', NULL, 'www.usaepay.com', 0, '866 490-0042', '32#42', 0, 0, 1, 0, 1325436815, 1329112800, 0, 0, NULL, NULL, NULL),
(482, 2765, 466, 'Total Merchant Services', NULL, 'www.upfrontandresiduals.com', 0, '888.84.TOTAL x 9727', '21#26#25', 0, 0, 1, 0, 1325436815, 1273467600, 0, 0, NULL, NULL, NULL),
(484, 3023, 470, 'Velocity Merchant Services', NULL, 'www.getvms.com', 0, '888.902.6227 x 702', '26', 0, 0, 1, 0, 1325436815, 1300078800, 0, 0, NULL, NULL, NULL),
(486, 3074, 472, 'Velocity Funding LLC', NULL, 'www.velocityfunding.com', 0, '888.818.3552 x 202', '24', 0, 0, 1, 0, 1325436815, 1304917200, 0, 0, NULL, NULL, NULL),
(492, 12104, 479, 'Apriva, Inc.', NULL, 'www.apriva.com', 0, '877.277.0728', '32', 0, 0, 1, 0, 1325436815, 1374476400, 0, 0, NULL, NULL, NULL),
(489, 3106, 475, 'Super G Funding LLC', NULL, 'www.supergfunding.com', 0, '800.631.2423', '53', 0, 1, 1, 0, 1325436815, 1310360400, 0, 0, NULL, NULL, NULL),
(491, 10469, 478, 'Xenex Merch', NULL, 'www.goxenex.com', 0, '888.918.4409', '26', 0, 0, 1, 0, 1325436815, 1327298400, 0, 0, NULL, NULL, NULL),
(493, 10794, 476, 'Transaction Reporting.com', NULL, 'www.transactionreporting.com', 0, '888.870.9978', '91', 0, 0, 1, 0, 1325436815, 1375378261, 1362609336, 0, NULL, NULL, NULL),
(494, 2993, 379, 'eProcessing Network LLC', NULL, 'www.eprocessingnetwork.com', 0, '800.296.4810', '32', 0, 0, 1, 0, 1325436815, 1303707600, 0, 0, NULL, NULL, NULL),
(495, 12067, 346, 'Azura Leasing', '', 'www.azuraleasing.com', 0, '888.424.7142', '27', 0, 1, 1, 0, 1325436815, 1373266800, 0, 0, NULL, NULL, NULL),
(496, 12037, 175, 'Digital Financial Group', NULL, 'www.digitalfg.com', 0, '1-866-557-9473', '26', 0, 0, 1, 0, 1325436815, 1373266800, 0, 0, NULL, NULL, NULL),
(498, 12081, 402, 'LogicaLease', NULL, 'www.logicalease.com', 0, '888.206.4935', '27', 0, 1, 1, 0, 1325436815, 1372057200, 0, 0, NULL, NULL, NULL),
(499, 12093, 449, 'General Credit Forms, Incorporated', NULL, 'www.gcfinc.com', 0, '800.325.1158', '13#36', 0, 1, 1, 0, 1325436815, 1377500400, 0, 0, NULL, NULL, NULL),
(500, 12097, 454, 'Northern Leasing Systems, Inc.', '', 'www.northernleasing.com', 0, '877.325.6469', '27', 0, 1, 1, 0, 1325436815, 1378710000, 0, 0, NULL, NULL, NULL),
(501, 12094, 450, 'GRP Funding, LLC.', 'gsinfo@grpfunding.com', 'gsinfo@grpfunding.com', 1, '877.571.7999', '56', 0, 0, 1, 0, 1325436815, 1378710000, 0, 0, NULL, NULL, NULL),
(502, 12105, 480, 'Hi-TECH Merchant Services ', 'relations@hitechmerchants.com', 'www.hitechmerchants.com', 1, '(718) 234-9500 x2216', '96', 0, 0, 1, 0, 1325436815, 1374476400, 0, 0, NULL, NULL, NULL),
(503, 10698, 535, '2Checkout.com', NULL, 'www.2Checkout.com', 0, '877.294.0273 ext. 147', '90', 0, 0, 1, 0, 1325436815, 1349672400, 0, 0, NULL, NULL, NULL),
(505, 12095, 452, 'Global E Telecom, Inc.', NULL, 'www.giftcardtraining.com', 0, '877.454.3845', '17', 0, 0, 1, 0, 1325436815, 1378710000, 0, 0, NULL, NULL, NULL),
(506, 12144, 527, 'Biggins Law', NULL, 'www.bigginslaw.com', 0, '877.817.8700   /  213.223.2234', '78', 0, 0, 1, 0, 1325436815, 1376290800, 0, 0, NULL, NULL, NULL),
(507, 10665, 575, 'Network Merchants Inc,', NULL, 'www.nmi.com', 0, '800.617.4850', '32', 0, 0, 1, 0, 1325436815, 1352700000, 1346781083, 0, NULL, NULL, NULL),
(508, 12154, 534, 'Clearent', NULL, 'www.clearent.com', 0, '866.205.4721', '39', 0, 0, 1, 0, 1325436815, 1381734000, 0, 0, NULL, NULL, NULL),
(509, 12175, 572, 'Reliant Processing Services', '', 'www.reliant-processing.com', 0, '877. 650.1222 Ext. 101', '26', 5, 0, 1, 0, 1325436815, 1384156800, 0, 0, NULL, NULL, NULL),
(510, 12178, 576, 'Network Merchants Inc,', NULL, 'www.nmi.com', 0, '800.617.4850', '32', 0, 0, 1, 0, 1325436815, 1384156800, 0, 0, NULL, NULL, NULL),
(511, 12162, 547, 'JRS POS Depot', NULL, 'www.jrposdepot.com', 0, '(954) 741-3433 ext. 121', '35', 0, 0, 1, 0, 1325436815, 1377500400, 0, 0, NULL, NULL, NULL),
(512, 12162, 546, 'JRS POS Depot', '', 'www.jrposdepot.com', 0, '(954) 741-3433 ext. 121', '13', 5, 0, 1, 0, 1325436815, 1377500400, 0, 0, NULL, NULL, NULL),
(513, 12112, 487, 'Cutter LLC', NULL, 'www.cutterfinancial.com', 0, '610.451.4096', '95', 0, 0, 1, 0, 1325436815, 1378710000, 0, 0, NULL, NULL, NULL),
(516, 12202, 613, 'Money Tree Merchant Services', NULL, 'http://www.moneytms.com', 0, '888.211.2991 Ext. 9411', '26', 0, 0, 1, 0, 1325436815, 1358150400, 0, 0, NULL, NULL, NULL),
(517, 12202, 612, 'Total Merchant Services', '', 'www.isooftheyear.com', 0, '888.848.6825 Ext. 9411', '21', 0, 0, 1, 0, 1325436815, 1358150400, 0, 0, NULL, NULL, NULL),
(518, 12202, 614, 'Total Merchant Services', '', 'www.isooftheyear.com', 0, '888.848.6825 Ext. 9411', '26', 0, 0, 1, 0, 1325436815, 1358150400, 0, 0, NULL, NULL, NULL),
(519, 12193, 592, 'ALPHA OMEGA SOLUTIONS ', '', 'www.aoswireless.com   ', 0, '866-288-0682', '98', 0, 0, 1, 0, 1325436815, 1379919600, 0, 0, NULL, NULL, NULL),
(520, 12092, 448, 'Bartlett Info Tech Services, LLC.', NULL, 'www.bits-pos.com', 0, '901.384.6151', '35', 0, 0, 1, 0, 1325436815, 1379919600, 0, 0, NULL, NULL, NULL),
(521, 12176, 573, 'Integrity Payment Systems', NULL, 'www.integritypays.com', 0, '888.477.4500', '7', 0, 1, 1, 0, 1325436815, 1384156800, 0, 0, NULL, NULL, NULL),
(522, 12163, 628, 'Capital for Merchants', '', 'www.sellcashadvances.com', 0, '855-563-9101', '56', 0, 0, 1, 0, 1325436815, 1381734000, 0, 0, NULL, NULL, NULL),
(523, 12163, 630, 'North American Bancard', '', 'www.gonab.com', 0, '855-211-1609', '26', 0, 0, 1, 0, 1325436815, 1381734000, 0, 0, NULL, NULL, NULL),
(524, 12163, 610, 'North American Bancard', '', 'gs.phoneswipeagents.com', 0, '855-211-1611', '21', 0, 0, 1, 0, 1325436815, 1381734000, 1381169791, 0, NULL, NULL, NULL),
(525, 12163, 629, 'North American Bancard', '', 'www.gonab.com', 0, '855-811-6418', '80', 0, 0, 1, 0, 1325436815, 1381734000, 0, 0, NULL, NULL, NULL),
(526, 12215, 648, 'GBR Funding', NULL, 'www.gbrfunding.com', 0, '678.813.4727', '56', 0, 0, 1, 0, 1325436815, 1386576000, 0, 0, NULL, NULL, NULL),
(527, 12219, 652, 'Redwood Merchant Services', NULL, 'www.redwoodmerchantservice.com', 0, '707.569.1127', '6', 0, 1, 1, 0, 1325436815, 1387785600, 0, 0, NULL, NULL, NULL),
(528, 12208, 636, 'PayPal', NULL, 'www.paypal.com/pfpartner', 0, '855.456.1320', '32', 0, 0, 1, 0, 1325436815, 1389600000, 0, 0, NULL, NULL, NULL),
(529, 12208, 638, 'PayPal', NULL, 'www.paypal.com/pfpartner', 0, '855.456.1322', '32', 0, 0, 1, 0, 1325436815, 1382943600, 1349823502, 0, NULL, NULL, NULL),
(530, 12244, 684, 'Bank Card Toolbox', '', 'www.bankcardtoolbox.com/fe/31876-greensheet', 0, '832.642.1049', '82#72', 0, 0, 1, 0, 1353909600, 1385366400, 0, 0, NULL, NULL, NULL),
(531, 12217, 650, 'AVP Solutions', NULL, 'www.avpsolutions.com', 0, '800.719.9198', '18', 0, 1, 1, 0, 1355119200, 1386576000, 0, 0, NULL, NULL, NULL),
(532, 12267, 719, 'Electronic Payments ', '', 'www.egiftsolutions.com', 0, '800.966.5520 option 7', '17', 0, 1, 1, 0, 1358150400, 1389592800, 0, 0, NULL, NULL, NULL),
(533, 12267, 718, 'Electronic Payments ', '', 'www.bankcardprogram.com', 0, '800.966.5520 X223', '26', 0, 1, 1, 0, 1358150400, 1389592800, 0, 0, NULL, NULL, NULL),
(534, 12267, 717, 'Electronic Payments ', '', 'www.bankcardprogram.com', 0, '800.966.5520 X223', '21', 0, 1, 1, 0, 1358150400, 1389592800, 0, 0, NULL, NULL, NULL),
(535, 12264, 713, 'Money Tree Merchant Services', NULL, 'http://www.moneytms.com', 0, '888.211.2991 Ext. 9411', '26', 0, 0, 1, 0, 1358150400, 1389592800, 0, 0, NULL, NULL, NULL),
(536, 12264, 712, 'Total Merchant Services', NULL, 'www.upfrontandresidulas.com', 0, '888.848.6825 Ext. 9411', '21', 0, 0, 1, 0, 1358150400, 1389592800, 0, 0, NULL, NULL, NULL),
(537, 12260, 710, 'Alpha Card Services', NULL, 'https://www.thealphaedge.com/ISO/sign-up.shtml', 0, '866 253 2227 Ex 13', '26', 0, 0, 1, 0, 1355119200, 1386576000, 0, 0, NULL, NULL, NULL),
(538, 12269, 726, 'United Merchant Services', NULL, 'www.unitedmerchant.com', 0, '800.260.3388', '26', 0, 1, 1, 0, 1355119200, 1386576000, 0, 0, NULL, NULL, NULL),
(539, 12234, 673, 'First Data Global Leasing', NULL, '', 0, '800.897.7850', '27', 0, 1, 1, 0, 1360569600, 1392019200, 0, 0, NULL, NULL, NULL),
(540, 12221, 655, 'Central Payment ', NULL, 'www.cpay.com', 0, '888.881.3818', '26', 0, 0, 1, 0, 1356328800, 1387785600, 0, 0, NULL, NULL, NULL),
(541, 12276, 733, 'Transaction Reporting.com', NULL, 'www.transactionreporting.com', 0, '888.870.9978', '91', 0, 0, 1, 0, 1359360000, 1390809600, 0, 0, NULL, NULL, NULL),
(542, 12315, 781, 'CrossCheck, Inc.', NULL, 'www.cross-check.com', 0, '800.654.2365', '10', 0, 0, 1, 0, 1358150400, 1389592800, 0, 0, NULL, NULL, NULL),
(543, 12314, 780, 'Selling Prepaid', NULL, 'www.sellingpreaid.com', 0, '800.757.4441', '55', 0, 0, 1, 0, 1358150400, 1389592800, 0, 1, NULL, NULL, NULL),
(544, 12300, 760, 'First American Payment Systems', NULL, 'www.first-american.net', 0, '866.GO4 FAPS', '24', 0, 1, 1, 0, 1358150400, 1389592800, 0, 0, NULL, NULL, NULL),
(545, 12300, 759, 'First American Payment Systems', NULL, 'www.first-american.net', 0, '866.GO4 FAPS', '21', 0, 1, 1, 0, 1358150400, 1389592800, 0, 0, NULL, NULL, NULL),
(546, 12272, 729, 'Automated Transaction Technologies', NULL, 'www.attpos.net', 0, '888.454.1210', '13#35', 0, 1, 1, 0, 1360569600, 1392019200, 0, 0, NULL, NULL, NULL),
(547, 12278, 735, 'Xenex Merch', NULL, 'www.goxenex.com', 0, '888.918.4409 x 511', '26', 0, 0, 1, 0, 1359360000, 1390809600, 0, 0, NULL, NULL, NULL),
(548, 12264, 714, 'Total Merchant Services', NULL, 'www.upfrontandresidulas.com', 0, '888.848.6825 Ext. 9411', '26', 0, 0, 1, 0, 1358150400, 1389592800, 0, 0, NULL, NULL, NULL),
(580, 12527, 1074, 'Green Sheet, Inc.', NULL, 'www.greensheet.com/gs_contactus.php?flag=rita', 0, '', '82#86', 0, 0, 1, 0, 1369638000, 1401174000, 1374516736, 1, NULL, NULL, NULL),
(551, 12369, 852, 'Network Merchants Inc,', NULL, 'www.nmi.com', 0, '(800) 617-4850', '99', 0, 1, 1, 0, 1362985200, 1394434800, 0, 0, NULL, NULL, NULL),
(552, 12331, 799, 'Platinum Choice Bancard', NULL, 'www.pcbancard.com', 0, '888-537-7332', '26', 0, 0, 1, 0, 1359360000, 1390809600, 0, 0, NULL, NULL, NULL),
(566, 12396, 893, 'TransGlobal Payment Systems', NULL, 'www.go-transglobal.com', 0, '866.808.2241', '26', 0, 0, 1, 0, 1361779200, 1393228800, 0, 0, NULL, NULL, NULL),
(554, 12358, 837, ' Harbortouch', NULL, 'www.harbortouch.com', 0, '800.201.0461', '21', 0, 1, 1, 0, 1364194800, 1395644400, 0, 0, NULL, NULL, NULL),
(555, 12275, 732, 'Discount Credit Card Supply', NULL, 'www.discountcreditcardsupply.com', 0, '877.298.6939', '13', 0, 0, 1, 0, 1360569600, 1392019200, 0, 0, NULL, NULL, NULL),
(556, 12340, 809, 'Z&R Funding', NULL, 'www.zrfunding.com', 0, '888-237-6920', '56', 0, 0, 1, 0, 1360569600, 1392019200, 0, 0, NULL, NULL, NULL),
(557, 12329, 795, 'ARROW PAYMENTS', NULL, 'www.arrowpayments.com', 0, '312-829-1200', '24', 0, 0, 1, 0, 1359360000, 1390809600, 0, 0, NULL, NULL, NULL),
(558, 12380, 870, 'USAePay', NULL, 'www.usaepay.com', 0, '(866) 490-0042', '32#101', 0, 0, 1, 0, 1360569600, 1392019200, 1362609536, 0, NULL, NULL, NULL),
(559, 12380, 870, 'USAePay', NULL, 'www.usaepay.com', 0, '(866) 490-0042', '32#101', 0, 0, 1, 0, 1360569600, 1392019200, 0, 0, NULL, NULL, NULL),
(560, 12324, 789, 'The Law Offices of Michael A. Brewer, APC', '', 'www.brewerlawyergroup.com/cclitigation', 0, '949.679.6060', '78', 0, 0, 1, 0, 1361779200, 1393228800, 0, 0, NULL, NULL, NULL),
(561, 12321, 786, 'EXECUTECH Leasing Group', NULL, 'www.elgleasing.com', 0, '888.574.9178', '27', 0, 0, 1, 0, 1362985200, 1394434800, 0, 0, NULL, NULL, NULL),
(562, 12320, 785, 'Barclay Square Leasing', NULL, 'www.barclaysquareleasing.com', 0, '866.396.2754', '27', 0, 0, 1, 0, 1361779200, 1393228800, 0, 0, NULL, NULL, NULL),
(563, 12412, 912, 'CrossCheck, Inc.', NULL, 'www.cross-check.com', 0, '800.654.2365', '10', 0, 0, 1, 0, 1389592800, 1421128800, 1419358317, 0, NULL, NULL, NULL),
(564, 12417, 918, 'eProcessing Network LLC', '', 'www.eprocessingnetwork.com', 0, '800.296.4810', '32', 0, 0, 1, 0, 1368428400, 1399878000, 0, 0, NULL, NULL, NULL),
(565, 12430, 934, 'TouchSuite', NULL, 'www.touchsuite.com/agents', 0, 'tbd', '66', 0, 1, 1, 0, 1364194800, 1395644400, 0, 0, NULL, NULL, NULL),
(567, 12420, 921, 'Velocity Funding LLC', NULL, 'www.velocityfunding.com', 0, '781.762.2462', '24', 0, 0, 1, 0, 1368428400, 1399878000, 0, 0, NULL, NULL, NULL),
(568, 12425, 932, 'American Capital Advance', NULL, 'www.americancapitaladvance.com/greensheet', 0, '800-801-6242 x 1340', '95', 0, 0, 1, 0, 1364194800, 1395644400, 0, 0, NULL, NULL, NULL),
(569, 12446, 952, '1st American Leasing', NULL, 'www.1stamleasing.com', 0, '888.884.6111 x3012', '27', 0, 0, 1, 0, 1365397200, 1397458800, 0, 0, NULL, NULL, NULL),
(570, 12419, 920, 'Spectrum Field Services', NULL, 'www.spectrumfsi.com', 0, '800.700.1701', '40', 0, 0, 1, 0, 1366614000, 1398668400, 0, 0, NULL, NULL, NULL),
(571, 12404, 903, 'Fidelity Payment Services', NULL, 'www.fidelitypayment.com', 0, '855-794-7348', '104', 0, 0, 1, 0, 1366614000, 1398668400, 0, 0, NULL, NULL, NULL),
(572, 12481, 999, 'Super G Funding ', NULL, 'www.supergfunding.com', 0, '800.631.2423', '53', 0, 1, 1, 0, 1372057200, 1403506800, 0, 0, NULL, NULL, NULL),
(573, 12462, 975, 'EVO Payments International ', NULL, 'www.goevo.com', 0, '516.962.7898', '26', 0, 0, 1, 0, 1368428400, 1399878000, 0, 0, NULL, NULL, NULL),
(574, 12479, 997, 'PCI Compliance LLC', '', 'www.mobileappframeworks.com/', 0, '866-949-9777', '57', 0, 0, 1, 0, 1372057200, 1403506800, 0, 0, NULL, NULL, NULL),
(575, 12484, 1002, 'MERCHANTMATCH.NET', '', 'WWW.MERCHANTMATCH.NET', 0, '561-655-3670', '18', 0, 1, 1, 0, 1369638000, 1401087600, 0, 0, NULL, NULL, NULL),
(577, 12422, 923, 'Trustwave', NULL, 'www.trustwave.com', 0, '312.873.7500', '57', 0, 0, 1, 0, 1369638000, 1401087600, 0, 0, NULL, NULL, NULL),
(578, 12514, 1046, 'CoCard Marketing Group', '', 'www.cocard.net', 0, '800.882.1352', '21', 0, 0, 1, 0, 1376290800, 1407740400, 0, 0, NULL, NULL, NULL),
(579, 12527, 1075, 'Green Sheet, Inc.', NULL, 'www.greensheet.com/gs_contactus.php?flag=dani', 0, '', '82#86', 0, 0, 1, 0, 1369638000, 1401174000, 0, 1, NULL, NULL, NULL),
(581, 12478, 996, 'LogicaLease', NULL, 'www.logicalease.com', 0, '888.206.4935', '27', 0, 1, 1, 0, 1372057200, 1403506800, 0, 0, NULL, NULL, NULL),
(582, 12538, 1101, 'National Document Solutions', '', 'www.nationalds.net', 0, '707.576.6315', '106', 0, 0, 1, 0, 1373266800, 1405321200, 0, 0, NULL, NULL, NULL),
(583, 12531, 1082, 'Greg Meridith', '', 'www.greensheet.com', 0, '888-459-8111 X 2', '26', 0, 0, 1, 0, 1372057200, 1403506800, 0, 0, NULL, NULL, NULL),
(584, 12516, 1048, 'Azura Leasing', NULL, 'www.azuraleasing.com', 0, '888.424.7142', '27', 0, 1, 1, 0, 1373266800, 1405321200, 1400623605, 0, NULL, NULL, NULL),
(585, 12555, 1124, 'Northern Leasing Systems, Inc.', NULL, 'www.northernleasing.com', 0, '800.683.5433', '27', 0, 1, 1, 0, 1378710000, 1410159600, 0, 0, NULL, NULL, NULL),
(586, 12554, 1123, 'General Credit Forms, Incorporated', NULL, 'www.gcfinc.com', 0, '800.325.1158', '13#36', 0, 1, 1, 0, 1377500400, 1432589073, 0, 0, NULL, NULL, NULL),
(587, 12556, 1125, 'Cutter LLC', NULL, 'www.cutterfinancial.com', 0, '610.451.4096', '95', 0, 0, 1, 0, 1378710000, 1410159600, 0, 0, NULL, NULL, NULL),
(588, 12567, 1140, 'Harbortouch ATM', NULL, 'www.harbortouch.com', 0, '800.698.0026', '84', 0, 1, 1, 0, 1358150400, 1389592800, 0, 0, NULL, NULL, NULL),
(589, 12563, 1136, 'NUROL Point of Sale', '', 'www.nurolpos.com', 0, '800-390-6623', '107', 0, 0, 1, 0, 1374476400, 1406530800, 0, 0, NULL, NULL, NULL),
(590, 12573, 1151, 'National Transaction Corporation', NULL, 'www.nationaltransaction.com', 0, '1-888-996-2273', '80', 0, 0, 1, 0, 1376290800, 1407740400, 0, 0, NULL, NULL, NULL),
(591, 12560, 1131, 'JRS POS Depot', NULL, 'www.jrposdepot.com', 0, '(954) 741-3433 ext. 121', '35', 0, 0, 1, 0, 1377500400, 1408950000, 0, 0, NULL, NULL, NULL),
(592, 12560, 1130, 'JRS POS Depot', NULL, 'www.jrposdepot.com', 0, '(954) 741-3433 ext. 121', '13', 0, 0, 1, 0, 1377500400, 1408950000, 0, 0, NULL, NULL, NULL),
(593, 12582, 1179, 'Field Guide for ISOs', NULL, 'www.gofieldguide.com', 0, '262-966-2215', '72', 0, 0, 1, 0, 1377500400, 1408950000, 0, 0, NULL, NULL, NULL),
(594, 12625, 1337, 'CrossCheck, Inc.', NULL, 'www.cross-check.com', 0, '800.654.2365', '10', 0, 0, 1, 0, 1416432274, 1451683473, 1443473522, 0, NULL, NULL, NULL),
(595, 12626, 1338, 'Optio Solutions, LLC.', NULL, 'http://www.optiosolutions.com', 0, '800.360.2827', '54', 0, 0, 1, 0, 1378710000, 1410159600, 0, 0, NULL, NULL, NULL),
(596, 12627, 1339, 'Optio Solutions, LLC.', NULL, 'http://www.optiosolutions.com', 0, '800.360.2827', '54', 0, 0, 1, 0, 1410159600, 1441695600, 0, 0, NULL, NULL, NULL),
(597, 12623, 1327, 'North American Bancard', NULL, 'www.gonab.com', 0, '855-211-1611', '21', 0, 0, 1, 0, 1381734000, 1389592800, 0, 0, NULL, NULL, NULL),
(598, 12623, 1334, 'North American Bancard', NULL, 'www.gonab.com', 0, '855-811-6418', '80', 0, 0, 1, 0, 1381734000, 1389592800, 0, 0, NULL, NULL, NULL),
(599, 12623, 1335, 'North American Bancard', NULL, 'www.gonab.com', 0, '855-211-1609', '26', 0, 0, 1, 0, 1381734000, 1389592800, 0, 0, NULL, NULL, NULL),
(600, 12623, 1333, 'Capital for Merchants', NULL, 'www.gonab.com', 0, '855-563-9101', '56', 0, 0, 1, 0, 1381734000, 1389592800, 0, 0, NULL, NULL, NULL),
(601, 12636, 1384, 'Strategic Marketing', NULL, 'www.smktg.com ', 0, ' 480.706.0816', '86', 0, 0, 1, 0, 1378710000, 1410159600, 0, 0, NULL, NULL, NULL),
(602, 12622, 1316, 'Network Merchants Inc,', NULL, 'www.nmi.com', 0, '800.617.4850', '32', 0, 0, 1, 0, 1384156800, 1415606400, 0, 0, NULL, NULL, NULL),
(603, 12634, 1373, 'Opportunities in Business ', NULL, 'www.oibmn.com', 0, '612-331-8392', '131', 0, 0, 1, 0, 1381734000, 1413183600, 0, 0, NULL, NULL, NULL),
(604, 12572, 1155, 'Global Electronic Technology, Inc.', NULL, 'www.gettrx.com', 0, '888 775 1500 x 258 ', '26', 0, 0, 1, 0, 1381734000, 1413183600, 0, 0, NULL, NULL, NULL),
(605, 12587, 1193, 'Sage Payment Solutions', NULL, 'www.­sagepayments.­com', 0, '703 663 3162', '26', 0, 0, 1, 0, 1379919600, 1411369200, 0, 0, NULL, NULL, NULL),
(606, 12654, 1457, 'AVP Solutions', NULL, 'www.avpsolutions.com', 0, '800.719.9198', '120', 0, 0, 1, 0, 1386576000, 1418025600, 0, 0, NULL, NULL, NULL),
(607, 12637, 1385, 'Reliant Processing Services', 'rick@reliant-processing.com', '', 1, '877. 650.1222 Ext. 101', '26', 0, 0, 1, 0, 1384156800, 1415606400, 0, 0, NULL, NULL, NULL),
(608, 12615, 1306, 'Integrity Payment Systems', NULL, 'www.integritypays.com', 0, '888.477.4500', '7', 0, 1, 1, 0, 1384156800, 1415606400, 0, 0, NULL, NULL, NULL),
(609, 12687, 1570, 'Adam Atlas Attorney at Law', NULL, '', 0, '514.842.0886', '78', 0, 1, 1, 0, 0, 31536000, 0, 0, NULL, NULL, NULL),
(611, 12655, 1458, 'GBR Funding', NULL, 'www.gbrfunding.com', 0, '678.813.4727', '56', 0, 0, 1, 0, 1386576000, 1418025600, 0, 0, NULL, NULL, NULL),
(612, 12703, 1631, 'Bank Card Toolbox', '', 'www.bankcardtoolbox.com/fe/31876-greensheet', 0, '832.642.1049', '82#72', 0, 0, 1, 0, 1385366400, 1416816000, 0, 0, NULL, NULL, NULL),
(613, 12604, 1253, 'Clearent', NULL, 'www.clearent.com', 0, '866.205.4721', '39', 0, 0, 1, 0, 1387785600, 1419235200, 0, 0, NULL, NULL, NULL),
(614, 12707, 1672, 'Harbortouch ATM', NULL, 'www.harbortouch.com', 0, '800.698.0026', '84', 0, 1, 1, 0, 1389592800, 1421128800, 0, 0, NULL, NULL, NULL),
(615, 12702, 1626, 'iPayment, Inc.', NULL, 'www.ipaymentinc.com', 0, '818.540.6639', '80', 0, 0, 1, 0, 1386576000, 1418025600, 0, 0, NULL, NULL, NULL),
(616, 12716, 1694, 'United Merchant Services', NULL, 'www.unitedmerchant.com', 0, '800.260.338', '26', 0, 1, 1, 0, 1386576000, 1418025600, 0, 0, NULL, NULL, NULL),
(617, 12675, 1528, 'Central Payment ', NULL, 'www.cpay.com', 0, '888.881.3818', '26', 0, 0, 1, 0, 1387785600, 1419235200, 1398447323, 0, NULL, NULL, NULL),
(618, 12731, 1781, 'Profituity, LLC', NULL, 'www.profituity.com', 0, '888-436-5101', '125', 0, 0, 1, 0, 1389592800, 1421042400, 0, 0, NULL, NULL, NULL),
(619, 12731, 1782, 'Profituity, LLC', NULL, 'www.profituity.com', 0, '888-436-5101', '10', 0, 0, 1, 0, 1389592800, 1421042400, 0, 0, NULL, NULL, NULL),
(620, 12731, 1783, 'Profituity, LLC', NULL, 'www.profituity.com', 0, '888-436-5101', '124', 0, 0, 1, 0, 1389592800, 1421042400, 0, 0, NULL, NULL, NULL),
(621, 12726, 1730, 'Discount Credit Card Supply', NULL, 'www.discountcreditcardsupply.com', 0, '877.298.6939', '13', 0, 0, 1, 0, 1392019200, 1423461600, 0, 0, NULL, NULL, NULL),
(622, 12727, 1737, 'North American Bancard', NULL, 'www.gonab.com', 0, '855.211.1609 ', '26', 0, 0, 1, 0, 1389592800, 1421042400, 0, 0, NULL, NULL, NULL),
(623, 12727, 1738, 'North American Bancard', NULL, 'www.gonab.com', 0, '855.881.6418', '80', 0, 0, 1, 0, 1389592800, 1421042400, 0, 0, NULL, NULL, NULL),
(624, 12727, 1739, 'Capital for Merchants', NULL, 'www.sellcashadvances.com', 0, '855.563.9101', '56', 0, 0, 1, 0, 1389592800, 1421042400, 0, 0, NULL, NULL, NULL),
(625, 12727, 1740, 'North American Bancard', NULL, 'www.gonab.com', 0, '855.211.1611', '21', 0, 0, 1, 0, 1389592800, 1421042400, 0, 0, NULL, NULL, NULL),
(626, 12727, 1741, 'Phone Swipe', NULL, 'www.phoneswipeagents.com', 0, '855-411-8770', '101', 0, 0, 1, 0, 1389592800, 1421042400, 0, 0, NULL, NULL, NULL),
(627, 12727, 1742, 'Phone Swipe', NULL, 'www.phoneswipeagents.com', 0, '877-256-2419', '63', 0, 0, 1, 0, 1389592800, 1421042400, 0, 0, NULL, NULL, NULL),
(628, 12727, 1743, 'North American Bancard', NULL, 'www.nabancard.com', 0, '877-788-5159', '122', 0, 0, 1, 0, 1389592800, 1421042400, 0, 0, NULL, NULL, NULL),
(629, 12727, 1744, 'Phone Swipe', NULL, 'www.phoneswipeagents.com', 0, '877-256-2419', '114', 0, 0, 1, 0, 1389592800, 1421042400, 0, 0, NULL, NULL, NULL),
(630, 12727, 1745, 'North American Bancard', NULL, 'www.gonab.com', 0, '877-788-5159', '96', 0, 0, 1, 0, 1389592800, 1421042400, 0, 0, NULL, NULL, NULL),
(631, 12727, 1746, 'North American Bancard', NULL, 'www.gonab.com', 0, '877-788-5159', '82', 0, 0, 1, 0, 1389592800, 1421042400, 0, 0, NULL, NULL, NULL),
(632, 12727, 1747, 'North American Bancard', '', 'www.gonab.com', 0, '877-788-5159', '121', 0, 0, 1, 0, 1389592800, 1421042400, 0, 0, NULL, NULL, NULL),
(633, 12727, 1748, 'North American Bancard', NULL, 'www.gonab.com', 0, '877-788-5159', '53', 0, 0, 1, 0, 1389592800, 1421042400, 0, 0, NULL, NULL, NULL),
(634, 12727, 1749, 'Humboldt Merchant Services', NULL, 'www.hbms.com', 0, '877-812-8061', '18', 0, 0, 1, 0, 1389592800, 1421042400, 0, 0, NULL, NULL, NULL),
(635, 12727, 1750, 'North American Bancard', NULL, 'www.gonab.com', 0, '877-788-5159', '66', 0, 0, 1, 0, 1389592800, 1421042400, 0, 0, NULL, NULL, NULL),
(636, 12727, 1751, 'North American Bancard', NULL, 'www.gonab.com', 0, '877-788-5159', '123', 0, 0, 1, 0, 1389592800, 1421042400, 0, 0, NULL, NULL, NULL),
(637, 12727, 1752, 'North American Bancard', NULL, 'www.gonab.com', 0, '877-788-5159', '24', 0, 0, 1, 0, 1389592800, 1421042400, 0, 0, NULL, NULL, NULL),
(638, 12727, 1753, 'North American Bancard', NULL, 'www.gonab.com', 0, '877-788-5159', '95', 0, 0, 1, 0, 1389592800, 1421042400, 0, 0, NULL, NULL, NULL),
(639, 12727, 1754, 'Phone Swipe', NULL, 'www.phoneswipeagents.com', 0, '877-256-2419', '97', 0, 0, 1, 0, 1389592800, 1421042400, 0, 0, NULL, NULL, NULL),
(640, 12727, 1755, 'North American Bancard', NULL, 'www.gonab.com', 0, '877-788-5159', '72', 0, 0, 1, 0, 1389592800, 1421042400, 0, 0, NULL, NULL, NULL),
(641, 12727, 1756, 'Point & Pay', NULL, 'www.gonab.com', 0, '877-812-8029', '104', 0, 0, 1, 0, 1389592800, 1421042400, 0, 0, NULL, NULL, NULL),
(642, 12642, 1402, 'USAePay', NULL, 'www.usaepay.com', 0, '866-872-3729', '101', 0, 0, 1, 0, 1389592800, 1421042400, 0, 0, NULL, NULL, NULL),
(643, 12734, 1786, 'Electronic Payments ', '', 'www.bankcardprogram.com', 0, '800.966.5520 X223', '21', 0, 1, 1, 0, 1389592800, 1421042400, 0, 0, NULL, NULL, NULL),
(644, 12734, 1787, 'Electronic Payments ', '', 'www.bankcardprogram.com', 0, '800.966.5520 X223', '26', 0, 1, 1, 0, 1389592800, 1421042400, 0, 0, NULL, NULL, NULL),
(645, 12734, 1788, 'Electronic Payments ', '', 'www.egiftsolutions.com', 0, '800.966.5520 - ext 223', '17', 0, 1, 1, 0, 1389592800, 1421042400, 0, 0, NULL, NULL, NULL),
(646, 12689, 1603, 'EVO Platinum Group', '', 'optix.goepsg.com/', 0, '855-550-72537 ext 205', '26', 0, 0, 1, 0, 1389592800, 1421042400, 0, 0, NULL, NULL, NULL),
(648, 12642, 1401, 'USAePay', NULL, 'www.usaepay.com', 0, '866-872-3729', '32', 0, 0, 1, 0, 1389592800, 1421042400, 0, 0, NULL, NULL, NULL),
(649, 12756, 1845, 'Adam Atlas Attorney at Law', NULL, '', 0, '(514)842-0886', '78', 0, 1, 1, 0, 1389592800, 1421128800, 0, 0, NULL, NULL, NULL),
(650, 12752, 1841, 'Durango Merchant Services, LLC', NULL, 'www.Durango-Direct.com', 0, '866.415.2636', '120', 0, 0, 1, 0, 1392019200, 1423461600, 0, 0, NULL, NULL, NULL),
(651, 12769, 1866, 'Adam Atlas Attorney at Law', NULL, '', 0, '(514)842-0886', '78', 0, 1, 1, 0, 1416432274, 1432589073, 0, 0, NULL, NULL, NULL),
(652, 12738, 1796, 'Reliable Solutions  a WorldPay company', '', 'www.cpreliablesolutions.com', 0, '877.526.9382', '80', 0, 0, 1, 0, 1392019200, 1423461600, 0, 0, NULL, NULL, NULL),
(653, 12764, 1855, 'Automated Transaction Technologies', NULL, 'www.attpos.net', 0, '888.454.1210', '13#35', 0, 1, 1, 0, 1393228800, 1424671200, 0, 0, NULL, NULL, NULL),
(654, 12763, 1854, 'First Data Global Leasing', NULL, '', 0, '800.897.7850', '27', 0, 1, 1, 0, 1393228800, 1424671200, 0, 0, NULL, NULL, NULL),
(655, 12776, 1896, 'The Law Offices of Michael A. Brewer, APC', NULL, 'www.brewerlawyergroup.com/cclitigation', 0, '949.679.6060', '78', 0, 1, 1, 0, 1393228800, 1424671200, 0, 0, NULL, NULL, NULL),
(656, 12777, 1897, 'Barclay Square Leasing', NULL, 'www.barclaysquareleasing.com', 0, '866.396.2754', '27', 0, 0, 1, 0, 1393228800, 1424671200, 0, 0, NULL, NULL, NULL),
(657, 12780, 1903, ' Harbortouch', NULL, 'www.harbortouch.com', 0, '800.201.0461', '21', 0, 1, 1, 0, 1395644400, 1427090400, 0, 0, NULL, NULL, NULL);
INSERT INTO `resourceGuide_inventory` (`id`, `contract_id`, `campaign_id`, `company_name`, `email`, `website`, `email_link_flag`, `phone`, `categories`, `rank`, `bold`, `gs_site`, `pp_site`, `start_date`, `expiry_date`, `archived`, `online_only`, `link`, `addition`, `animated_text`) VALUES
(658, 12780, 1961, 'Harbortouch', NULL, 'www.harbortouch.com', 0, '800.201.0461', '121', 0, 1, 1, 0, 1395644400, 1427090400, 0, 0, NULL, NULL, NULL),
(659, 12792, 1964, 'Acquire Marketing', NULL, 'www.acquiredmarketing.com', 0, '917.743.5258', '86', 0, 0, 1, 0, 1402297200, 1433739600, 0, 0, NULL, NULL, NULL),
(688, 12902, 2285, 'EZIC Inc.', NULL, 'www.ezic.com', 0, '847.327.9870', '32', 0, 0, 1, 0, 1408950000, 1440392400, 0, 0, NULL, NULL, NULL),
(661, 12812, 2004, 'Central Payment ', NULL, 'www.cpay.com', 0, '888 881 3818', '26', 0, 0, 1, 0, 1395644400, 1427090400, 0, 0, NULL, NULL, NULL),
(662, 12757, 1848, 'Network Merchants Inc,', NULL, 'www.nmi.com', 0, '(800) 617-4850', '99', 0, 1, 1, 0, 1394434800, 1425880800, 0, 0, NULL, NULL, NULL),
(663, 12790, 1959, '1st American Leasing', NULL, 'www.1stamleasing.com', 0, '888.884.6111 x3012', '27', 0, 0, 1, 0, 1397458800, 1428901200, 0, 0, NULL, NULL, NULL),
(664, 12786, 1940, 'Total Merchant Services', NULL, 'www.totalmerchantservices.com', 0, '', '80', 0, 0, 1, 0, 1397458800, 1428901200, 0, 0, NULL, NULL, NULL),
(665, 12845, 2091, 'Super G Funding ', NULL, 'www.supergfunding.com', 0, '800.631.2423', '53', 0, 1, 1, 0, 1403506800, 1434949200, 0, 0, NULL, NULL, NULL),
(687, 12905, 2290, 'Green Sheet, Inc.', 'danielle@greensheet.com?subject=FPRGXL', 'www.greensheet.com', 1, '', '82#86', 0, 0, 1, 0, 1406530800, 1469568273, 0, 0, 'danielle@greensheet.com', 'mailto:', ''),
(667, 12826, 2038, 'eProcessing Network LLC', NULL, 'www.eprocessingnetwork.com', 0, '800.296.4810', '32', 0, 0, 1, 0, 1399878000, 1431320400, 0, 0, NULL, NULL, NULL),
(668, 12819, 2022, 'Graphite Payments', '', 'www.graphitepayments.com', 0, '888.228.1011', '80', 0, 0, 1, 0, 1399878000, 1431320400, 0, 0, NULL, NULL, NULL),
(669, 12863, 2138, 'Azura Leasing', '', 'www.azuraleasing.com', 0, '888.424.7142 ', '27', 0, 0, 1, 0, 1399878000, 1431414000, 1408813070, 0, NULL, NULL, NULL),
(670, 12846, 2092, 'Azura Leasing', NULL, 'www.azuraleasing.com', 0, '888.424.7142', '27', 0, 0, 1, 0, 1406530800, 1438066800, 0, 0, NULL, NULL, NULL),
(671, 12855, 2104, 'LogicaLease', NULL, 'www.logicalease.com', 0, '888.206.4935', '27', 0, 1, 1, 0, 1403506800, 1435008273, 0, 0, NULL, NULL, NULL),
(672, 12848, 2093, 'Spectrum Field Services', NULL, 'www.spectrumfsi.com', 0, '800.700.1701', '40', 0, 0, 1, 0, 1401087600, 1432589073, 0, 0, NULL, NULL, NULL),
(673, 12822, 2030, 'Velocity Funding LLC', NULL, 'www.velocityfunding.com', 0, '781.762.2462', '95', 0, 0, 1, 0, 1399878000, 1431381879, 0, 0, 'www.velocityfunding.com', 'http://', NULL),
(674, 12850, 2095, 'PCI Compliance LLC', NULL, 'www.gotpci.com', 0, '866-949-9777', '57', 0, 0, 1, 0, 1403506800, 1435001531, 0, 0, NULL, NULL, NULL),
(675, 12850, 2096, 'MOBILE APP FRAMEWORKS', '', 'www.mobileappframeworks.com/', 0, '866-949-9777', '97', 0, 0, 1, 0, 1403506800, 1435001531, 0, 0, NULL, NULL, NULL),
(676, 12850, 2097, 'BidMaster', NULL, 'www.bidmaster.com', 0, '866-949-9777', '134', 0, 0, 1, 0, 1403506800, 1435001531, 0, 0, NULL, NULL, NULL),
(677, 12839, 2065, 'TouchSuite', NULL, 'www.touchsuite.com', 0, '800-793-3250', '133', 0, 0, 1, 0, 1405321200, 1436857200, 0, 0, NULL, NULL, NULL),
(678, 12866, 2143, 'Greg Meridith', NULL, 'no Url..', 0, '805-452-6732', '80', 0, 0, 1, 0, 1405321200, 1436763600, 0, 0, NULL, NULL, NULL),
(679, 12878, 2179, 'Fundtech Corporation', '', 'www.fundtech.com/mobilescape/', 0, '1 801 716 4746', '101', 0, 0, 1, 0, 1405321200, 1436763600, 0, 0, NULL, NULL, NULL),
(680, 12884, 2203, 'Global Processing Systems,Inc', NULL, 'www.gprocessing.com', 0, '909.542.0900', '80', 0, 0, 1, 0, 1406530800, 1437973200, 0, 0, NULL, NULL, NULL),
(681, 12817, 2013, 'Nationwide Payment Solutions', NULL, 'www.getnationwide.com', 0, '877.290.1975 X5210', '80', 0, 0, 1, 0, 1405321200, 1436763600, 0, 0, NULL, NULL, NULL),
(682, 12817, 2012, 'Nationwide Payment Solutions', NULL, 'www.getnationwide.com', 0, '877.290.1975.5447', '26', 0, 0, 1, 0, 1405321200, 1436763600, 0, 0, NULL, NULL, NULL),
(683, 12839, 2066, 'American Capital Advance', NULL, 'www.americancapitaladvance.com/greensheet', 0, '800-801-6242 x 1340', '95', 0, 0, 1, 0, 1405321200, 1436763600, 0, 0, NULL, NULL, NULL),
(684, 12867, 2144, 'Michael Thurman – Thurman Legal', '', 'www.thurman-legal.com/#!merchant-processing/c2059', 0, '(626)399-6205', '78', 0, 1, 1, 0, 1405321200, 1436763600, 0, 0, NULL, NULL, NULL),
(685, 12892, 2236, 'Cutter LLC', NULL, 'www.cutterfinancial.com', 0, '610.451.4096', '95', 0, 0, 1, 0, 1410159600, 1442247570, 0, 0, NULL, NULL, NULL),
(686, 12901, 2278, 'Green Sheet, Inc.', NULL, 'www.greensheet.com', 0, '707.284.1686', '82', 0, 0, 1, 0, 1405321200, 1469568273, 0, 0, 'danielle@greensheet.com', 'mailto:', ''),
(689, 12903, 2287, 'Swift Capital Partners', NULL, 'www.swiftresidual.com', 0, '561-843-0575', '137', 0, 0, 1, 0, 1408950000, 1440392400, 1423086955, 0, NULL, NULL, NULL),
(690, 12903, 2288, 'Swift Capital Partners', NULL, 'www.swiftresidual.com', 0, '561-843-0575', '95', 0, 0, 1, 0, 1408950000, 1440392400, 1423086926, 0, NULL, NULL, NULL),
(691, 12904, 2289, 'theLendster', NULL, 'www.thelendster.com', 0, ' richardb@thelendster.com', '138', 0, 0, 1, 0, 1408950000, 1416816000, 0, 0, NULL, NULL, NULL),
(692, 12913, 2332, 'Northern Leasing Systems, Inc.', NULL, 'www.northernleasing.com', 0, '800.683.5433', '27', 0, 0, 1, 0, 1410159600, 1442206800, 0, 0, NULL, NULL, NULL),
(693, 12898, 2252, 'Vision Payment Solutions', NULL, 'www.visionpayments.com', 0, '877.674.2286', '80', 0, 0, 1, 0, 1411369200, 1443416400, 0, 0, NULL, NULL, NULL),
(694, 12890, 2232, 'National Transaction Corporation', NULL, 'www.nationaltransaction.com', 0, '1-888-996-2273', '80', 0, 0, 1, 0, 1415606400, 1447045200, 0, 0, NULL, NULL, NULL),
(695, 12938, 2466, 'Reliant Processing Services', NULL, 'www.reliantprocessingservices.com', 0, '877. 650.1222 Ext. 101', '26', 0, 0, 1, 0, 1416816000, 1448254800, 0, 0, NULL, NULL, NULL),
(696, 12963, 2615, 'Bank Card Toolbox', NULL, 'http://www.bankcardtoolbox.com/fe/31876-greensheet', 0, '832.642.1049', '82#72', 0, 0, 1, 0, 1416816000, 1424671200, 0, 0, NULL, NULL, NULL),
(697, 12927, 2417, 'iPayment, Inc.', NULL, 'www.ipaymentinc.com', 0, '818.540.6639', '80', 0, 0, 1, 0, 1418025600, 1450072800, 0, 0, NULL, NULL, NULL),
(698, 12948, 2513, 'ONESOURCE Business Advisors, LLC', NULL, 'http://www.onesource-ba.com', 0, '(707) 445-5401', '135', 0, 0, 1, 0, 1418025600, 1450072800, 0, 0, 'www.onesource-ba.com', 'http://', ''),
(699, 12962, 2612, 'Express POS Distributors', NULL, 'www.ExpressPOSOnline.com', 0, '866-399-2120 ', '13', 0, 0, 1, 0, 1418025600, 1425880800, 0, 0, 'www.ExpressPOSOnline.com', 'http://', ''),
(700, 12964, 2617, 'United Merchant Services', NULL, 'www.unitedmerchant.com', 0, '800.260.338', '26', 0, 1, 1, 0, 1418025600, 1450072800, 0, 0, NULL, NULL, NULL),
(701, 13007, 2910, 'CrossCheck, Inc.', NULL, 'www.cross-check.com', 0, '707.655.2100 Ext. 9503', '10', 0, 0, 1, 0, 1421042400, 1428901200, 0, 0, '', '', ''),
(702, 12966, 2863, 'Point & Pay', NULL, 'www.gonab.com', 0, '877-812-8029', '104', 0, 0, 1, 0, 1421042400, 1452492000, 0, 0, '', '', ''),
(703, 12966, 2864, 'North American Bancard', NULL, 'www.gonab.com', 0, '877-788-5159', '123', 0, 0, 1, 0, 1421042400, 1452492000, 0, 0, '', '', ''),
(704, 12966, 2857, 'North American Bancard', NULL, 'www.gonab.com', 0, '877-788-5159', '82', 0, 0, 1, 0, 1421042400, 1452492000, 0, 0, '', '', ''),
(705, 12966, 2866, 'North American Bancard', NULL, 'www.gonab.com', 0, '855-211-1611', '21', 0, 0, 1, 0, 1421042400, 1452492000, 0, 0, '', '', ''),
(706, 12966, 2858, 'PhoneSwipe', '', 'www.gonab.com/freetablet', 0, '877-256-2419', '114', 0, 0, 1, 0, 1421042400, 1452492000, 0, 0, '', '', ''),
(707, 12966, 2859, 'North American Bancard', NULL, 'www.gonab.com', 0, '855-211-1609', '26', 0, 0, 1, 0, 1421042400, 1452492000, 0, 0, '', '', ''),
(708, 12966, 2860, 'North American Bancard', NULL, 'www.gonab.com', 0, '855-811-6418', '80', 0, 0, 1, 0, 1421042400, 1452492000, 0, 0, '', '', ''),
(709, 12966, 2861, 'North American Bancard', NULL, 'www.gonab.com', 0, '877-788-5159', '121', 0, 0, 1, 0, 1421042400, 1452492000, 0, 0, '', '', ''),
(710, 12966, 2862, 'PhoneSwipe', NULL, 'www.phoneswipeagents.com', 0, '877-256-2419', '97', 0, 0, 1, 0, 1421042400, 1452492000, 0, 0, '', '', ''),
(711, 12966, 2865, 'Capital for Merchants', '', 'www.sellcashadvances.com', 0, '855-563-9101', '56', 0, 0, 1, 0, 1421042400, 1452492000, 0, 0, '', '', ''),
(712, 13010, 2915, 'Electronic Payments ', NULL, 'www.bankcardprogram.com', 0, '800.966.5520 X223', '21', 0, 1, 1, 0, 1421042400, 1452492000, 0, 0, '', '', ''),
(713, 13010, 2916, 'Electronic Payments ', NULL, 'www.bankcardprogram.com', 0, '800.966.5520 X223', '26', 0, 1, 1, 0, 1421042400, 1452492000, 0, 0, '', '', ''),
(714, 13010, 2917, 'Electronic Payments ', NULL, 'www.egiftsolutions.com', 0, '800.966.5520 X223', '17', 0, 1, 1, 0, 1421042400, 1452492000, 0, 0, '', '', ''),
(715, 12967, 2812, 'AVP Solutions', NULL, 'www.avpsolutions.com', 0, ' 800.719.9198', '120', 0, 0, 1, 0, 1419235200, 1451282400, 1443473559, 0, '', '', ''),
(716, 12985, 2801, 'USAePay', '', 'www.usaepay.com', 0, '866-872-3729', '32', 0, 0, 1, 0, 1421042400, 1452492000, 0, 0, 'https://usaepay.info/', '', '-- No Text Provided --'),
(717, 12967, 2812, 'AVP Solutions', NULL, 'www.avpsolutions.com', 0, ' 800.719.9198', '120', 0, 0, 1, 0, 1419235200, 1451282400, 0, 0, '', '', ''),
(718, 12985, 2817, 'USAePay', NULL, 'www.usaepay.com', 0, '323 370 6602', '142', 0, 0, 1, 0, 1421042400, 1452492000, 0, 0, '', '', ''),
(719, 12985, 2802, 'USAePay', NULL, 'www.usaepay.com', 0, '866-872-3729', '143', 0, 0, 1, 0, 1421042400, 1452492000, 0, 0, 'http://www.usaepay.com/', '', ''),
(720, 12985, 2818, 'USAePay', NULL, 'www.usaepay.com', 0, '323 370 6602', '132', 0, 0, 1, 0, 1421042400, 1452492000, 0, 0, '', '', ''),
(721, 12968, 2745, 'Central Payment ', NULL, 'www.centralpaymentcorp.com', 0, '888-881-3818', '26', 0, 0, 1, 0, 1421042400, 1452492000, 0, 0, 'www.centralpaymentcorp.com', 'http://', ''),
(722, 13045, 2987, 'Discount Credit Card Supply', NULL, 'www.discountcreditcardsupply.com', 0, '877.298.6939', '13', 0, 0, 1, 0, 1424671200, 1456207200, 0, 0, '', '', ''),
(723, 12990, 2990, 'Integrity Payment Systems', NULL, 'www.integritypays.com', 0, '888.477.4500  ', '26', 0, 1, 1, 0, 1424671200, 1456120800, 0, 0, '', '', ''),
(724, 13052, 2996, 'The Law Offices of Michael A. Brewer, APC', '', 'www.brewerlawyergroup.com/cclitigation', 0, '949.679.6060', '78', 0, 0, 1, 0, 1424671200, 1456120800, 0, 0, 'www.brewerlawyergroup.com/cclitigation', 'http://', ''),
(725, 13047, 2991, 'First Data Global Leasing', NULL, '', 0, '800.897.7850', '27', 0, 1, 1, 0, 1425880800, 1457935200, 0, 0, '', '', ''),
(726, 13049, 2993, 'America', NULL, 'www.americanatm.com', 0, '954.414.0331', '84', 0, 0, 1, 0, 1427090400, 1434949200, 0, 0, '', '', ''),
(727, 13062, 3021, 'TRANSAX', NULL, 'www.transaxgateway.com', 0, '847-407-9404 Direct', '32', 0, 0, 1, 0, 1427090400, 1434949200, 0, 0, '', '', ''),
(728, 13072, 3042, 'Graphite Payments', NULL, 'www.graphitepayments.com', 0, '888.228.1011', '80', 0, 0, 1, 0, 1427090400, 1459144800, 0, 0, 'sales@graphitepayments.com', 'mailto:', ''),
(729, 13056, 3007, 'Barclay Square Leasing', NULL, 'www.barclaysquareleasing.com', 0, '866.396.2754', '27', 0, 0, 1, 0, 1424671200, 1456120800, 0, 0, '', '', ''),
(730, 13081, 3066, 'Bank Card Toolbox', NULL, 'www.bankcardtoolbox.com / www.surviveandthrive.biz', 0, '1-888-285-1225', '72', 0, 0, 1, 0, 1425880800, 1457935200, 0, 0, '', '', ''),
(731, 13090, 3091, 'United Merchant Services, Inc.', NULL, 'www.unitedmerchant.com', 0, '201.562.1485 ', '26', 0, 1, 1, 0, 1428901200, 1452492000, 0, 0, '', '', ''),
(732, 13043, 2985, 'Harbortouch', NULL, 'www.harbortouch.com', 0, '800.201.0461', '80', 0, 0, 1, 0, 1428901200, 1460350800, 0, 0, 'www.isoprogram.com', 'http://', ''),
(733, 13031, 2953, 'TSYS Acquiring Solutions', '', 'www.tsys.com/acquiring', 0, '706.649.6921', '80', 0, 0, 1, 0, 1423461600, 1431320400, 0, 0, '', '', ''),
(734, 13100, 3111, 'eProcessing Network LLC', NULL, 'www.eprocessingnetwork.com', 0, '800.296.4810', '32', 0, 0, 1, 0, 1431320400, 1462770000, 0, 0, '', '', ''),
(735, 13135, 3235, 'Lead Tracking Systems', NULL, 'http://www.leadtrackingsystems.com/', 0, '(323) 650-9520', '147', 0, 0, 1, 0, 1434949200, 1451282400, 0, 0, 'info@leadtrackingsystems.com', 'mailto:', ''),
(737, 13121, 3192, 'Lock Trust Inc.', NULL, 'Gina@locktrust.com ', 0, '1(800)573-2658 ext 11', '80', 0, 0, 1, 0, 1433739600, 1465794000, 0, 0, 'http://www.locktrust.com/', '', ''),
(738, 13083, 3072, 'Petroleum Card Services', NULL, 'www.pcs4fuel.com', 0, '866.427.7297 Ext. 155', '32', 0, 0, 1, 0, 1432530000, 1463979600, 0, 0, 'www.pcs4fuel.com', 'http://', ''),
(739, 13146, 3263, 'InstaMed', NULL, 'www.instamed.com', 0, '(215) 360-0820', '96', 0, 0, 1, 0, 1434949200, 1443416400, 0, 0, 'www.instamed.com/about/careers/', 'http://', ''),
(740, 13116, 3161, 'Sage Payment Solutions', NULL, 'www.sagepayments.com/GoNow', 0, '703 663 3162', '80', 0, 0, 1, 0, 1434949200, 1451282400, 0, 0, 'http://www.SagePayments.com/GoNow', '', ''),
(741, 13130, 3214, 'TouchSuite', NULL, 'www.touchsuite.com', 0, '800-793-3250', '133', 0, 0, 1, 0, 1436763600, 1468213200, 0, 0, '', '', ''),
(742, 13130, 3215, 'American Capital Advance', NULL, 'www.americancapitaladvance.com/greensheet', 0, '800-801-6242 x 1340', '95', 0, 0, 1, 0, 1436763600, 1468213200, 1439319909, 0, '', '', ''),
(743, 13155, 3288, 'Global Legal Resources LLP', '', 'glrlegal.wmrlc.com/', 0, '(888)-846-8901', '78', 0, 0, 1, 0, 1437973200, 1469422800, 0, 0, 'http://glrlegal.wmrlc.com/', '', ''),
(744, 13159, 3294, 'EZIC Inc.', NULL, 'www.ezic.com', 0, '847.327.9870', '32', 0, 0, 1, 0, 1440392400, 1471842000, 0, 0, '', '', ''),
(745, 13154, 3283, 'CrossCheck, Inc.', NULL, 'www.cross-check.com', 0, '707.655.2100 ', '10', 0, 0, 1, 0, 1437973200, 1469422800, 0, 0, 'www.cross-check.com', 'http://', ''),
(746, 13154, 3284, 'Optio Solutions LLC', NULL, '', 0, '', '149', 0, 0, 1, 0, 1437973200, 1469422800, 0, 0, 'www.optiosolutions.com', 'http://', ''),
(747, 13126, 3200, 'Azura Leasing', '', 'www.azuraleasing.com', 0, '888.424.7142 ', '27', 0, 0, 1, 0, 1439182800, 1470632400, 0, 0, 'www.azuraleasing.com', 'http://', 'Version I\r\n\r\nHeadline:  WHITE GLOVE SERVICE FROM A LEASING COMPANY?\r\nWords populate white glove, one line at a time:\r\n\r\nYES.\r\n\r\nWe go the extra mile.\r\n\r\nMost deals funded.\r\n\r\nBoutique service.\r\n\r\nLow rates.\r\n\r\n\r\nVersion II\r\n\r\nHeadline:  LEASES APPROVED HERE\r\nWords come from Brad’s mouth\r\n\r\nStop resubmitting deals.\r\nGet maximum support.\r\nMinimum pricing.\r\nMost deals approved.\r\n'),
(748, 13180, 3343, 'American Capital Advance', NULL, 'americancapitaladvance.com/greensheet', 0, '888.400.1803', '95', 0, 0, 1, 0, 1440392400, 1471842000, 0, 0, '', '', ''),
(749, 13163, 3298, '1st American Leasing', NULL, 'www.1stamleasing.com', 0, '888.884.6111 x3012', '27', 0, 0, 1, 0, 1439182800, 1470632400, 0, 0, '', '', ''),
(750, 13187, 3376, 'PCI Compliance LLC', NULL, 'www.pcicompliancellc.com', 0, '866-949-9777', '57', 0, 0, 1, 0, 1442206800, 1473656400, 0, 0, 'gotpci.com', 'http://', ''),
(751, 13137, 3238, 'Payment Collect', NULL, 'www.paymentcollect.com', 0, '828.214.5550', '104', 0, 0, 1, 0, 1442206800, 1450072800, 0, 0, 'www.paymentcollect.com', 'http://', ''),
(752, 13189, 3381, 'Super G Funding ', NULL, 'www.supergfunding.com', 0, '800.631.2423', '53', 0, 1, 1, 0, 1442206800, 1473656400, 1443473544, 0, '', '', ''),
(753, 13189, 3381, 'Super G Funding ', NULL, 'www.supergfunding.com', 0, '800.631.2423', '53', 0, 1, 1, 0, 1442206800, 1473656400, 0, 0, '', '', ''),
(754, 13192, 3386, 'TSYS Acquiring Solutions', '', 'www.tsysacquiring.com', 0, '706.649.6921', '150', 0, 0, 1, 0, 1443416400, 1451282400, 0, 0, 'tsyspartnerportal.com', 'http://', ''),
(755, 13195, 3397, 'LogicaLease', NULL, 'www.logicalease.com', 0, '888.206.4935', '27', 0, 1, 1, 0, 1444626000, 1476075600, 0, 0, '', '', ''),
(756, 13144, 3252, 'Nationwide Payment Solutions', NULL, 'www.getnationwide.com', 0, '877.290.1975.5447', '26', 0, 0, 1, 0, 1443416400, 1474866000, 0, 0, '', '', ''),
(757, 13144, 3253, 'Nationwide Payment Solutions', NULL, 'www.GetNationwide.com', 0, '877.290.1975 X 5253', '80', 0, 0, 1, 0, 1443416400, 1474866000, 0, 0, '', '', ''),
(758, 13207, 3420, 'Northern Leasing Systems, Inc.', NULL, 'www.northernleasing.com', 0, '800.683.5433', '27', 0, 0, 1, 0, 1445835600, 1477285200, 0, 0, '', '', ''),
(759, 13194, 3395, 'Go To Billing', NULL, 'https://indicium.leadpages.co/gtb-partners-gs-online/', 0, '(813)703-2578', '32', 0, 0, 1, 0, 1445835600, 1477285200, 1, 0, '', '', ''),
(760, 13205, 3418, 'Velocity Funding LLC', NULL, 'www.velocityfunding.com', 0, '781.762.2462', '95', 0, 0, 1, 0, 1445835600, 1477285200, 0, 0, 'www.velocityfunding.com', 'http://', ''),
(761, 13229, 3492, 'General Credit Forms, Incorporated', NULL, 'www.gcfinc.com', 0, '314.216.8600', '151', 0, 0, 1, 0, 1448258400, 1480309200, 0, 0, 'www.gcfinc.com', 'http://', ''),
(762, 13253, 3595, 'AVP Solutions', NULL, 'www.avpsolutions.com', 0, ' 800.719.9198', '120#56#26', 0, 0, 1, 0, 1451282400, 1482732000, 0, 0, '', '', ''),
(763, 13246, 3563, 'North American Bancard', NULL, 'www.gonab.com', 0, '877-788-5159', '121', 0, 0, 1, 0, 1452492000, 1483941600, 0, 0, '', '', ''),
(764, 13246, 3559, 'North American Bancard', NULL, 'www.gonab.com', 0, '877-788-5159', '82', 0, 0, 1, 0, 1452492000, 1483941600, 0, 0, '', '', ''),
(765, 13246, 3567, 'Capital for Merchants', NULL, 'www.gonab.com', 0, '855-563-9101', '56', 0, 0, 1, 0, 1452492000, 1483941600, 0, 0, '', '', ''),
(766, 13246, 3566, 'North American Bancard', NULL, 'www.gonab.com', 0, '877-788-5159', '123', 0, 0, 1, 0, 1452492000, 1483941600, 0, 0, '', '', ''),
(767, 13246, 3560, 'PhoneSwipe', NULL, 'www.phoneswipeagents.com', 0, '877-256-2419', '114', 0, 0, 1, 0, 1452492000, 1483941600, 0, 0, '', '', ''),
(768, 13246, 3564, 'PhoneSwipe', NULL, 'www.phoneswipeagents.com', 0, '877-256-2419', '97', 0, 0, 1, 0, 1452492000, 1483941600, 0, 0, '', '', ''),
(769, 13246, 3565, 'Point & Pay', NULL, 'www.gonab.com', 0, '877-812-8029', '104', 0, 0, 1, 0, 1452492000, 1483941600, 0, 0, '', '', ''),
(770, 13246, 3568, 'North American Bancard', NULL, 'www.gonab.com', 0, '855-211-1611', '21', 0, 0, 1, 0, 1452492000, 1483941600, 0, 0, '', '', ''),
(771, 13246, 3561, 'North American Bancard', NULL, 'www.gonab.com', 0, '855-211-1609', '26', 0, 0, 1, 0, 1452492000, 1483941600, 0, 0, '', '', ''),
(772, 13246, 3562, 'North American Bancard', NULL, 'www.gonab.com', 0, '855-811-6418', '80', 0, 0, 1, 0, 1452492000, 1483941600, 0, 0, '', '', ''),
(773, 13131, 3245, 'Central Payment ', NULL, 'www.cpay.com', 0, '888 881 3818', '80', 0, 0, 1, 0, 1452492000, 1483941600, 0, 0, '', '', ''),
(774, 13239, 3520, 'World Business Lenders', NULL, 'www.wbl.com/newington', 0, '860-436-5920', '80', 0, 0, 1, 0, 1453701600, 1485151200, 0, 0, 'gkorhonen@wbl.com', 'mailto:', ''),
(775, 13289, 3759, 'Adam Atlas Attorney at Law', NULL, 'www.adamatlas.com', 0, '514.842.0886', '78', 0, 0, 1, 0, 1452492000, 1483941600, 0, 0, '', '', ''),
(776, 13251, 3589, 'Elavon', NULL, 'http://acquiring.elavon.com/mspsuccess/', 0, '678.731.4016 ', '21', 0, 0, 1, 0, 1452492000, 1483941600, 0, 0, 'https://www.elavon.com/', '', ''),
(777, 13284, 3749, 'National Benefit Programs, Inc.', NULL, 'www.nationalbenefitprograms.com', 0, '770-522-0100', '152', 0, 0, 1, 0, 1456120800, 1488175200, 0, 0, '', '', ''),
(778, 13290, 3764, 'Merchant Match', NULL, 'www.merchantmatch.net', 0, '561-655-3670 Office, 561-714-5297 Cell', '120', 0, 0, 1, 0, 1454911200, 1462770000, 0, 0, '', '', ''),
(779, 13266, 3645, 'Paysafe', NULL, 'www.paysafe.com', 0, '     949 788 1010 x205 ', '26', 0, 0, 1, 0, 1457935200, 1465794000, 0, 0, '', '', ''),
(786, 13282, 3746, 'Sage Payment Solutions', NULL, 'www.sagepayments.com', 0, '703 663 3162', '132', 0, 0, 1, 0, 1454911200, 1462770000, 0, 0, 'http://www.sage.com/us/sage-payment-solutions', '', ''),
(785, 13282, 3746, 'Sage Payment Solutions', NULL, 'www.sagepayments.com', 0, '703 663 3162', '132', 0, 0, 1, 0, 1454911200, 1462770000, 0, 0, '', '', ''),
(783, 13266, 3643, 'Paysafe', NULL, 'www.paysafe.com', 0, '     949 788 1010 x205 ', '80', 0, 0, 1, 0, 1457935200, 1465794000, 0, 0, '', '', ''),
(784, 13266, 3644, 'Paysafe', NULL, 'www.paysafe.com', 0, '     949 788 1010 x205 ', '21', 0, 0, 1, 0, 1457935200, 1465794000, 0, 0, '', '', ''),
(787, 13235, 3510, 'USAePay', NULL, 'www.usaepay.com', 0, '323 370 6602', '32', 0, 0, 1, 0, 1453701600, 1485151200, 0, 0, 'www.usaepay.com', 'http://', ''),
(788, 13294, 3770, 'Bank Card Toolbox', NULL, 'http://www.bankcardtoolbox.com/fe/31876-greensheet', 0, '832.642.1049', '82#72', 0, 0, 1, 0, 1454911200, 1486965600, 0, 0, '', '', ''),
(789, 13237, 3516, 'VeriFone', NULL, 'www.verifone.com', 0, '770.754.3424', '13', 0, 0, 1, 0, 1454911200, 1462770000, 0, 0, 'verifone.com', 'http://', ''),
(790, 13292, 3766, 'Customer Connect', NULL, '   http://customerconnect.biz', 0, '469-358-3896', '80', 0, 0, 1, 0, 1457935200, 1465794000, 0, 0, 'support@customerconnect.biz', 'mailto:', ''),
(791, 13323, 3848, 'iPayment, Inc.', NULL, 'www.ipaymentinc.com', 0, '818.540.6639', '80', 0, 0, 1, 0, 1460350800, 1483941600, 0, 0, 'goipayment.com', 'http://', ''),
(792, 13323, 3849, 'iPayment, Inc.', NULL, 'www.ipaymentinc.com', 0, '818.540.6639', '26', 0, 0, 1, 0, 1460350800, 1483941600, 0, 0, 'newpartner@ipayment.com', 'mailto:', ''),
(793, 13317, 3833, 'Barclay Square Leasing', NULL, 'www.barclaysquareleasing.com', 0, '866.396.2754', '27', 0, 0, 1, 0, 1456120800, 1488175200, 0, 0, '', '', ''),
(794, 13308, 3804, 'Harbortouch', NULL, 'www.harbortouch.com', 0, '800.201.0461', '80', 0, 0, 1, 0, 1460350800, 1491800400, 0, 0, 'www.isoprogram.com', 'http://', ''),
(795, 13310, 3815, 'TSYS Acquiring Solutions', NULL, 'www.tsysacquiring.com', 0, '706.649.6921', '153', 0, 0, 1, 0, 1459144800, 1467003600, 0, 0, 'www.tsys.com/acquiring', 'http://', ''),
(796, 13328, 3860, 'Reliant Processing Services', NULL, 'www.Reliant-Processing.com', 0, '877.650.1222', '80', 0, 0, 1, 0, 1461560400, 1493010000, 0, 0, 'www.reliant-processing.com', 'http://', ''),
(797, 13352, 3903, 'linked2pay', NULL, 'www.linked2pay.com', 0, '(805) 604-4472', '132', 0, 0, 1, 0, 1465794000, 1497243600, 0, 0, 'www.linked2pay.com/', 'http://', ''),
(798, 13332, 3875, 'Alipse Merchant Services Inc.', NULL, 'www.jackrabbitpayments.com', 0, '609-397-0300', '80', 0, 0, 1, 0, 1465794000, 1497243600, 0, 0, 'www.jackrabbitpayments.com', 'http://', ''),
(799, 13349, 3901, 'Prairie Trail Software, Inc.', NULL, 'www.prairietrail.com', 0, '1-800-618-4199', '17', 0, 0, 1, 0, 1465794000, 1473656400, 0, 0, '', '', ''),
(800, 13335, 3879, 'TSYS Acquiring Solutions', NULL, 'www.tsysacquiring.com', 0, '706.649.6921', '153', 0, 0, 1, 0, 1467003600, 1474866000, 0, 0, '', '', ''),
(801, 13356, 3910, 'Sage Payment Solutions', NULL, 'www.sagepayments.com', 0, '703 663 3162', '132', 0, 0, 1, 0, 1465794000, 1473656400, 0, 0, '', '', '');

-- --------------------------------------------------------

--
-- Table structure for table `resourceGuide_valueadd`
--

CREATE TABLE IF NOT EXISTS `resourceGuide_valueadd` (
  `id` int(8) NOT NULL AUTO_INCREMENT,
  `contract_id` int(8) NOT NULL,
  `campaign_id` int(8) NOT NULL,
  `type` varchar(50) NOT NULL DEFAULT 'LiveLink',
  `link` varchar(255) NOT NULL,
  `addition` varchar(10) DEFAULT NULL,
  PRIMARY KEY (`id`),
  KEY `contract_id` (`contract_id`,`campaign_id`)
) ENGINE=InnoDB DEFAULT CHARSET=latin1 AUTO_INCREMENT=1 ;

--
-- Dumping data for table `resourceGuide_valueadd`
--


-- --------------------------------------------------------

--
-- Table structure for table `sales_reps`
--

CREATE TABLE IF NOT EXISTS `sales_reps` (
  `id` int(8) NOT NULL,
  `name` varchar(25) NOT NULL,
  `full_name` varchar(100) NOT NULL,
  `sales_rep` tinyint(1) unsigned NOT NULL DEFAULT '0',
  `active` tinyint(1) NOT NULL DEFAULT '1',
  PRIMARY KEY (`id`),
  KEY `name` (`name`),
  KEY `active` (`active`)
) ENGINE=MyISAM DEFAULT CHARSET=latin1;

--
-- Dumping data for table `sales_reps`
--

INSERT INTO `sales_reps` (`id`, `name`, `full_name`, `sales_rep`, `active`) VALUES
(3, 'Wolf', 'Wolf Dean Stiles', 0, 1),
(460, 'Dani', 'Danielle Thorpe', 1, 1),
(9251, 'Rita', 'Rita Francis', 1, 0),
(29130, 'Kat', 'Kat Doherty', 1, 1),
(11, 'Lewis', 'Lewis Kimble', 0, 0),
(1746, 'Kate', 'Kate Gillespie', 0, 1),
(20624, 'Laura', 'Laura McHale-Holland', 0, 1),
(4, 'Hades', 'Hades, Lord of Erebos', 0, 0),
(44180, 'Brandee', 'Brandee Cummins', 0, 1),
(121, 'Paul', 'Paul Green', 0, 0),
(48308, 'Rick', 'Rick Aston', 1, 1),
(29356, 'Dale', 'Dale Laszig', 0, 1),
(46611, 'Lyn', 'Lyn McKay', 0, 1);

-- --------------------------------------------------------

--
-- Table structure for table `special_placement`
--

CREATE TABLE IF NOT EXISTS `special_placement` (
  `id` int(8) NOT NULL AUTO_INCREMENT,
  `placement` varchar(50) NOT NULL,
  PRIMARY KEY (`id`),
  UNIQUE KEY `placement` (`placement`)
) ENGINE=MyISAM  DEFAULT CHARSET=latin1 AUTO_INCREMENT=19 ;

--
-- Dumping data for table `special_placement`
--

INSERT INTO `special_placement` (`id`, `placement`) VALUES
(1, 'Cover 2'),
(2, 'Cover 3'),
(3, 'Cover 4'),
(4, 'Center Spread'),
(5, 'Page 6-7'),
(6, 'Page 9'),
(7, 'Page 10'),
(8, 'Page 11'),
(9, 'Page 13'),
(10, 'Page 15'),
(11, 'Page 17'),
(12, 'Page 19'),
(13, 'Page 21'),
(14, 'Page 23'),
(15, 'Front Half'),
(16, 'Page 25'),
(17, 'Page 8'),
(18, 'Page 5');

-- --------------------------------------------------------

--
-- Table structure for table `sponsorship_inventory`
--

CREATE TABLE IF NOT EXISTS `sponsorship_inventory` (
  `id` int(8) NOT NULL AUTO_INCREMENT,
  `contract_id` int(8) NOT NULL,
  `campaign_id` int(8) NOT NULL,
  `type` varchar(25) NOT NULL DEFAULT 'Sponsorship',
  `location` varchar(50) NOT NULL DEFAULT 'forums',
  `name` varchar(255) DEFAULT NULL,
  `link` varchar(255) NOT NULL,
  `file_type` varchar(10) NOT NULL DEFAULT '.gif',
  `start_date` int(11) NOT NULL,
  `end_date` int(11) NOT NULL,
  `upload_date` int(11) NOT NULL,
  `addition` varchar(10) DEFAULT NULL,
  `archived` int(11) NOT NULL DEFAULT '0',
  `gs_site` tinyint(1) NOT NULL DEFAULT '1',
  `pp_site` tinyint(1) NOT NULL DEFAULT '0',
  `disable` tinyint(1) NOT NULL DEFAULT '0',
  PRIMARY KEY (`id`),
  KEY `contract_id` (`contract_id`,`campaign_id`,`location`),
  KEY `start_date` (`start_date`,`end_date`)
) ENGINE=MyISAM  DEFAULT CHARSET=latin1 AUTO_INCREMENT=43 ;

--
-- Dumping data for table `sponsorship_inventory`
--

INSERT INTO `sponsorship_inventory` (`id`, `contract_id`, `campaign_id`, `type`, `location`, `name`, `link`, `file_type`, `start_date`, `end_date`, `upload_date`, `addition`, `archived`, `gs_site`, `pp_site`, `disable`) VALUES
(1, 10879, 66, 'Sponsorship', 'Calendar', 'Evo Calendar Sponsorship ads', 'http://marketing.goevo.com/PartnershipMicrosite_yourway/index.aspx', '.gif', 1335164400, 1366700400, 1335807588, '', 0, 1, 0, 0),
(2, 10879, 66, 'Button', 'Calendar', 'Evo Calendar Sponsorship ads', 'http://marketing.goevo.com/PartnershipMicrosite_yourway/index.aspx', '.gif', 1335164400, 1366700400, 1335807588, '', 0, 1, 0, 0),
(3, 10533, 194, 'Sponsorship', 'Calendar', '', 'www.evo.com', '.gif', 1301634000, 1333256400, 1336153188, 'http://', 0, 1, 0, 0),
(4, 10533, 194, 'Button', 'Calendar', '', 'www.evo.com', '.gif', 1301634000, 1333256400, 1336153188, 'http://', 0, 1, 0, 0),
(5, 12108, 483, 'Sponsorship', 'Forums', 'EPI Sponsorship', 'www.electronicpayments.com', '.jpg', 1338526800, 1357020000, 1340818788, 'http://', 0, 1, 0, 0),
(6, 12336, 805, 'Sponsorship', 'Forums', '', 'http://www.electronicpayments.com', '.jpg', 1357020000, 1375333200, 1357234788, '', 0, 1, 0, 0),
(7, 12581, 1177, 'Sponsorship', 'Forums', '', 'http://www.bankcardprogram.com', '.gif', 1375333200, 1451670173, 1375292388, '', 0, 1, 0, 0),
(8, 12643, 1409, 'Sponsorship', 'Newswire', 'Poker Ads', 'info@regalpaymentsystems.com', '.gif', 1382936400, 1390888800, 1382722788, 'mailto:', 0, 1, 0, 0),
(9, 12643, 1409, 'Button', 'Newswire', 'Poker Ads', 'info@regalpaymentsystems.com', '.gif', 1382936400, 1390888800, 1382722788, 'mailto:', 0, 1, 0, 0),
(10, 12692, 1612, 'Sponsorship', 'Forums', '', 'http://www.bankcardprogram.com', '.gif', 1383282000, 1385877600, 1385141988, '', 1390503216, 1, 0, 0),
(11, 12674, 1522, 'Sponsorship', 'Forums', '', 'http://www.bankcardprogram.com', '.gif', 1388556000, 1420092000, 1385141988, '', 1390503216, 1, 0, 0),
(12, 12727, 1768, 'Sponsorship', 'Search Engine', '', 'http://www.phoneswipeagents.com/gs', '.gif', 1388556000, 1420092000, 1388511588, '', 1400625885, 1, 0, 0),
(13, 12736, 1791, 'Sponsorship', 'Forums', '', 'http://www.bankcardprogram.com', '.gif', 1385877600, 1388556000, 1388511588, '', 0, 1, 0, 0),
(14, 12689, 1602, 'Sponsorship', 'Calendar', 'Optix', 'http://optix.goepsg.com/', '.jpg', 1385877600, 1417413600, 1389807588, '', 0, 1, 0, 0),
(15, 12689, 1602, 'Button', 'Calendar', 'Optix', 'http://optix.goepsg.com/', '.jpg', 1385877600, 1417413600, 1389807588, '', 0, 1, 0, 0),
(16, 12787, 1945, 'Sponsorship', 'Newswire', 'Renewal', 'info@regalpaymentsystems.com', '.gif', 1393653600, 1401598800, 1393609188, 'mailto:', 0, 1, 0, 0),
(17, 12787, 1945, 'Button', 'Newswire', 'Renewal', 'http://regalpaymentsystems.com/iso-program/?utm_source=GreenSheet&utm_medium=smBanner&utm_campaign=ClickorCall', '.gif', 1393653600, 1401598800, 1393609188, NULL, 0, 1, 0, 0),
(18, 12829, 2045, 'Sponsorship', 'Newswire', '', 'mailto: info@regalpaymentsystems.com', '.png', 1401598800, 1417413600, 1400607588, '', 0, 1, 0, 0),
(19, 12829, 2045, 'Button', 'Newswire', '', 'mailto: info@regalpaymentsystems.com', '.png', 1401598800, 1417413600, 1400607588, '', 0, 1, 0, 0),
(20, 12727, 1768, 'Sponsorship', 'Search Engine', 'Actual Ad', 'http://www.gonab.com/tabletgsb', '.gif', 1388556000, 1420092000, 1400693988, '', 0, 1, 0, 0),
(21, 12829, 2045, 'Sponsorship', 'Newswire', 'New Button Ad', 'info@regalpaymentsystems.com', '.gif', 1401598800, 1417413600, 1402594788, 'mailto:', 0, 1, 0, 0),
(22, 12829, 2045, 'Button', 'Newswire', 'New Button Ad', 'info@regalpaymentsystems.com', '.gif', 1401598800, 1417413600, 1402594788, 'mailto:', 0, 1, 0, 0),
(23, 12829, 2045, 'Sponsorship', 'Newswire', 'replacement ad', 'info@regalpaymentsystems.com', '.jpg', 1401598800, 1417413600, 1406050788, 'mailto:', 0, 1, 0, 0),
(24, 12898, 2247, 'Sponsorship', 'Resource Guide', '', 'http://www.visionpayments.com/', '.jpg', 1411362000, 1442898000, 1409693124, '', 0, 1, 0, 0),
(25, 12923, 2404, 'Sponsorship', 'Newswire', '', 'http://regalpaymentsystems.com/iso-program/?utm_source=GreenSheet&utm_medium=emailBannerLg&utm_campaign=whyChooseOne', '.gif', 1417413600, 1448949600, 1412706452, '', 0, 1, 0, 0),
(26, 12923, 2404, 'Button', 'Newswire', '', 'http://regalpaymentsystems.com/iso-program/?utm_source=GreenSheet&utm_medium=emailBannerLg&utm_campaign=whyChooseOne', '.gif', 1417413600, 1448949600, 1412706452, '', 0, 1, 0, 0),
(27, 12727, 1768, 'Button', 'Search Engine', 'New Button Ad', 'http://www.gonab.com/gssearch', '.gif', 1388556000, 1420092000, 1415912744, NULL, 0, 1, 0, 0),
(28, 12966, 2704, 'Sponsorship', 'Search Engine', 'Renew 2014', 'http://www.gonab.com/tabletgsb', '.gif', 1420092000, 1451628000, 1419898894, '', 0, 1, 0, 0),
(29, 12966, 2704, 'Button', 'Search Engine', 'Renew 2014', 'http://www.gonab.com/tabletgsb', '.gif', 1420092000, 1451628000, 1419898894, '', 0, 1, 0, 0),
(30, 12923, 2404, 'Sponsorship', 'Newswire', 'March 2015', 'http://regalpaymentsystems.com/iso-program/?utm_source=GreenSheet&utm_medium=emailBannerLg&utm_campaign=whyChooseOne', '.gif', 1417413600, 1448949600, 1427145938, '', 0, 1, 0, 0),
(31, 12923, 2404, 'Button', 'Newswire', 'March 2015', 'http://regalpaymentsystems.com/iso-program/?utm_source=GreenSheet&utm_medium=emailBannerLg&utm_campaign=whyChooseOne', '.gif', 1417413600, 1448949600, 1427145938, '', 0, 1, 0, 0),
(32, 12923, 2404, 'Sponsorship', 'Newswire', 'Replacement Button', 'http://regalpaymentsystems.com/iso-program/?utm_source=GreenSheet&utm_medium=emailBannerLg&utm_campaign=whyChooseOne', '.gif', 1417413600, 1448949600, 1427245612, '', 1435877718, 1, 0, 0),
(33, 12923, 2404, 'Button', 'Newswire', 'Replacement Button', 'http://regalpaymentsystems.com/iso-program/', '.gif', 1417413600, 1448949600, 1427245612, '', 1435877712, 1, 0, 0),
(34, 13043, 3014, 'Sponsorship', 'Calendar', 'New Calendar ad', 'http://www.isoprogram.com/', '.gif', 1427823556, 1459486800, 1427820916, NULL, 1453759761, 1, 0, 0),
(35, 13043, 3014, 'Button', 'Calendar', 'New Calendar ad', 'http://www.isoprogram.com/', '.gif', 1427823556, 1459486800, 1427820916, NULL, 0, 1, 0, 0),
(36, 12923, 2404, 'Sponsorship', 'Newswire', '', 'http://regalpaymentsystems.com/iso-program/?utm_source=GreenSheet&utm_medium=emailBannerLg&utm_campaign=whyChooseOne', '.gif', 1417413600, 1448949600, 1435877795, '', 1444706866, 1, 0, 0),
(37, 12923, 2404, 'Button', 'Newswire', '', 'http://regalpaymentsystems.com/iso-program/?utm_source=GreenSheet&utm_medium=emailBannerLg&utm_campaign=whyChooseOne', '.gif', 1417413600, 1448949600, 1435877795, '', 1444706855, 1, 0, 0),
(38, 12923, 2404, 'Sponsorship', 'Newswire', '', 'http://chfs.us', '.gif', 1417413600, 1448949600, 1444706932, '', 0, 1, 0, 0),
(39, 12923, 2404, 'Button', 'Newswire', '', 'http://chfs.us', '.gif', 1417413600, 1448949600, 1444706932, '', 0, 1, 0, 0),
(40, 13246, 3539, 'Sponsorship', 'Search Engine', 'Jan 2016', 'http://www.gonab.com/tabletgsb', '.gif', 1451628000, 1483250400, 1451762028, '', 0, 1, 0, 0),
(41, 13246, 3539, 'Button', 'Search Engine', 'Jan 2016', 'http://www.gonab.com/tabletgsb', '.gif', 1451628000, 1483250400, 1451762028, '', 0, 1, 0, 0),
(42, 13043, 3014, 'Sponsorship', 'Calendar', '', 'www.isoprogram.com', '.gif', 1427864400, 1459486800, 1453759825, 'http://', 0, 1, 0, 0);

-- --------------------------------------------------------

--
-- Table structure for table `spotlight_ad_inventory`
--

CREATE TABLE IF NOT EXISTS `spotlight_ad_inventory` (
  `id` int(8) NOT NULL AUTO_INCREMENT,
  `spotlight_id` int(8) NOT NULL,
  `type` varchar(10) NOT NULL DEFAULT 'banner',
  `file_type` varchar(5) NOT NULL DEFAULT '.jpg',
  `upload_date` int(11) NOT NULL,
  `link` varchar(100) NOT NULL,
  `addition` varchar(10) DEFAULT NULL,
  `subject` varchar(255) DEFAULT NULL,
  `disable` tinyint(1) NOT NULL DEFAULT '0',
  PRIMARY KEY (`id`),
  KEY `spotlight_id` (`spotlight_id`,`upload_date`)
) ENGINE=InnoDB  DEFAULT CHARSET=latin1 AUTO_INCREMENT=59 ;

--
-- Dumping data for table `spotlight_ad_inventory`
--

INSERT INTO `spotlight_ad_inventory` (`id`, `spotlight_id`, `type`, `file_type`, `upload_date`, `link`, `addition`, `subject`, `disable`) VALUES
(1, 1, 'Banner', '.gif', 1417642289, 'www.gonab.com', 'http://', NULL, 0),
(2, 1, 'Skyscraper', '.gif', 1417642384, 'www.gonab.com', 'http://', NULL, 0),
(3, 2, 'Banner', '.gif', 1417722696, 'danielle@greensheet.com', 'mailto:', NULL, 0),
(4, 3, 'Banner', '.gif', 1417725938, 'http://www.bankcardprogram.com/', '', NULL, 0),
(5, 4, 'Banner', '.jpg', 1417738199, ' http://jobs.cpay.com/', '', NULL, 0),
(6, 6, 'Banner', '.gif', 1418665183, 'http://www.greensheet.com/adClick.php', '', NULL, 0),
(7, 7, 'Banner', '.jpg', 1418680943, 'http://www.iriscrm.com/pricing', '', NULL, 0),
(8, 9, 'Banner', '.gif', 1419445088, 'http://www.alphacardservices.com/Why-Alpha-Card.html', '', NULL, 0),
(9, 9, 'Skyscraper', '.gif', 1419445177, 'http://www.alphacardservices.com/About-Us/Awards.html', '', NULL, 0),
(10, 10, 'Banner', '.jpg', 1420051304, 'http://na.sage.com/us/sage-payment-solutions', '', NULL, 0),
(12, 11, 'Banner', '.jpg', 1420053897, 'http://optix.goepsg.com/', '', NULL, 0),
(13, 11, 'Skyscraper', '.gif', 1420053941, 'http://optix.goepsg.com/', '', NULL, 0),
(14, 12, 'Banner', '.gif', 1420737253, 'http://www.tsys.com/', '', NULL, 0),
(15, 12, 'Skyscraper', '.gif', 1420737285, 'http://www.tsys.com/', '', NULL, 0),
(16, 13, 'Banner', '.jpg', 1421257981, 'http://www.groovv.com/', '', NULL, 0),
(18, 14, 'Banner', '.gif', 1421362299, 'http://www.posportal.com/p2ss/', '', NULL, 0),
(19, 14, 'Skyscraper', '.gif', 1421362330, 'http://www.posportal.com/p2ss/', '', NULL, 0),
(20, 15, 'Banner', '.gif', 1421866907, 'http://www.harbortouch.com/', '', NULL, 0),
(21, 15, 'Skyscraper', '.gif', 1421867086, 'http://www.harbortouch.com/', '', NULL, 0),
(22, 16, 'Skyscraper', '.jpg', 1422471232, 'http://www.transfirst.com/', '', NULL, 0),
(23, 17, 'Banner', '.jpg', 1422647043, 'http://pages.cayan.com/meet-cayan?cpao=787&cpca=launch&kw=The+Green+Sheet&utm_source=The+Green+Sheet', '', NULL, 0),
(24, 17, 'Skyscraper', '.jpg', 1422647087, 'http://pages.cayan.com/meet-cayan?cpao=787&cpca=launch&kw=The+Green+Sheet&utm_source=The+Green+Sheet', '', NULL, 0),
(26, 21, 'Banner', '.gif', 1428441532, '', '', NULL, 0),
(27, 21, 'Skyscraper', '.gif', 1428441557, '', '', NULL, 0),
(28, 17, 'Banner', '.png', 1433131585, 'http://pages.cayan.com/agents?utm_source=green%20sheet&utm_medium=banner&utm_campaign=agent_tale', '', NULL, 0),
(29, 17, 'Skyscraper', '.png', 1433131613, 'http://pages.cayan.com/agents?utm_source=green%20sheet&utm_medium=banner&utm_campaign=agent_tale', '', NULL, 0),
(30, 20, 'Banner', '.jpg', 1434402789, 'www.SagePayments.com/GoNow', 'http://', NULL, 0),
(31, 20, 'Skyscraper', '.jpg', 1434402814, 'www.SagePayments.com/GoNow', 'http://', NULL, 0),
(32, 17, 'Skyscraper', '.png', 1435677138, 'http://pages.cayan.com/agents?cpca=agent_tale&kw=green_sheet&utm_source=green%20sheet&utm_medium=ban', '', NULL, 0),
(33, 17, 'Skyscraper', '.png', 1437067292, 'http://pages.cayan.com/agents?cpca=agent_tale&kw=green_sheet&utm_source=green%20sheet&utm_medium=ban', '', NULL, 0),
(34, 28, 'Banner', '.jpg', 1438214210, 'http://www.sysnetgs.com/iso-offering/?utm_source=GreenSheet&utm_medium=Banner%20Advert&utm_content=I', '', NULL, 0),
(35, 28, 'Skyscraper', '.jpg', 1438276672, 'http://www.sysnetgs.com/iso-offering/?utm_source=GreenSheet&utm_medium=Top%20Banner%20Advert&utm_con', '', NULL, 0),
(36, 29, 'Banner', '.png', 1442508527, 'http://go.nmi.com/payments-enablement-benefits', '', NULL, 0),
(37, 29, 'Skyscraper', '.png', 1442508547, 'http://go.nmi.com/payments-enablement-benefits', '', NULL, 0),
(38, 29, 'Skyscraper', '.png', 1444321310, 'http://go.nmi.com/payments-enablement-benefits', '', NULL, 0),
(39, 27, 'Banner', '.jpg', 1452274754, 'http://www.upsolution.com/up-tab-5850', '', NULL, 0),
(40, 27, 'Skyscraper', '.jpg', 1452274784, 'http://www.upsolution.com/spotlightinnovator', '', NULL, 0),
(41, 35, 'Banner', '.png', 1452549814, 'www.usaepay.com', 'http://', NULL, 0),
(42, 35, 'Skyscraper', '.png', 1452549839, 'www.usaepay.com', 'http://', NULL, 0),
(43, 27, 'Banner', '.jpg', 1455037562, 'http://marketing.upsolution.com/acton/media/18193/gs-spotlight-innovator', '', NULL, 0),
(44, 27, 'Skyscraper', '.jpg', 1455037580, 'http://marketing.upsolution.com/acton/media/18193/gs-spotlight-innovator', '', NULL, 0),
(45, 13, 'Banner', '.png', 1456175072, 'http://www.totalpartnership.com/the-total-choice-program/', '', NULL, 0),
(46, 26, 'Banner', '.png', 1456251515, 'optbluesalesinquiries@aexp.com', 'mailto:', 'Access to AXP sales agent playbook', 0),
(47, 26, 'Skyscraper', '.png', 1456251538, 'optbluesalesinquiries@aexp.com', 'mailto:', 'Access to AXP sales agent playbook', 0),
(48, 15, 'Banner', '.gif', 1460660673, 'www.isoprogram.com', 'http://', NULL, 0),
(49, 15, 'Skyscraper', '.jpg', 1460660698, 'www.isoprogram.com', 'http://', NULL, 0),
(50, 13, 'Banner', '.png', 1461004430, 'http://www.totalpartnership.com/the-total-choice-program/', '', NULL, 0),
(51, 43, 'Banner', '.gif', 1461872580, 'http://www.buyresiduals.com/', '', NULL, 0),
(52, 43, 'Skyscraper', '.jpg', 1461872607, 'http://www.buyresiduals.com/', '', NULL, 0),
(53, 27, 'Banner', '.jpg', 1461881161, 'http://marketing.upsolution.com/acton/media/18193/epipay-online-ordering-for-restaurants', '', NULL, 0),
(54, 27, 'Skyscraper', '.jpg', 1461881191, 'http://marketing.upsolution.com/acton/media/18193/epipay-online-ordering-for-restaurants', '', NULL, 0),
(55, 27, 'Banner', '.jpg', 1464060550, 'http://www.upsolution.com/spotlightinnovator', '', NULL, 0),
(56, 27, 'Skyscraper', '.jpg', 1464060579, 'http://www.upsolution.com/spotlightinnovator', '', NULL, 0),
(57, 20, 'Skyscraper', '.jpg', 1466794576, 'www.sagesummit.com', 'http://', NULL, 0),
(58, 20, 'Banner', '.jpg', 1466796234, 'www.sagesummit.com', 'http://', NULL, 0);

-- --------------------------------------------------------

--
